000
CXUS54 KJAN 281410
CF6GWO
PRELIMINARY LOCAL CLIMATOLOGICAL DATA (WS FORM: F-6)

                                          STATION:   GREENWOOD
                                          MONTH:     SEPTEMBER
                                          YEAR:      2022
                                          LATITUDE:   33 30 N
                                          LONGITUDE:  90  5 W

  TEMPERATURE IN F:       :PCPN:    SNOW:  WIND      :SUNSHINE: SKY     :PK WND
================================================================================
1   2   3   4   5  6A  6B    7    8   9   10  11  12  13   14  15   16   17  18
                                     12Z  AVG MX 2MIN
DY MAX MIN AVG DEP HDD CDD  WTR  SNW DPTH SPD SPD DIR MIN PSBL S-S WX    SPD DR
================================================================================

 1  93  65  79   0   0  14 0.00  0.0    M  1.9 10  30   M    M   0        13  30
 2  92  70  81   2   0  16 0.00  0.0    M  2.6  9 180   M    M   1        13 180
 3  92  73  83   4   0  18 0.00  0.0    M  2.3 12 210   M    M   2        15 210
 4  87  74  81   2   0  16 0.00  0.0    M  4.0 10 190   M    M   6 18     15 170
 5  91  72  82   4   0  17    T  0.0    0  3.0 14 180   M    M   4 13     17 180
 6  90  72  81   3   0  16 0.00  0.0    M  2.4 12 350   M    M   1 1      15 350
 7  91  70  81   3   0  16 0.01  0.0    M  3.8 13  30   M    M   1 13     19  30
 8  89  65  77  -1   0  12 0.00  0.0    M  5.5 18  50   M    M   0 1      31 350
 9  89  65  77  -1   0  12 0.07  0.0    0  4.5 23  90   M    M   3 3      32  90
10  86  71  79   2   0  14 0.01  0.0    0  3.9 14  90   M    M   7 13     18 120
11  90  70  80   3   0  15 0.07  0.0    0  2.8 15 360   M    M   6 1      27 360
12  83  58  71  -6   0   6 0.00  0.0    0  4.1 13 350   M    M   2        16 350
13  87  53  70  -6   0   5 0.00  0.0    0  1.4  9  60   M    M   0 1      15  50
14  90  57  74  -2   0   9 0.00  0.0    0  2.9 10  90   M    M   0        15  80
15  90  61  76   0   0  11 0.00  0.0    0  3.3  9 120   M    M   0        17 100
16  89  65  77   1   0  12 0.00  0.0    0  4.5 12 190   M    M   1        17 100
17  91  64  78   3   0  13 0.00  0.0    0  3.9 12 150   M    M   2        16 160
18  94  66  80   5   0  15 0.00  0.0    0  2.6 10 160   M    M   0        13 160
19  97  68  83   8   0  18 0.00  0.0    0  2.5 10  60   M    M   1        13  50
20  98  68  83   9   0  18 0.00  0.0    M  1.1  8  50   M    M   0 1      12  60
21 100  70  85  11   0  20 0.00  0.0    M  1.9  9  80   M    M   0 1      15  30
22  97  69  83   9   0  18 0.00  0.0    0  5.8 17  30   M    M   0 1      23  30
23  88  64  76   2   0  11 0.00  0.0    0  5.9 14  80   M    M   2        20  30
24  97  61  79   6   0  14 0.18  0.0    0  3.6 14 360   M    M   2 13     24 340
25  92  66  79   6   0  14 0.52  0.0    M  5.1 24  20   M    M   4 13     35 360
26  85  55  70  -2   0   5 0.00  0.0    M  5.0 15  20   M    M   0        22  20
27  83  49  66  -6   0   1 0.00  0.0    M  3.5 16  50   M    M   0 1      24  30
================================================================================
SM 2451 1761         0 356  0.86  0.0     93.8          M       45
================================================================================
AV 90.8 65.2                               3.5 FASTST   M    M   2    MAX(MPH)
                                 MISC ---->    24  20                 35 360
================================================================================
NOTES:
# LAST OF SEVERAL OCCURRENCES

COLUMN 17 PEAK WIND IN M.P.H.

PRELIMINARY LOCAL CLIMATOLOGICAL DATA (WS FORM: F-6) , PAGE 2

                                          STATION:   GREENWOOD
                                          MONTH:     SEPTEMBER
                                          YEAR:      2022
                                          LATITUDE:   33 30 N
                                          LONGITUDE:  90  5 W

[TEMPERATURE DATA]      [PRECIPITATION DATA]       SYMBOLS USED IN COLUMN 16

AVERAGE MONTHLY: 78.0   TOTAL FOR MONTH:   0.86    1 = FOG OR MIST
DPTR FM NORMAL:   2.0   DPTR FM NORMAL:   -2.57    2 = FOG REDUCING VISIBILITY
HIGHEST:   100 ON 21    GRTST 24HR  0.70 ON 24-25      TO 1/4 MILE OR LESS
LOWEST:     49 ON 27                               3 = THUNDER
                        SNOW, ICE PELLETS, HAIL    4 = ICE PELLETS
                        TOTAL MONTH:   0.0 INCH    5 = HAIL
                        GRTST 24HR  0.0            6 = FREEZING RAIN OR DRIZZLE
                        GRTST DEPTH:  0            7 = DUSTSTORM OR SANDSTORM:
                                                       VSBY 1/2 MILE OR LESS
                                                   8 = SMOKE OR HAZE
[NO. OF DAYS WITH]      [WEATHER - DAYS WITH]      9 = BLOWING SNOW
                                                   X = TORNADO
MAX 32 OR BELOW:   0    0.01 INCH OR MORE:   6
MAX 90 OR ABOVE:  17    0.10 INCH OR MORE:   2
MIN 32 OR BELOW:   0    0.50 INCH OR MORE:   1
MIN  0 OR BELOW:   0    1.00 INCH OR MORE:   0

[HDD (BASE 65) ]
TOTAL THIS MO.     0    CLEAR  (SCALE 0-3)  22
DPTR FM NORMAL    -2    PTCLDY (SCALE 4-7)   5
TOTAL FM JUL 1     0    CLOUDY (SCALE 8-10)  0
DPTR FM NORMAL    -2

[CDD (BASE 65) ]
TOTAL THIS MO.   356
DPTR FM NORMAL    55    [PRESSURE DATA]
TOTAL FM JAN 1  2590    HIGHEST SLP M ON M
DPTR FM NORMAL   501    LOWEST  SLP 29.75 ON  9

[REMARKS]
