000
CXUS54 KEWX 271010
CF6GYB
PRELIMINARY LOCAL CLIMATOLOGICAL DATA (WS FORM: F-6)

                                          STATION:   GIDDINGS-LEE COUNTY AIRPORT
                                          MONTH:     SEPTEMBER
                                          YEAR:      2022
                                          LATITUDE:   30 10 N
                                          LONGITUDE:  96 59 W

  TEMPERATURE IN F:       :PCPN:    SNOW:  WIND      :SUNSHINE: SKY     :PK WND
================================================================================
1   2   3   4   5  6A  6B    7    8   9   10  11  12  13   14  15   16   17  18
                                     12Z  AVG MX 2MIN
DY MAX MIN AVG DEP HDD CDD  WTR  SNW DPTH SPD SPD DIR MIN PSBL S-S WX    SPD DR
================================================================================

 1  93  73  83   M   0  18 0.36    M    M  2.6  8 140   M    M   3        10  60
 2  92  73  83   M   0  18 0.00    M    M  1.4 12  90   M    M   2 1      21  90
 3  90  73  82   M   0  17 0.01    M    M  2.2 17 360   M    M   2 1      25 360
 4  86  72  79   M   0  14 0.00    M    M  2.4  8 230   M    M   0         M   M
 5  91  67  79   M   0  14 0.00    M    M  3.5  8 180   M    M   1 2      17 200
 6  92  72  82   M   0  17 0.00    M    M  4.4  7 190   M    M   2 1       M   M
 7  94  71  83   M   0  18 0.05    M    M  2.3 15  80   M    M   2 1       M   M
 8  91  70  81   M   0  16 0.00    M    M  3.2  7  40   M    M   1         M   M
 9  92  69  81   M   0  16 0.00    M    M  2.2  7 100   M    M   2         M   M
10  92  69  81   M   0  16 0.00    M    M  1.9  7 270   M    M   3         M   M
11  90  71  81   M   0  16 0.00    M    M  3.9 12 340   M    M   1        17  10
12  89  68  79   M   0  14 0.00    M    M  3.2  9 350   M    M   0         M   M
13  92  66  79   M   0  14 0.00    M    M  2.2  9  80   M    M   1         M   M
14  91  67  79   M   0  14 0.00    M    M  3.5 12  80   M    M   1 1       9  60
15  91  65  78   M   0  13 0.00    M    M  3.7  9 130   M    M   3        16 110
16  94  70  82   M   0  17 0.00    M    M  2.4  7  90   M    M   3 1      17  90
17  94  72  83   M   0  18 0.00    M    M  4.5  9 170   M    M   4 1      26 180
18  96  67  82   M   0  17 0.00    M    M  2.5  7 140   M    M   2 12     16 110
19  96  69  83   M   0  18 0.00    M    M  2.9  8  90   M    M   2        17 150
20  97  70  84   M   0  19 0.00  0.0    M  2.2  7 150   M    M   1         M   M
21  96  68  82   M   0  17 0.00  0.0    M  1.9 10 130   M    M   1 2       M   M
22  98  67  83   M   0  18 0.00    M    M  1.4  7  90   M    M   0        17 150
23  98  66  82   M   0  17 0.00    M    M  2.7 10 130   M    M   1         M   M
24  95  67  81   M   0  16 0.00    M    M  2.8  8 190   M    M   2 1       M   M
25  95  68  82   M   0  17 0.00    M    M  1.1  7 360   M    M   1 1       M   M
26  92  68  80   M   0  15 0.00    M    M  5.8 13  20   M    M   0        20  40
================================================================================
SM 2417 1798         0 424  0.42  0.0     72.9          M       41
================================================================================
AV 93.0 69.2                               2.8 FASTST   M    M   2    MAX(MPH)
                                 MISC ---->    17 360                 26 180
================================================================================
NOTES:
# LAST OF SEVERAL OCCURRENCES

COLUMN 17 PEAK WIND IN M.P.H.

PRELIMINARY LOCAL CLIMATOLOGICAL DATA (WS FORM: F-6) , PAGE 2

                                          STATION:   GIDDINGS-LEE COUNTY AIRPORT
                                          MONTH:     SEPTEMBER
                                          YEAR:      2022
                                          LATITUDE:   30 10 N
                                          LONGITUDE:  96 59 W

[TEMPERATURE DATA]      [PRECIPITATION DATA]       SYMBOLS USED IN COLUMN 16

AVERAGE MONTHLY: 81.1   TOTAL FOR MONTH:   0.42    1 = FOG OR MIST
DPTR FM NORMAL:   0.0   DPTR FM NORMAL:    0.42    2 = FOG REDUCING VISIBILITY
HIGHEST:    98 ON 23,22  GRTST 24HR  0.36 ON  1- 1      TO 1/4 MILE OR LESS
LOWEST:     65 ON 15                               3 = THUNDER
                        SNOW, ICE PELLETS, HAIL    4 = ICE PELLETS
                        TOTAL MONTH:   0.0 INCH    5 = HAIL
                        GRTST 24HR  0.0            6 = FREEZING RAIN OR DRIZZLE
                        GRTST DEPTH:  M  ON   M    7 = DUSTSTORM OR SANDSTORM:
                                                       VSBY 1/2 MILE OR LESS
                                                   8 = SMOKE OR HAZE
[NO. OF DAYS WITH]      [WEATHER - DAYS WITH]      9 = BLOWING SNOW
                                                   X = TORNADO
MAX 32 OR BELOW:   0    0.01 INCH OR MORE:   3
MAX 90 OR ABOVE:  24    0.10 INCH OR MORE:   1
MIN 32 OR BELOW:   0    0.50 INCH OR MORE:   0
MIN  0 OR BELOW:   0    1.00 INCH OR MORE:   0

[HDD (BASE 65) ]
TOTAL THIS MO.     0    CLEAR  (SCALE 0-3)  25
DPTR FM NORMAL     M    PTCLDY (SCALE 4-7)   1
TOTAL FM JUL 1     0    CLOUDY (SCALE 8-10)  0
DPTR FM NORMAL     M

[CDD (BASE 65) ]
TOTAL THIS MO.   424
DPTR FM NORMAL     M    [PRESSURE DATA]
TOTAL FM JAN 1  3093    HIGHEST SLP M ON M
DPTR FM NORMAL     M    LOWEST  SLP M ON M

[REMARKS]
