000
CXUS54 KMOB 260630
CF6GZH
PRELIMINARY LOCAL CLIMATOLOGICAL DATA (WS FORM: F-6)

                                          STATION:   EVERGREEN_(ASOS)
                                          MONTH:     SEPTEMBER
                                          YEAR:      2022
                                          LATITUDE:   31 25 N
                                          LONGITUDE:  87  3 W

  TEMPERATURE IN F:       :PCPN:    SNOW:  WIND      :SUNSHINE: SKY     :PK WND
================================================================================
1   2   3   4   5  6A  6B    7    8   9   10  11  12  13   14  15   16   17  18
                                     12Z  AVG MX 2MIN
DY MAX MIN AVG DEP HDD CDD  WTR  SNW DPTH SPD SPD DIR MIN PSBL S-S WX    SPD DR
================================================================================

 1  92  69  81   0   0  16 0.00  0.0    0  1.6 10  30   M    M   4        14  70
 2  90  73  82   1   0  17 0.00  0.0    0  3.5 13 170   M    M   5 1      16 160
 3  90  72  81   1   0  16    T  0.0    0  2.5 16 230   M    M   5 12     25 220
 4  85  72  79  -1   0  14    T  0.0    0  2.0 15 110   M    M   6 13     22 120
 5  88  70  79  -1   0  14    T  0.0    0  1.8 12 210   M    M   4 123    17 240
 6  90  69  80   0   0  15 0.00  0.0    0  1.1  7 350   M    M   2 1      14 270
 7  88  69  79  -1   0  14    T  0.0    0  1.8  8 360   M    M   2 1      13  20
 8  90  68  79  -1   0  14    T  0.0    0  4.3 16  60   M    M   4 13     26  60
 9  83  70  77  -3   0  12 0.17  0.0    0  4.4 12  80   M    M   6 1      19  70
10  87  71  79  -1   0  14 0.09  0.0    0  4.4 14  90   M    M   7 13     17  90
11  88  72  80   1   0  15 0.02  0.0    0  3.2  8 230   M    M   6 1      14 290
12  87  67  77  -2   0  12 0.01  0.0    0  3.1 12 190   M    M   5 1      17 200
13  83  58  71  -8   0   6 0.00  0.0    0  3.6 12  40   M    M   0 1      17  30
14  87  54  71  -8   0   6 0.00  0.0    0  2.9 13  50   M    M   0 1      18  60
15  88  58  73  -5   0   8 0.00  0.0    0  2.5 15 110   M    M   0 1      19 100
16  89  58  74  -4   0   9 0.00  0.0    0  2.1 10 100   M    M   1 1      16  50
17  90  62  76  -2   0  11 0.00  0.0    0  3.4 12 100   M    M   2 1      16 100
18  90  64  77  -1   0  12 0.00  0.0    0  1.7 12  30   M    M   1 18     15  40
19  90  61  76  -2   0  11 0.00  0.0    0  2.8 14  30   M    M   1 1      21  50
20  94  61  78   1   0  13 0.12  0.0    0  2.5 13  40   M    M   1 1      22  50
21  95  67  81   4   0  16 0.00  0.0    0  2.5 12  50   M    M   1 1      18  60
22  96  64  80   3   0  15 0.00  0.0    0  2.6  9  50   M    M   0 1      14 360
23  88  59  74  -2   0   9 0.00  0.0    0  4.3 13  30   M    M   0        18  30
24  90  56  73  -3   0   8 0.00  0.0    0  1.5  9  50   M    M   0 1      14  80
25  92  59  76   0   0  11 0.00  0.0    0  1.8 13 350   M    M   0 1      19  10
================================================================================
SM 2230 1623         0 308  0.41  0.0     67.9          M       63
================================================================================
AV 89.2 64.9                               2.7 FASTST   M    M   3    MAX(MPH)
                                 MISC ---->  # 16 230                 26  60
================================================================================
NOTES:
# LAST OF SEVERAL OCCURRENCES

COLUMN 17 PEAK WIND IN M.P.H.

PRELIMINARY LOCAL CLIMATOLOGICAL DATA (WS FORM: F-6) , PAGE 2

                                          STATION:   EVERGREEN_(ASOS)
                                          MONTH:     SEPTEMBER
                                          YEAR:      2022
                                          LATITUDE:   31 25 N
                                          LONGITUDE:  87  3 W

[TEMPERATURE DATA]      [PRECIPITATION DATA]       SYMBOLS USED IN COLUMN 16

AVERAGE MONTHLY: 77.1   TOTAL FOR MONTH:   0.41    1 = FOG OR MIST
DPTR FM NORMAL:  -1.6   DPTR FM NORMAL:   -3.50    2 = FOG REDUCING VISIBILITY
HIGHEST:    96 ON 22    GRTST 24HR  0.17 ON  9-10      TO 1/4 MILE OR LESS
LOWEST:     54 ON 14                               3 = THUNDER
                        SNOW, ICE PELLETS, HAIL    4 = ICE PELLETS
                        TOTAL MONTH:   0.0 INCH    5 = HAIL
                        GRTST 24HR  0.0            6 = FREEZING RAIN OR DRIZZLE
                        GRTST DEPTH:  0            7 = DUSTSTORM OR SANDSTORM:
                                                       VSBY 1/2 MILE OR LESS
                                                   8 = SMOKE OR HAZE
[NO. OF DAYS WITH]      [WEATHER - DAYS WITH]      9 = BLOWING SNOW
                                                   X = TORNADO
MAX 32 OR BELOW:   0    0.01 INCH OR MORE:   5
MAX 90 OR ABOVE:  13    0.10 INCH OR MORE:   2
MIN 32 OR BELOW:   0    0.50 INCH OR MORE:   0
MIN  0 OR BELOW:   0    1.00 INCH OR MORE:   0

[HDD (BASE 65) ]
TOTAL THIS MO.     0    CLEAR  (SCALE 0-3)  15
DPTR FM NORMAL     0    PTCLDY (SCALE 4-7)  10
TOTAL FM JUL 1     0    CLOUDY (SCALE 8-10)  0
DPTR FM NORMAL     0

[CDD (BASE 65) ]
TOTAL THIS MO.   308
DPTR FM NORMAL   -36    [PRESSURE DATA]
TOTAL FM JAN 1  2269    HIGHEST SLP M ON M
DPTR FM NORMAL   -87    LOWEST  SLP 29.70 ON  8

[REMARKS]
