000
CXUS51 KILN 281142
CF6HAO
PRELIMINARY LOCAL CLIMATOLOGICAL DATA (WS FORM: F-6)

                                          STATION:   HAMILTON
                                          MONTH:     SEPTEMBER
                                          YEAR:      2022
                                          LATITUDE:   39 21 N
                                          LONGITUDE:  84 31 W

  TEMPERATURE IN F:       :PCPN:    SNOW:  WIND      :SUNSHINE: SKY     :PK WND
================================================================================
1   2   3   4   5  6A  6B    7    8   9   10  11  12  13   14  15   16   17  18
                                     12Z  AVG MX 2MIN
DY MAX MIN AVG DEP HDD CDD  WTR  SNW DPTH SPD SPD DIR MIN PSBL S-S WX    SPD DR
================================================================================

 1  89  56  73   2   0   8 0.00    M    M  1.0  7 300   M    M   2 1      11 290
 2  89  60  75   4   0  10 0.00    M    M  1.8 10 100   M    M   0 1      16 100
 3  74  67  71   0   0   6 1.67    M    M  0.6 10 280   M    M   6 13     18 240
 4  84  69  77   6   0  12 0.27    M    M  0.9  9 160   M    M   8 13     18 190
 5  84  68  76   6   0  11 3.60    M    M  4.0 14 330   M    M   6 13     17 330
 6  80  65  73   3   0   8 0.31    M    M  3.9 12  20   M    M   9 13     15  20
 7  82  59  71   1   0   6 0.00    M    M  3.1 12 340   M    M   3 1      17 320
 8  80  54  67  -2   0   2 0.00    M    M  2.7 10  80   M    M   1 1      16 100
 9  85  57  71   2   0   6 0.00    M    M  1.4  9 110   M    M   1 1      14 130
10  83  65  74   5   0   9 0.00    M    M  2.0  8 120   M    M   0        15 110
11  81  66  74   6   0   9 0.70    M    M  2.3 14 300   M    M   9 1238   17 300
12  73  60  67  -1   0   2 0.01    M    M  3.2 14 300   M    M   8        18 310
13  75  57  66  -2   0   1 0.00    M    M  4.3 15 310   M    M   6        20 300
14  81  56  69   2   0   4 0.00    M    M  1.3  7 350   M    M   3 12     10 350
15  83  55  69   2   0   4 0.00    M    M  0.5  6  80   M    M   0 18      8 300
16  82  55  69   2   0   4 0.00    M    M  1.6  9 100   M    M   0 1      18 100
17  84  59  72   6   0   7 0.00    M    M  1.5  7 230   M    M   1 1      14 220
18  84  56  70   4   0   5 0.00    M    M  1.2  8 230   M    M   0 1      15 230
19  84  63  74   8   0   9 0.04    M    M  3.2 12 300   M    M   4 1      21 240
20  87  57  72   7   0   7 0.00    M    M  0.6  7 310   M    M   3 12     10 290
21  94  65  80  15   0  15 0.05    M    M  2.6 22 310   M    M   1 3      30 310
22  74  50  62  -2   3   0 0.00    M    M  9.0 18 330   M    M   3        26 330
23  68  43  56  -8   9   0    T    M    M  1.2  8  80   M    M   1 8       9  80
24  76  55  66   2   0   1 0.06    M    M  1.9  9 240   M    M   7 1      17 170
25  73  53  63   0   2   0 0.08    M    M  4.7 18 290   M    M   3 1      24 310
26  69  48  59  -4   6   0 0.00    M    M  4.8 22 300   M    M   5        30 300
27  66  42  54  -8  11   0 0.00    M    M  5.6 20 310   M    M   2 1      26 310
================================================================================
SM 2164 1560        31 146  6.79    M     70.9          M       92
================================================================================
AV 80.1 57.8                               2.6 FASTST   M    M   3    MAX(MPH)
                                 MISC ---->  # 22 310               # 30 310
================================================================================
NOTES:
# LAST OF SEVERAL OCCURRENCES

COLUMN 17 PEAK WIND IN M.P.H.

PRELIMINARY LOCAL CLIMATOLOGICAL DATA (WS FORM: F-6) , PAGE 2

                                          STATION:   HAMILTON
                                          MONTH:     SEPTEMBER
                                          YEAR:      2022
                                          LATITUDE:   39 21 N
                                          LONGITUDE:  84 31 W

[TEMPERATURE DATA]      [PRECIPITATION DATA]       SYMBOLS USED IN COLUMN 16

AVERAGE MONTHLY: 69.0   TOTAL FOR MONTH:   6.79    1 = FOG OR MIST
DPTR FM NORMAL:   1.8   DPTR FM NORMAL:    4.04    2 = FOG REDUCING VISIBILITY
HIGHEST:    94 ON 21    GRTST 24HR  3.87 ON  4- 5      TO 1/4 MILE OR LESS
LOWEST:     42 ON 27                               3 = THUNDER
                        SNOW, ICE PELLETS, HAIL    4 = ICE PELLETS
                        TOTAL MONTH:  M            5 = HAIL
                        GRTST 24HR    M  ON   M    6 = FREEZING RAIN OR DRIZZLE
                        GRTST DEPTH:  M  ON   M    7 = DUSTSTORM OR SANDSTORM:
                                                       VSBY 1/2 MILE OR LESS
                                                   8 = SMOKE OR HAZE
[NO. OF DAYS WITH]      [WEATHER - DAYS WITH]      9 = BLOWING SNOW
                                                   X = TORNADO
MAX 32 OR BELOW:   0    0.01 INCH OR MORE:  10
MAX 90 OR ABOVE:   1    0.10 INCH OR MORE:   5
MIN 32 OR BELOW:   0    0.50 INCH OR MORE:   3
MIN  0 OR BELOW:   0    1.00 INCH OR MORE:   2

[HDD (BASE 65) ]
TOTAL THIS MO.    31    CLEAR  (SCALE 0-3)  17
DPTR FM NORMAL   -18    PTCLDY (SCALE 4-7)   8
TOTAL FM JUL 1    31    CLOUDY (SCALE 8-10)  2
DPTR FM NORMAL   -22

[CDD (BASE 65) ]
TOTAL THIS MO.   146
DPTR FM NORMAL    33    [PRESSURE DATA]
TOTAL FM JAN 1  1144    HIGHEST SLP M ON M
DPTR FM NORMAL    99    LOWEST  SLP 29.72 ON 25

[REMARKS]
