000
CXUS54 KHGX 281410
CF6HGX
PRELIMINARY LOCAL CLIMATOLOGICAL DATA (WS FORM: F-6)

                                          STATION:   DICKINSON  WFO
                                          MONTH:     SEPTEMBER
                                          YEAR:      2022
                                          LATITUDE:   29 28 N
                                          LONGITUDE:  95  5 W

  TEMPERATURE IN F:       :PCPN:    SNOW:  WIND      :SUNSHINE: SKY     :PK WND
================================================================================
1   2   3   4   5  6A  6B    7    8   9   10  11  12  13   14  15   16   17  18
                                     12Z  AVG MX 2MIN
DY MAX MIN AVG DEP HDD CDD  WTR  SNW DPTH SPD SPD DIR MIN PSBL S-S WX    SPD DR
================================================================================

 1  94  76  85   2   0  20 0.00  0.0    0    M  M   M   M    M   M         M   M
 2  91  75  83   0   0  18 0.00  0.0    0    M  M   M   M    M   M         M   M
 3  90  73  82   0   0  17 2.76  0.0    0    M  M   M   M    M   M         M   M
 4  82  73  78  -4   0  13 0.00  0.0    M    M  M   M   M    M   M         M   M
 5  85  73  79  -3   0  14 0.00  0.0    0    M  M   M   M    M   M         M   M
 6  86  72  79  -3   0  14 0.01  0.0    0    M  M   M   M    M   M         M   M
 7  92  72  82   0   0  17    T  0.0    0    M  M   M   M    M   M 3       M   M
 8  90  72  81  -1   0  16 0.00  0.0    0    M  M   M   M    M   M         M   M
 9  89  72  81  -1   0  16    T  0.0    0    M  M   M   M    M   M         M   M
10  90  70  80  -1   0  15 0.00  0.0    0    M  M   M   M    M   M         M   M
11  92  72  82   1   0  17 0.00  0.0    0    M  M   M   M    M   M         M   M
12  90  72  81   0   0  16 0.00  0.0    0    M  M   M   M    M   M         M   M
13  88  69  79  -2   0  14 0.00  0.0    0    M  M   M   M    M   M         M   M
14  87  67  77  -4   0  12 0.00  0.0    0    M  M   M   M    M   M         M   M
15  88  73  81   1   0  16 0.01  0.0    0    M  M   M   M    M   M         M   M
16  87  75  81   1   0  16 0.46  0.0    0    M  M   M   M    M   M         M   M
17  92  75  84   4   0  19 0.01  0.0    0    M  M   M   M    M   M         M   M
18  92  75  84   4   0  19 0.00  0.0    0    M  M   M   M    M   M         M   M
19  92  75  84   4   0  19    T  0.0    0    M  M   M   M    M   M         M   M
20  93  74  84   5   0  19 0.00  0.0    0    M  M   M   M    M   M         M   M
21  92  73  83   4   0  18 0.00  0.0    0    M  M   M   M    M   M         M   M
22  96  73  85   6   0  20 0.00  0.0    0    M  M   M   M    M   M         M   M
23  94  75  85   6   0  20 0.00  0.0    0    M  M   M   M    M   M         M   M
24  93  71  82   4   0  17 0.00  0.0    0    M  M   M   M    M   M         M   M
25  94  72  83   5   0  18 0.00  0.0    0    M  M   M   M    M   M         M   M
26  93  75  84   6   0  19 0.00  0.0    0    M  M   M   M    M   M         M   M
27  87  62  75  -3   0  10 0.00  0.0    0    M  M   M   M    M   M         M   M
================================================================================
SM 2439 1956         0 449  3.25  0.0        M          M        M
================================================================================
AV 90.3 72.4                                 M FASTST   M    M   M    MAX(MPH)
                                 MISC ---->     M   M                  M   M
================================================================================
NOTES:
# LAST OF SEVERAL OCCURRENCES

COLUMN 17 PEAK WIND IN M.P.H.

PRELIMINARY LOCAL CLIMATOLOGICAL DATA (WS FORM: F-6) , PAGE 2

                                          STATION:   DICKINSON  WFO
                                          MONTH:     SEPTEMBER
                                          YEAR:      2022
                                          LATITUDE:   29 28 N
                                          LONGITUDE:  95  5 W

[TEMPERATURE DATA]      [PRECIPITATION DATA]       SYMBOLS USED IN COLUMN 16

AVERAGE MONTHLY: 81.4   TOTAL FOR MONTH:   3.25    1 = FOG OR MIST
DPTR FM NORMAL:   0.9   DPTR FM NORMAL:   -3.54    2 = FOG REDUCING VISIBILITY
HIGHEST:    96 ON 22    GRTST 24HR  2.76 ON  3- 3      TO 1/4 MILE OR LESS
LOWEST:     62 ON 27                               3 = THUNDER
                        SNOW, ICE PELLETS, HAIL    4 = ICE PELLETS
                        TOTAL MONTH:   0.0 INCH    5 = HAIL
                        GRTST 24HR  0.0            6 = FREEZING RAIN OR DRIZZLE
                        GRTST DEPTH:  0            7 = DUSTSTORM OR SANDSTORM:
                                                       VSBY 1/2 MILE OR LESS
                                                   8 = SMOKE OR HAZE
[NO. OF DAYS WITH]      [WEATHER - DAYS WITH]      9 = BLOWING SNOW
                                                   X = TORNADO
MAX 32 OR BELOW:   0    0.01 INCH OR MORE:   5
MAX 90 OR ABOVE:  18    0.10 INCH OR MORE:   2
MIN 32 OR BELOW:   0    0.50 INCH OR MORE:   1
MIN  0 OR BELOW:   0    1.00 INCH OR MORE:   1

[HDD (BASE 65) ]
TOTAL THIS MO.     0    CLEAR  (SCALE 0-3)   0
DPTR FM NORMAL     0    PTCLDY (SCALE 4-7)   0
TOTAL FM JUL 1     0    CLOUDY (SCALE 8-10) 27
DPTR FM NORMAL     0

[CDD (BASE 65) ]
TOTAL THIS MO.   449
DPTR FM NORMAL    32    [PRESSURE DATA]
TOTAL FM JAN 1  3045    HIGHEST SLP M ON M
DPTR FM NORMAL   240    LOWEST  SLP M ON M

[REMARKS]
