000
CXUS53 KDLH 280820
CF6HIB
PRELIMINARY LOCAL CLIMATOLOGICAL DATA (WS FORM: F-6)

                                          STATION:   HIBBING
                                          MONTH:     SEPTEMBER
                                          YEAR:      2022
                                          LATITUDE:   47 22 N
                                          LONGITUDE:  92 50 W

  TEMPERATURE IN F:       :PCPN:    SNOW:  WIND      :SUNSHINE: SKY     :PK WND
================================================================================
1   2   3   4   5  6A  6B    7    8   9   10  11  12  13   14  15   16   17  18
                                     12Z  AVG MX 2MIN
DY MAX MIN AVG DEP HDD CDD  WTR  SNW DPTH SPD SPD DIR MIN PSBL S-S WX    SPD DR
================================================================================

 1  83  50  67   9   0   2 0.00    M    M  2.5 10 250   M    M   0 1      20 230
 2  77  55  66   8   0   1    T    M    M  8.7 22 300   M    M   1        33 310
 3  68  40  54  -4  11   0 0.00    M    M  3.2 10 350   M    M   0 1      16 350
 4  68  35  52  -5  13   0 0.00    M    M  4.7 13 130   M    M   2 12     19 140
 5  72  41  57   0   8   0 0.00    M    M  6.1 15 140   M    M   5 12     20 150
 6  78  48  63   6   2   0 0.00    M    M  4.0 13 170   M    M   6 12     21 170
 7  78  45  62   6   3   0 0.00    M    M  2.4  9  90   M    M   1 12     14 100
 8  80  50  65   9   0   0 0.00    M    M  8.4 23 330   M    M   3 1      32 320
 9  63  50  57   1   8   0 0.21    M    M  4.6 15 360   M    M   7 1      22 330
10  68  39  54  -1  11   0 0.00    M    M  2.9 16 330   M    M   2 12     21 320
11  69  33  51  -4  14   0 0.00    M    M  2.4 10 330   M    M   0 1      16 250
12  75  34  55   1  10   0 0.00    M    M  1.8 12 310   M    M   0 1      15 310
13  72  38  55   1  10   0 0.00    M    M  4.3 13 330   M    M   1 1      19 300
14  62  49  56   2   9   0 0.00    M    M  9.2 17 100   M    M   7        26 100
15  68  51  60   7   5   0 0.13    M    M  6.6 13 130   M    M   6 1      20 170
16  61  56  59   6   6   0 1.11    M    M  6.5 14 120   M    M  10 1      21 100
17  69  57  63  10   2   0 0.55    M    M  3.4  9 350   M    M   9 123    12 130
18  66  47  57   5   8   0    T    M    M  5.1 15 320   M    M   7 123    20 320
19  75  43  59   7   6   0    T    M    M  3.2 10 260   M    M   3 12     17 230
20  81  46  64  13   1   0 0.00    M    M  5.4 20 320   M    M   1 12     27 310
21  57  42  50  -1  15   0 0.01    M    M 10.4 26 310   M    M   5 18     38 300
22  57  32  45  -5  20   0 0.00    M    M  3.3 13 350   M    M   3        19 350
23  54  32  43  -7  22   0 0.32    M    M  5.4 14 150   M    M   5 1      25 170
24  55  48  52   2  13   0 0.14    M    M  2.9  9 140   M    M  10 1      15 140
25  60  44  52   3  13   0 0.07    M    M 13.8 29 330   M    M   7 1      39 290
26  54  33  44  -5  21   0 0.00    M    M 11.4 23 330   M    M   3        31 330
27  52  27  40  -8  25   0 0.00    M    M  7.1 16 330   M    M   0        23 350
================================================================================
SM 1822 1165       256   3  2.54    M    149.7          M      104
================================================================================
AV 67.5 43.1                               5.5 FASTST   M    M   4    MAX(MPH)
                                 MISC ---->    29 330                 39 290
================================================================================
NOTES:
# LAST OF SEVERAL OCCURRENCES

COLUMN 17 PEAK WIND IN M.P.H.

PRELIMINARY LOCAL CLIMATOLOGICAL DATA (WS FORM: F-6) , PAGE 2

                                          STATION:   HIBBING
                                          MONTH:     SEPTEMBER
                                          YEAR:      2022
                                          LATITUDE:   47 22 N
                                          LONGITUDE:  92 50 W

[TEMPERATURE DATA]      [PRECIPITATION DATA]       SYMBOLS USED IN COLUMN 16

AVERAGE MONTHLY: 55.3   TOTAL FOR MONTH:   2.54    1 = FOG OR MIST
DPTR FM NORMAL:   1.8   DPTR FM NORMAL:   -0.26    2 = FOG REDUCING VISIBILITY
HIGHEST:    83 ON  1    GRTST 24HR  1.11 ON 16-16      TO 1/4 MILE OR LESS
LOWEST:     27 ON 27                               3 = THUNDER
                        SNOW, ICE PELLETS, HAIL    4 = ICE PELLETS
                        TOTAL MONTH:  M            5 = HAIL
                        GRTST 24HR    M  ON   M    6 = FREEZING RAIN OR DRIZZLE
                        GRTST DEPTH:  M  ON   M    7 = DUSTSTORM OR SANDSTORM:
                                                       VSBY 1/2 MILE OR LESS
                                                   8 = SMOKE OR HAZE
[NO. OF DAYS WITH]      [WEATHER - DAYS WITH]      9 = BLOWING SNOW
                                                   X = TORNADO
MAX 32 OR BELOW:   0    0.01 INCH OR MORE:   8
MAX 90 OR ABOVE:   0    0.10 INCH OR MORE:   6
MIN 32 OR BELOW:   3    0.50 INCH OR MORE:   2
MIN  0 OR BELOW:   0    1.00 INCH OR MORE:   1

[HDD (BASE 65) ]
TOTAL THIS MO.   256    CLEAR  (SCALE 0-3)  13
DPTR FM NORMAL   -62    PTCLDY (SCALE 4-7)  11
TOTAL FM JUL 1   408    CLOUDY (SCALE 8-10)  3
DPTR FM NORMAL  -149

[CDD (BASE 65) ]
TOTAL THIS MO.     3
DPTR FM NORMAL    -2    [PRESSURE DATA]
TOTAL FM JAN 1   108    HIGHEST SLP M ON M
DPTR FM NORMAL    -8    LOWEST  SLP 29.59 ON  8

[REMARKS]
