000
CXUS56 KPQR 281155
CF6HIO
PRELIMINARY LOCAL CLIMATOLOGICAL DATA (WS FORM: F-6)

                                          STATION:   HILLSBORO OR
                                          MONTH:     SEPTEMBER
                                          YEAR:      2022
                                          LATITUDE:   45 32 N
                                          LONGITUDE: 122 57 W

  TEMPERATURE IN F:       :PCPN:    SNOW:  WIND      :SUNSHINE: SKY     :PK WND
================================================================================
1   2   3   4   5  6A  6B    7    8   9   10  11  12  13   14  15   16   17  18
                                     12Z  AVG MX 2MIN
DY MAX MIN AVG DEP HDD CDD  WTR  SNW DPTH SPD SPD DIR MIN PSBL S-S WX    SPD DR
================================================================================

 1  91  52  72   7   0   7 0.00    M    M  1.8  9  50   M    M   0 8      12  50
 2  91  54  73   8   0   8 0.00    M    M  3.8 16 300   M    M   0        21 280
 3  78  57  68   3   0   3 0.00    M    M  3.0 10 170   M    M   6 1      14 160
 4  85  50  68   3   0   3 0.00    M    M  4.6 18 300   M    M   0 12     22 310
 5  82  47  65   1   0   0    T    M    M  6.6 15 340   M    M   0        20  20
 6  94  48  71   7   0   6 0.00    M    M  2.9 10 300   M    M   0        14  60
 7  85  56  71   7   0   6 0.00    M    M  7.8 20 320   M    M   0        23 310
 8  83  42  63  -1   2   0 0.00    M    M  4.0 14  20   M    M   0        18 340
 9  87  47  67   3   0   2 0.00    M    M 12.3 28  70   M    M   0 8      36  60
10  88  59  74  10   0   9 0.00    M    M  9.3 20  70   M    M   7 8      30  80
11  79  56  68   5   0   3 0.04    M    M  2.6  9 310   M    M   2 18     11 290
12  77  59  68   5   0   3    T    M    M  3.5 12 320   M    M   8 18     15 320
13  71  61  66   3   0   1 0.00    M    M  4.3 14 280   M    M  10        17 280
14  74  59  67   4   0   2 0.00    M    M  3.0 14 320   M    M   9        16 320
15  75  57  66   4   0   1 0.00    M    M  5.5 14 310   M    M   9        18 310
16  69  52  61  -1   4   0 0.00    M    M  4.8 13 290   M    M  10        14 280
17  72  45  59  -3   6   0    T    M    M  3.5 14 320   M    M   2        17 320
18  79  50  65   3   0   0    T    M    M  3.4 14  90   M    M   3        16  60
19  83  47  65   4   0   0 0.00    M    M  2.7  9 310   M    M   0        12 170
20  85  49  67   6   0   2 0.00    M    M  2.3 12  70   M    M   0        14  80
21  77  46  62   1   3   0 0.00    M    M  3.6 14 170   M    M   0        17 170
22  76  45  61   1   4   0 0.00    M    M  4.4 17 270   M    M   4        20 270
23  74  40  57  -3   8   0 0.00    M    M  2.6  9 310   M    M   0 12     14 100
24  81  44  63   3   2   0 0.00    M    M  2.4 10 310   M    M   0 18     12 310
25  90  46  68   8   0   3    T    M    M  1.4  8  50   M    M   0 1      12  40
26  87  49  68   9   0   3    T    M    M  0.8  7 290   M    M   0         8 290
27  81  49  65   6   0   0 0.00    M    M  4.1 14 160   M    M   0        16 160
================================================================================
SM 2194 1366        29  62  0.04    M    111.0          M       70
================================================================================
AV 81.3 50.6                               4.1 FASTST   M    M   3    MAX(MPH)
                                 MISC ---->    28  70                 36  60
================================================================================
NOTES:
# LAST OF SEVERAL OCCURRENCES

COLUMN 17 PEAK WIND IN M.P.H.

PRELIMINARY LOCAL CLIMATOLOGICAL DATA (WS FORM: F-6) , PAGE 2

                                          STATION:   HILLSBORO OR
                                          MONTH:     SEPTEMBER
                                          YEAR:      2022
                                          LATITUDE:   45 32 N
                                          LONGITUDE: 122 57 W

[TEMPERATURE DATA]      [PRECIPITATION DATA]       SYMBOLS USED IN COLUMN 16

AVERAGE MONTHLY: 65.9   TOTAL FOR MONTH:   0.04    1 = FOG OR MIST
DPTR FM NORMAL:   3.5   DPTR FM NORMAL:   -1.13    2 = FOG REDUCING VISIBILITY
HIGHEST:    94 ON  6    GRTST 24HR  0.04 ON 11-11      TO 1/4 MILE OR LESS
LOWEST:     40 ON 23                               3 = THUNDER
                        SNOW, ICE PELLETS, HAIL    4 = ICE PELLETS
                        TOTAL MONTH:  M            5 = HAIL
                        GRTST 24HR    M  ON   M    6 = FREEZING RAIN OR DRIZZLE
                        GRTST DEPTH:  M  ON   M    7 = DUSTSTORM OR SANDSTORM:
                                                       VSBY 1/2 MILE OR LESS
                                                   8 = SMOKE OR HAZE
[NO. OF DAYS WITH]      [WEATHER - DAYS WITH]      9 = BLOWING SNOW
                                                   X = TORNADO
MAX 32 OR BELOW:   0    0.01 INCH OR MORE:   1
MAX 90 OR ABOVE:   4    0.10 INCH OR MORE:   0
MIN 32 OR BELOW:   0    0.50 INCH OR MORE:   0
MIN  0 OR BELOW:   0    1.00 INCH OR MORE:   0

[HDD (BASE 65) ]
TOTAL THIS MO.    29    CLEAR  (SCALE 0-3)  19
DPTR FM NORMAL   -73    PTCLDY (SCALE 4-7)   4
TOTAL FM JUL 1    48    CLOUDY (SCALE 8-10)  4
DPTR FM NORMAL  -126

[CDD (BASE 65) ]
TOTAL THIS MO.    62
DPTR FM NORMAL    31    [PRESSURE DATA]
TOTAL FM JAN 1   471    HIGHEST SLP M ON M
DPTR FM NORMAL   199    LOWEST  SLP 29.68 ON 17

[REMARKS]
