000
CXUS52 KGSP 280817
CF6HKY
PRELIMINARY LOCAL CLIMATOLOGICAL DATA (WS FORM: F-6)

                                          STATION:   HICKORY NC
                                          MONTH:     SEPTEMBER
                                          YEAR:      2022
                                          LATITUDE:   35 45 N
                                          LONGITUDE:  81 23 W

  TEMPERATURE IN F:       :PCPN:    SNOW:  WIND      :SUNSHINE: SKY     :PK WND
================================================================================
1   2   3   4   5  6A  6B    7    8   9   10  11  12  13   14  15   16   17  18
                                     12Z  AVG MX 2MIN
DY MAX MIN AVG DEP HDD CDD  WTR  SNW DPTH SPD SPD DIR MIN PSBL S-S WX    SPD DR
================================================================================

 1  85  62  74   0   0   9 0.00    M    M  2.2  9  20   M    M   0 1      13  10
 2  87  64  76   2   0  11 0.00    M    M  3.0  8  70   M    M   2 12     13  80
 3  86  67  77   3   0  12 0.00    M    M  2.1  8  90   M    M   3        11  80
 4  83  70  77   3   0  12 0.43    M    M  3.0  9 210   M    M   8        13 190
 5  77  71  74   0   0   9 1.43    M    M  1.4 10 210   M    M   9        14 200
 6  87  69  78   5   0  13 0.00    M    M  2.0 12 320   M    M   4 1      15 310
 7  85  68  77   4   0  12    T    M    M  3.9 12  10   M    M   5 13     15  20
 8  83  65  74   1   0   9 0.00    M    M  4.2 13  70   M    M   5        18  60
 9  80  63  72   0   0   7 0.00    M    M  5.2 13  70   M    M   5        17  50
10  70  63  67  -5   0   2 0.68    M    M  5.1 14  30   M    M  10 12     19  20
11  81  68  75   3   0  10 0.02    M    M  3.8 13 190   M    M   7 12     17 190
12  84  67  76   4   0  11    T    M    M  3.1  9 200   M    M   5 12     13 200
13  79  55  67  -4   0   2 0.00    M    M  2.5  9 310   M    M   1        12 300
14  79  57  68  -3   0   3 0.00    M    M  3.3 12  20   M    M   1        16 360
15  81  57  69  -2   0   4 0.00    M    M  4.2 12  50   M    M   0        14  20
16  82  60  71   1   0   6 0.00    M    M  1.9  8  60   M    M   1 1      10  60
17  81  60  71   1   0   6 0.00    M    M  2.1  8  90   M    M   1 1      11 110
18  83  58  71   1   0   6 0.00    M    M  1.1  7 190   M    M   1 12     11 340
19  84  60  72   3   0   7 0.00    M    M  3.0  8 280   M    M   0 1      12 290
20  89  62  76   7   0  11 0.00    M    M  1.3  7  60   M    M   0 1      12 280
21  86  63  75   6   0  10 0.00    M    M  2.0  8 210   M    M   0        11 170
22  90  61  76   8   0  11    T    M    M  7.8 20 340   M    M   1        29 340
23  75  48  62  -6   3   0 0.00    M    M  3.5 13  10   M    M   0        20  20
24  73  53  63  -5   2   0 0.00    M    M  2.0 12 230   M    M   3        16 230
25  80  55  68   1   0   3 0.18    M    M  3.0 13 200   M    M   1 13     19 340
26  78  55  67   0   0   2 0.00    M    M  5.4 15 280   M    M   0 1      21 290
27  74  49  62  -5   3   0 0.00    M    M  3.7 13 300   M    M   0        21 280
================================================================================
SM 2202 1650         8 188  2.74    M     85.8          M       73
================================================================================
AV 81.6 61.1                               3.2 FASTST   M    M   3    MAX(MPH)
                                 MISC ---->    20 340                 29 340
================================================================================
NOTES:
# LAST OF SEVERAL OCCURRENCES

COLUMN 17 PEAK WIND IN M.P.H.

PRELIMINARY LOCAL CLIMATOLOGICAL DATA (WS FORM: F-6) , PAGE 2

                                          STATION:   HICKORY NC
                                          MONTH:     SEPTEMBER
                                          YEAR:      2022
                                          LATITUDE:   35 45 N
                                          LONGITUDE:  81 23 W

[TEMPERATURE DATA]      [PRECIPITATION DATA]       SYMBOLS USED IN COLUMN 16

AVERAGE MONTHLY: 71.3   TOTAL FOR MONTH:   2.74    1 = FOG OR MIST
DPTR FM NORMAL:   0.5   DPTR FM NORMAL:   -0.76    2 = FOG REDUCING VISIBILITY
HIGHEST:    90 ON 22    GRTST 24HR  1.74 ON  4- 5      TO 1/4 MILE OR LESS
LOWEST:     48 ON 23                               3 = THUNDER
                        SNOW, ICE PELLETS, HAIL    4 = ICE PELLETS
                        TOTAL MONTH:  M            5 = HAIL
                        GRTST 24HR    M  ON   M    6 = FREEZING RAIN OR DRIZZLE
                        GRTST DEPTH:  M  ON   M    7 = DUSTSTORM OR SANDSTORM:
                                                       VSBY 1/2 MILE OR LESS
                                                   8 = SMOKE OR HAZE
[NO. OF DAYS WITH]      [WEATHER - DAYS WITH]      9 = BLOWING SNOW
                                                   X = TORNADO
MAX 32 OR BELOW:   0    0.01 INCH OR MORE:   5
MAX 90 OR ABOVE:   1    0.10 INCH OR MORE:   4
MIN 32 OR BELOW:   0    0.50 INCH OR MORE:   2
MIN  0 OR BELOW:   0    1.00 INCH OR MORE:   1

[HDD (BASE 65) ]
TOTAL THIS MO.     8    CLEAR  (SCALE 0-3)  17
DPTR FM NORMAL    -6    PTCLDY (SCALE 4-7)   7
TOTAL FM JUL 1     8    CLOUDY (SCALE 8-10)  3
DPTR FM NORMAL    -6

[CDD (BASE 65) ]
TOTAL THIS MO.   188
DPTR FM NORMAL    14    [PRESSURE DATA]
TOTAL FM JAN 1  1557    HIGHEST SLP M ON M
DPTR FM NORMAL   203    LOWEST  SLP 29.72 ON 22

[REMARKS]
