000
CXUS51 KPBZ 280730
CF6HLG
PRELIMINARY LOCAL CLIMATOLOGICAL DATA (WS FORM: F-6)

                                          STATION:   WHEELING WV
                                          MONTH:     SEPTEMBER
                                          YEAR:      2022
                                          LATITUDE:   40 10 N
                                          LONGITUDE:  80 39 W

  TEMPERATURE IN F:       :PCPN:    SNOW:  WIND      :SUNSHINE: SKY     :PK WND
================================================================================
1   2   3   4   5  6A  6B    7    8   9   10  11  12  13   14  15   16   17  18
                                     12Z  AVG MX 2MIN
DY MAX MIN AVG DEP HDD CDD  WTR  SNW DPTH SPD SPD DIR MIN PSBL S-S WX    SPD DR
================================================================================

 1  82  59  71   2   0   6 0.00    M    M  4.6 12 260   M    M   1        14 280
 2  83  59  71   2   0   6 0.00    M    M  3.7 12 140   M    M   1 1      16 140
 3  80  67  74   5   0   9 0.00    M    M  4.2 13 210   M    M   4        15 200
 4  75  68  72   4   0   7 0.11    M    M  4.1 18 130   M    M   8 13     22 140
 5  78  68  73   5   0   8 0.26    M    M  3.3 10 320   M    M   8 12     13 330
 6  75  66  71   3   0   6 0.02    M    M  4.6 13 340   M    M  10 128    15 340
 7  77  64  71   3   0   6 0.07    M    M  6.8 13  20   M    M   8 1      17  20
 8  78  61  70   3   0   5 0.01    M    M  4.3 12  60   M    M   6 1      14  40
 9  82  56  69   2   0   4 0.00    M    M  4.8 13 100   M    M   1 1      16 140
10  73  61  67   0   0   2 0.14    M    M  5.6  8 100   M    M   3 1      11 140
11  76  64  70   3   0   5 0.68    M    M  5.6 13 210   M    M   8 18     17 200
12  74  56  65  -1   0   0 0.03    M    M  6.2 14 260   M    M   6 18     19 260
13  68  55  62  -4   3   0    T    M    M  7.2 17 240   M    M   5        23 250
14  74  51  63  -3   2   0 0.00    M    M  4.8 10 280   M    M   3 1      14 210
15  76  55  66   1   0   1 0.00    M    M  2.2  8 340   M    M   4 12     10 340
16  79  54  67   2   0   2 0.00    M    M  1.8  7 270   M    M   0 12     10 220
17  80  57  69   4   0   4 0.00    M    M  3.3 10 230   M    M   2 12     16 240
18  81  63  72   8   0   7 0.00    M    M  6.5 15 210   M    M   3        24 210
19  75  63  69   5   0   4 0.21    M    M  7.6 16 200   M    M   6 13     20 230
20  78  59  69   5   0   4 0.00    M    M  3.5 12 310   M    M   4 12     15 290
21  84  60  72   9   0   7 0.52    M    M  8.1 31 260   M    M   2 13     41 270
22  68  48  58  -5   7   0    T    M    M 10.7 25 310   M    M   7        34 320
23  63  42  53 -10  12   0 0.00    M    M  4.7 15 300   M    M   2 12     19 300
24  68  47  58  -4   7   0 0.00    M    M  5.7 12 200   M    M   5        16 210
25  71  57  64   2   1   0 0.16    M    M 10.7 24 260   M    M   7 13     34 270
26  67  51  59  -3   6   0 0.00    M    M 12.1 26 300   M    M   6        36 250
27  61  46  54  -7  11   0 0.07    M    M  7.9 23 260   M    M   4 13     32 260
================================================================================
SM 2026 1557        49  93  2.28    M    154.6          M      124
================================================================================
AV 75.0 57.7                               5.7 FASTST   M    M   5    MAX(MPH)
                                 MISC ---->    31 260                 41 270
================================================================================
NOTES:
# LAST OF SEVERAL OCCURRENCES

COLUMN 17 PEAK WIND IN M.P.H.

PRELIMINARY LOCAL CLIMATOLOGICAL DATA (WS FORM: F-6) , PAGE 2

                                          STATION:   WHEELING WV
                                          MONTH:     SEPTEMBER
                                          YEAR:      2022
                                          LATITUDE:   40 10 N
                                          LONGITUDE:  80 39 W

[TEMPERATURE DATA]      [PRECIPITATION DATA]       SYMBOLS USED IN COLUMN 16

AVERAGE MONTHLY: 66.4   TOTAL FOR MONTH:   2.28    1 = FOG OR MIST
DPTR FM NORMAL:   0.9   DPTR FM NORMAL:   -0.63    2 = FOG REDUCING VISIBILITY
HIGHEST:    84 ON 21    GRTST 24HR  0.80 ON 10-11      TO 1/4 MILE OR LESS
LOWEST:     42 ON 23                               3 = THUNDER
                        SNOW, ICE PELLETS, HAIL    4 = ICE PELLETS
                        TOTAL MONTH:  M            5 = HAIL
                        GRTST 24HR    M  ON   M    6 = FREEZING RAIN OR DRIZZLE
                        GRTST DEPTH:  M  ON   M    7 = DUSTSTORM OR SANDSTORM:
                                                       VSBY 1/2 MILE OR LESS
                                                   8 = SMOKE OR HAZE
[NO. OF DAYS WITH]      [WEATHER - DAYS WITH]      9 = BLOWING SNOW
                                                   X = TORNADO
MAX 32 OR BELOW:   0    0.01 INCH OR MORE:  12
MAX 90 OR ABOVE:   0    0.10 INCH OR MORE:   7
MIN 32 OR BELOW:   0    0.50 INCH OR MORE:   2
MIN  0 OR BELOW:   0    1.00 INCH OR MORE:   0

[HDD (BASE 65) ]
TOTAL THIS MO.    49    CLEAR  (SCALE 0-3)  10
DPTR FM NORMAL   -17    PTCLDY (SCALE 4-7)  13
TOTAL FM JUL 1    49    CLOUDY (SCALE 8-10)  4
DPTR FM NORMAL   -27

[CDD (BASE 65) ]
TOTAL THIS MO.    93
DPTR FM NORMAL    10    [PRESSURE DATA]
TOTAL FM JAN 1   878    HIGHEST SLP M ON M
DPTR FM NORMAL   113    LOWEST  SLP 29.62 ON 25

[REMARKS]
