000
CXUS54 KHGX 280742
CF6HOU
PRELIMINARY LOCAL CLIMATOLOGICAL DATA (WS FORM: F-6)

                                          STATION:   HOUSTON/HOBBY AIRPORT
                                          MONTH:     SEPTEMBER
                                          YEAR:      2022
                                          LATITUDE:   29 38 N
                                          LONGITUDE:  95 17 W

  TEMPERATURE IN F:       :PCPN:    SNOW:  WIND      :SUNSHINE: SKY     :PK WND
================================================================================
1   2   3   4   5  6A  6B    7    8   9   10  11  12  13   14  15   16   17  18
                                     12Z  AVG MX 2MIN
DY MAX MIN AVG DEP HDD CDD  WTR  SNW DPTH SPD SPD DIR MIN PSBL S-S WX    SPD DR
================================================================================

 1  94  77  86   2   0  21 0.66  0.0    0  4.5 22 320   M    M   7 38     28  20
 2  94  76  85   1   0  20 0.01  0.0    0  4.9 16 260   M    M   7 3      21 250
 3  90  75  83   0   0  18 0.20  0.0    0  4.3 16 100   M    M   9 138    20 100
 4  83  73  78  -5   0  13 0.01  0.0    M  4.4  9 210   M    M   9        12 220
 5  89  73  81  -2   0  16 0.00  0.0    0  6.7 14 190   M    M   7        19 210
 6  89  74  82  -1   0  17 0.00  0.0    0  5.6 18 170   M    M   5        25 180
 7  94  74  84   1   0  19 0.17  0.0    0  3.7 22  70   M    M   4 3      30  50
 8  94  73  84   1   0  19 0.34  0.0    0  5.7 28  20   M    M   5        44  10
 9  90  73  82   0   0  17 0.00  0.0    0  4.6 14 180   M    M   3        17 190
10  94  73  84   2   0  19 0.00  0.0    0  4.6 12 110   M    M   4        17 350
11  95  74  85   3   0  20 0.00  0.0    0  6.9 15  10   M    M   4        20  30
12  93  75  84   2   0  19 0.00  0.0    0  6.7 13 330   M    M   3        21  40
13  92  74  83   1   0  18 0.00  0.0    0  5.7 14 120   M    M   2        23 180
14  90  71  81  -1   0  16 0.00  0.0    0  7.0 15 140   M    M   1        22  50
15  90  76  83   2   0  18 0.00  0.0    0 10.4 21 120   M    M   5        29 130
16  89  77  83   2   0  18 0.13  0.0    0  7.7 20 120   M    M   6 13     25 120
17  93  77  85   4   0  20    T  0.0    0  5.6 18 130   M    M   3        23 100
18  94  76  85   4   0  20 0.00  0.0    0  5.6 15 120   M    M   4        21 120
19  94  77  86   6   0  21    T  0.0    0  4.9 16 180   M    M   3        23 140
20  95  76  86   6   0  21 0.00  0.0    0  4.3 13 110   M    M   3        25 200
21  94  75  85   5   0  20 0.00  0.0    0  4.9 14 130   M    M   1        18 130
22  99  74  87   7   0  22 0.00  0.0    0  6.0 14  60   M    M   1        18  60
23  97  77  87   7   0  22 0.00  0.0    0  5.8 15 120   M    M   1        21 110
24  95  74  85   6   0  20 0.00  0.0    0  5.2 15 180   M    M   3        19 170
25  96  73  85   6   0  20 0.00  0.0    0  4.4 15 140   M    M   6        19 140
26  95  77  86   7   0  21 0.00  0.0    0  9.5 18 360   M    M   4        26 320
27  90  66  78  -1   0  13 0.00  0.0    0  9.2 18  60   M    M   0        24  80
================================================================================
SM 2502 2010         0 508  1.52  0.0    158.8          M      110
================================================================================
AV 92.7 74.4                               5.9 FASTST   M    M   4    MAX(MPH)
                                 MISC ---->    28  20                 44  10
================================================================================
NOTES:
# LAST OF SEVERAL OCCURRENCES

COLUMN 17 PEAK WIND IN M.P.H.

PRELIMINARY LOCAL CLIMATOLOGICAL DATA (WS FORM: F-6) , PAGE 2

                                          STATION:   HOUSTON/HOBBY AIRPORT
                                          MONTH:     SEPTEMBER
                                          YEAR:      2022
                                          LATITUDE:   29 38 N
                                          LONGITUDE:  95 17 W

[TEMPERATURE DATA]      [PRECIPITATION DATA]       SYMBOLS USED IN COLUMN 16

AVERAGE MONTHLY: 83.6   TOTAL FOR MONTH:   1.52    1 = FOG OR MIST
DPTR FM NORMAL:   2.1   DPTR FM NORMAL:   -3.76    2 = FOG REDUCING VISIBILITY
HIGHEST:    99 ON 22    GRTST 24HR  0.67 ON  1- 2      TO 1/4 MILE OR LESS
LOWEST:     66 ON 27                               3 = THUNDER
                        SNOW, ICE PELLETS, HAIL    4 = ICE PELLETS
                        TOTAL MONTH:   0.0 INCH    5 = HAIL
                        GRTST 24HR  0.0            6 = FREEZING RAIN OR DRIZZLE
                        GRTST DEPTH:  0            7 = DUSTSTORM OR SANDSTORM:
                                                       VSBY 1/2 MILE OR LESS
                                                   8 = SMOKE OR HAZE
[NO. OF DAYS WITH]      [WEATHER - DAYS WITH]      9 = BLOWING SNOW
                                                   X = TORNADO
MAX 32 OR BELOW:   0    0.01 INCH OR MORE:   7
MAX 90 OR ABOVE:  23    0.10 INCH OR MORE:   5
MIN 32 OR BELOW:   0    0.50 INCH OR MORE:   1
MIN  0 OR BELOW:   0    1.00 INCH OR MORE:   0

[HDD (BASE 65) ]
TOTAL THIS MO.     0    CLEAR  (SCALE 0-3)  11
DPTR FM NORMAL     0    PTCLDY (SCALE 4-7)  14
TOTAL FM JUL 1     0    CLOUDY (SCALE 8-10)  2
DPTR FM NORMAL     0

[CDD (BASE 65) ]
TOTAL THIS MO.   508
DPTR FM NORMAL    64    [PRESSURE DATA]
TOTAL FM JAN 1  3444    HIGHEST SLP M ON M
DPTR FM NORMAL   505    LOWEST  SLP 29.73 ON  8

[REMARKS]
