000
CXUS55 KSEW 280930
CF6HQM
PRELIMINARY LOCAL CLIMATOLOGICAL DATA (WS FORM: F-6)

                                          STATION:   HOQUIAM WA AIRPORT
                                          MONTH:     SEPTEMBER
                                          YEAR:      2022
                                          LATITUDE:   46 58 N
                                          LONGITUDE: 123 56 W

  TEMPERATURE IN F:       :PCPN:    SNOW:  WIND      :SUNSHINE: SKY     :PK WND
================================================================================
1   2   3   4   5  6A  6B    7    8   9   10  11  12  13   14  15   16   17  18
                                     12Z  AVG MX 2MIN
DY MAX MIN AVG DEP HDD CDD  WTR  SNW DPTH SPD SPD DIR MIN PSBL S-S WX    SPD DR
================================================================================

 1  70  59  65   4   0   0 0.00    M    M  4.0 14 260   M    M   8 1      17 270
 2  65  56  61   0   4   0 0.00    M    M  6.8 20 260   M    M  10 18     24 260
 3  72  61  67   6   0   2 0.04    M    M  8.2 17 250   M    M   6 1      22 250
 4  69  58  64   3   1   0 0.06    M    M  8.7 20 240   M    M   8 18     24 230
 5  72  51  62   2   3   0 0.00    M    M  5.1 16 290   M    M   1 1      21 300
 6  77  51  64   4   1   0 0.00    M    M  5.9 16 260   M    M   0        21 300
 7  73  55  64   4   1   0 0.00    M    M  6.6 18 320   M    M   0        30 310
 8  72  53  63   3   2   0 0.00    M    M  4.5 15 270   M    M   3        19 300
 9  87  53  70  10   0   5 0.00    M    M  9.1 21  70   M    M   0 8      30  70
10  91  64  78  18   0  13 0.00    M    M 10.0 26  70   M    M   1        35  80
11  70  62  66   6   0   1 0.00    M    M  5.2 16 210   M    M   9 8      19 180
12  71  57  64   4   1   0 0.00    M    M  3.8 14 270   M    M   8 128    18 260
13  67  58  63   3   2   0    M    M    M  4.1 13 300   M    M  10 12     16 290
14  66  57  62   2   3   0 0.00    M    M  6.8 15 260   M    M   9 1      18 250
15  67  57  62   2   3   0 0.00    M    M  8.9 17 240   M    M   7        21 250
16  67  54  61   2   4   0 0.17    M    M  6.9 20 290   M    M   5 18     26 290
17  67  51  59   0   6   0 0.00    M    M  5.2 17 330   M    M   1 1      23 310
18  75  54  65   6   0   0 0.00    M    M  5.4 15  80   M    M   2        20  70
19  79  48  64   5   1   0 0.00    M    M  5.5 12 290   M    M   0        15 110
20  82  50  66   7   0   1 0.00    M    M  6.6 13 110   M    M   0        18 110
21  65  47  56  -2   9   0 0.00    M    M  8.1 18 260   M    M   3        24 260
22  69  60  65   7   0   0 0.00    M    M  9.3 17 240   M    M  10        20 210
23  70  60  65   7   0   0 0.00    M    M  4.6 14 260   M    M   9 18     17 270
24  72  54  63   5   2   0 0.00    M    M  4.4 14 310   M    M   4        20 300
25  77  50  64   6   1   0 0.00    M    M  4.8 12 260   M    M   0        15  80
26  66  52  59   2   6   0 0.00    M    M  5.9 16 290   M    M   5 18     21 290
27  62  51  57   0   8   0 0.00    M    M  5.7 14 220   M    M  10 12     17 190
================================================================================
SM 1940 1483        58  22  0.27    M    170.1          M      129
================================================================================
AV 71.9 54.9                               6.3 FASTST   M    M   5    MAX(MPH)
                                 MISC ---->    26  70                 35  80
================================================================================
NOTES:
# LAST OF SEVERAL OCCURRENCES

COLUMN 17 PEAK WIND IN M.P.H.

PRELIMINARY LOCAL CLIMATOLOGICAL DATA (WS FORM: F-6) , PAGE 2

                                          STATION:   HOQUIAM WA AIRPORT
                                          MONTH:     SEPTEMBER
                                          YEAR:      2022
                                          LATITUDE:   46 58 N
                                          LONGITUDE: 123 56 W

[TEMPERATURE DATA]      [PRECIPITATION DATA]       SYMBOLS USED IN COLUMN 16

AVERAGE MONTHLY: 63.4   TOTAL FOR MONTH:   0.27    1 = FOG OR MIST
DPTR FM NORMAL:   4.0   DPTR FM NORMAL:   -1.90    2 = FOG REDUCING VISIBILITY
HIGHEST:    91 ON 10    GRTST 24HR  0.17 ON 16-16      TO 1/4 MILE OR LESS
LOWEST:     47 ON 21                               3 = THUNDER
                        SNOW, ICE PELLETS, HAIL    4 = ICE PELLETS
                        TOTAL MONTH:  M            5 = HAIL
                        GRTST 24HR    M  ON   M    6 = FREEZING RAIN OR DRIZZLE
                        GRTST DEPTH:  M  ON   M    7 = DUSTSTORM OR SANDSTORM:
                                                       VSBY 1/2 MILE OR LESS
                                                   8 = SMOKE OR HAZE
[NO. OF DAYS WITH]      [WEATHER - DAYS WITH]      9 = BLOWING SNOW
                                                   X = TORNADO
MAX 32 OR BELOW:   0    0.01 INCH OR MORE:   3
MAX 90 OR ABOVE:   1    0.10 INCH OR MORE:   1
MIN 32 OR BELOW:   0    0.50 INCH OR MORE:   0
MIN  0 OR BELOW:   0    1.00 INCH OR MORE:   0

[HDD (BASE 65) ]
TOTAL THIS MO.    58    CLEAR  (SCALE 0-3)  11
DPTR FM NORMAL  -103    PTCLDY (SCALE 4-7)   9
TOTAL FM JUL 1   153    CLOUDY (SCALE 8-10)  7
DPTR FM NORMAL  -290

[CDD (BASE 65) ]
TOTAL THIS MO.    22
DPTR FM NORMAL    22    [PRESSURE DATA]
TOTAL FM JAN 1   101    HIGHEST SLP M ON M
DPTR FM NORMAL    84    LOWEST  SLP 29.73 ON 18

[REMARKS]
