000
CXUS51 KRLX 281130
CF6HTS
PRELIMINARY LOCAL CLIMATOLOGICAL DATA (WS FORM: F-6)

                                          STATION:   HUNTINGTON WV
                                          MONTH:     SEPTEMBER
                                          YEAR:      2022
                                          LATITUDE:   38 22 N
                                          LONGITUDE:  82 33 W

  TEMPERATURE IN F:       :PCPN:    SNOW:  WIND      :SUNSHINE: SKY     :PK WND
================================================================================
1   2   3   4   5  6A  6B    7    8   9   10  11  12  13   14  15   16   17  18
                                     12Z  AVG MX 2MIN
DY MAX MIN AVG DEP HDD CDD  WTR  SNW DPTH SPD SPD DIR MIN PSBL S-S WX    SPD DR
================================================================================

 1  85  58  72  -1   0   7 0.00  0.0    0  1.6  8  40   M    M   1 12     11  30
 2  85  59  72  -1   0   7 0.00  0.0    0  2.3  7 110   M    M   1 12     10 130
 3  85  70  78   5   0  13 0.07  0.0    0  3.6 15 140   M    M   5 123    23 160
 4  82  70  76   4   0  11 0.32  0.0    0  1.8 13 200   M    M   8 123    19 210
 5  76  70  73   1   0   8 0.11  0.0    0  2.3  7 100   M    M   7 1      13 110
 6  80  68  74   2   0   9 0.13  0.0    0  2.6 12  30   M    M   8 12     15  20
 7  79  63  71  -1   0   6 0.00  0.0    0  5.9 13 350   M    M   5        16 360
 8  81  57  69  -2   0   4 0.00  0.0    0  3.5 10  50   M    M   3 12     15  80
 9  85  60  73   2   0   8 0.00  0.0    0  3.8 12  90   M    M   2 12     14  80
10  75  65  70  -1   0   5 0.09  0.0    0  4.3 12 110   M    M   5 1      15 100
11  82  65  74   4   0   9 0.66  0.0    0  3.7 10 220   M    M   7 123    14 210
12  75  56  66  -4   0   1 0.03  0.0    0  4.9 14 240   M    M   6 1      21 240
13  74  55  65  -5   0   0 0.00  0.0    0  5.5 14 250   M    M   3        19 260
14  78  52  65  -4   0   0 0.00  0.0    0  1.5  8  10   M    M   3 12     11  30
15  81  53  67  -2   0   2 0.00  0.0    0  1.3  8  60   M    M   1 12     11 340
16  82  56  69   0   0   4 0.00  0.0    0  1.8  7  70   M    M   3 12     10  90
17  84  57  71   3   0   6 0.00  0.0    0  1.8  9 200   M    M   2 1      12 200
18  84  61  73   5   0   8 0.00  0.0    0  3.3 14 240   M    M   2 12     18 250
19  85  62  74   6   0   9 0.00  0.0    0  4.5 12 190   M    M   4 1      17 180
20  87  63  75   8   0  10 0.00  0.0    0  1.9 13 330   M    M   3 128    15 320
21  91  61  76   9   0  11 0.00  0.0    0  5.3 13 190   M    M   0 1      17 200
22  74  53  64  -2   1   0 0.02  0.0    0  8.5 20 350   M    M   5 1      25 340
23  68  44  56 -10   9   0 0.00  0.0    0  3.6  9  70   M    M   0        14 360
24  75  54  65  -1   0   0 0.02  0.0    0  4.0 13 180   M    M   7        19 200
25  77  58  68   3   0   3    T  0.0    0  8.9 22 250   M    M   2        32 260
26  73  53  63  -2   2   0 0.00  0.0    0  7.6 22 240   M    M   4        32 250
27  66  44  55 -10  10   0 0.00  0.0    0  6.0 18 250   M    M   1        25 240
================================================================================
SM 2149 1587        22 141  1.45  0.0    105.8          M       98
================================================================================
AV 79.6 58.8                               3.9 FASTST   M    M   4    MAX(MPH)
                                 MISC ---->  # 22 250               # 32 260
================================================================================
NOTES:
# LAST OF SEVERAL OCCURRENCES

COLUMN 17 PEAK WIND IN M.P.H.

PRELIMINARY LOCAL CLIMATOLOGICAL DATA (WS FORM: F-6) , PAGE 2

                                          STATION:   HUNTINGTON WV
                                          MONTH:     SEPTEMBER
                                          YEAR:      2022
                                          LATITUDE:   38 22 N
                                          LONGITUDE:  82 33 W

[TEMPERATURE DATA]      [PRECIPITATION DATA]       SYMBOLS USED IN COLUMN 16

AVERAGE MONTHLY: 69.2   TOTAL FOR MONTH:   1.45    1 = FOG OR MIST
DPTR FM NORMAL:   0.0   DPTR FM NORMAL:   -1.41    2 = FOG REDUCING VISIBILITY
HIGHEST:    91 ON 21    GRTST 24HR  0.74 ON 10-11      TO 1/4 MILE OR LESS
LOWEST:     44 ON 27,23                             3 = THUNDER
                        SNOW, ICE PELLETS, HAIL    4 = ICE PELLETS
                        TOTAL MONTH:   0.0 INCH    5 = HAIL
                        GRTST 24HR  0.0            6 = FREEZING RAIN OR DRIZZLE
                        GRTST DEPTH:  0            7 = DUSTSTORM OR SANDSTORM:
                                                       VSBY 1/2 MILE OR LESS
                                                   8 = SMOKE OR HAZE
[NO. OF DAYS WITH]      [WEATHER - DAYS WITH]      9 = BLOWING SNOW
                                                   X = TORNADO
MAX 32 OR BELOW:   0    0.01 INCH OR MORE:   9
MAX 90 OR ABOVE:   1    0.10 INCH OR MORE:   4
MIN 32 OR BELOW:   0    0.50 INCH OR MORE:   1
MIN  0 OR BELOW:   0    1.00 INCH OR MORE:   0

[HDD (BASE 65) ]
TOTAL THIS MO.    22    CLEAR  (SCALE 0-3)  14
DPTR FM NORMAL    -8    PTCLDY (SCALE 4-7)  13
TOTAL FM JUL 1    22    CLOUDY (SCALE 8-10)  0
DPTR FM NORMAL    -9

[CDD (BASE 65) ]
TOTAL THIS MO.   141
DPTR FM NORMAL    -4    [PRESSURE DATA]
TOTAL FM JAN 1  1266    HIGHEST SLP M ON M
DPTR FM NORMAL    67    LOWEST  SLP 29.71 ON 25

[REMARKS]
