000
CXUS56 KTFX 281110
CF6HVR
PRELIMINARY LOCAL CLIMATOLOGICAL DATA (WS FORM: F-6)

                                          STATION:   HAVRE MT
                                          MONTH:     SEPTEMBER
                                          YEAR:      2022
                                          LATITUDE:   48 32 N
                                          LONGITUDE: 109 46 W

  TEMPERATURE IN F:       :PCPN:    SNOW:  WIND      :SUNSHINE: SKY     :PK WND
================================================================================
1   2   3   4   5  6A  6B    7    8   9   10  11  12  13   14  15   16   17  18
                                     12Z  AVG MX 2MIN
DY MAX MIN AVG DEP HDD CDD  WTR  SNW DPTH SPD SPD DIR MIN PSBL S-S WX    SPD DR
================================================================================

 1  98  57  78  15   0  13 0.00  0.0    0 12.9 28 270   M    M   0        35 290
 2  93  57  75  12   0  10 0.00  0.0    0  9.1 20  80   M    M   0        26  80
 3 103  49  76  14   0  11 0.00  0.0    0  5.4 23 320   M    M   0        35 330
 4  96  65  81  19   0  16 0.00  0.0    0 12.4 28 250   M    M   1 8      35 250
 5  94  55  75  13   0  10 0.00  0.0    0 14.0 33 270   M    M   0 8      45 260
 6  87  52  70   9   0   5 0.00  0.0    0  8.9 23  90   M    M   0        28  90
 7 104  47  76  15   0  11 0.00  0.0    0 13.4 40 280   M    M   0 3      54 280
 8  71  45  58  -2   7   0 0.00  0.0    0 11.5 26 360   M    M   3        34 330
 9  66  42  54  -6  11   0 0.00  0.0    0 10.3 18 290   M    M   5        28 270
10  73  34  54  -6  11   0 0.00  0.0    0  6.5 15 240   M    M   0        22 230
11  89  34  62   3   3   0 0.00  0.0    0  5.7 20 220   M    M   0 8      29 230
12  85  56  71  12   0   6 0.00  0.0    0 13.0 21  90   M    M   0 8      28 100
13  76  57  67   8   0   2 0.05  0.0    0 16.2 30  90   M    M   3        37  90
14  74  49  62   4   3   0 0.04  0.0    0  6.5 13  80   M    M   5        15 310
15  76  41  59   1   6   0 0.00  0.0    0  6.7 16  80   M    M   0 18     22 100
16  65  49  57  -1   8   0 0.02  0.0    0  6.8 16  80   M    M   7 12     20  70
17  74  40  57   0   8   0 0.00  0.0    0  7.0 16 240   M    M   1 12     20 230
18  82  45  64   7   1   0 0.00  0.0    0  8.8 26 240   M    M   0        37 220
19  77  48  63   6   2   0 0.01  0.0    0 14.5 26 330   M    M   4 3      36 330
20  61  37  49  -7  16   0 0.04  0.0    0  9.0 17 290   M    M   5 1      33 320
21  69  28  49  -7  16   0 0.00  0.0    0 11.1 23 100   M    M   0        32 120
22  69  45  57   1   8   0 0.08  0.0    0 14.1 26 230   M    M   5 1      34 220
23  79  44  62   7   3   0 0.00  0.0    0 16.4 25 300   M    M   2        34 280
24  77  44  61   6   4   0 0.00  0.0    0 10.5 20 250   M    M   1        27 300
25  79  33  56   2   9   0 0.00  0.0    0  5.2 14 240   M    M   0        22 220
26  83  39  61   7   4   0 0.00  0.0    0  7.6 15  70   M    M   M        20  60
27  86  42  64  10   1   0 0.00  0.0    0  5.1 15  80   M    M   0        18  90
================================================================================
SM 2186 1234       121  84  0.24  0.0    268.6          M       42
================================================================================
AV 81.0 45.7                               9.9 FASTST   M    M   2    MAX(MPH)
                                 MISC ---->    40 280                 54 280
================================================================================
NOTES:
# LAST OF SEVERAL OCCURRENCES

COLUMN 17 PEAK WIND IN M.P.H.

PRELIMINARY LOCAL CLIMATOLOGICAL DATA (WS FORM: F-6) , PAGE 2

                                          STATION:   HAVRE MT
                                          MONTH:     SEPTEMBER
                                          YEAR:      2022
                                          LATITUDE:   48 32 N
                                          LONGITUDE: 109 46 W

[TEMPERATURE DATA]      [PRECIPITATION DATA]       SYMBOLS USED IN COLUMN 16

AVERAGE MONTHLY: 63.3   TOTAL FOR MONTH:   0.24    1 = FOG OR MIST
DPTR FM NORMAL:   5.0   DPTR FM NORMAL:   -0.72    2 = FOG REDUCING VISIBILITY
HIGHEST:   104 ON  7    GRTST 24HR  0.09 ON 13-14      TO 1/4 MILE OR LESS
LOWEST:     28 ON 21                               3 = THUNDER
                        SNOW, ICE PELLETS, HAIL    4 = ICE PELLETS
                        TOTAL MONTH:   0.0 INCH    5 = HAIL
                        GRTST 24HR  0.0            6 = FREEZING RAIN OR DRIZZLE
                        GRTST DEPTH:  0            7 = DUSTSTORM OR SANDSTORM:
                                                       VSBY 1/2 MILE OR LESS
                                                   8 = SMOKE OR HAZE
[NO. OF DAYS WITH]      [WEATHER - DAYS WITH]      9 = BLOWING SNOW
                                                   X = TORNADO
MAX 32 OR BELOW:   0    0.01 INCH OR MORE:   6
MAX 90 OR ABOVE:   6    0.10 INCH OR MORE:   0
MIN 32 OR BELOW:   1    0.50 INCH OR MORE:   0
MIN  0 OR BELOW:   0    1.00 INCH OR MORE:   0

[HDD (BASE 65) ]
TOTAL THIS MO.   121    CLEAR  (SCALE 0-3)  19
DPTR FM NORMAL   -82    PTCLDY (SCALE 4-7)   7
TOTAL FM JUL 1   125    CLOUDY (SCALE 8-10)  1
DPTR FM NORMAL  -153

[CDD (BASE 65) ]
TOTAL THIS MO.    84
DPTR FM NORMAL    64    [PRESSURE DATA]
TOTAL FM JAN 1   652    HIGHEST SLP M ON M
DPTR FM NORMAL   252    LOWEST  SLP 29.65 ON 19

[REMARKS]
