000
CXUS52 KMFL 281030
CF6HWO
PRELIMINARY LOCAL CLIMATOLOGICAL DATA (WS FORM: F-6)

                                          STATION:   NORTH PERRY ARPT
                                          MONTH:     SEPTEMBER
                                          YEAR:      2022
                                          LATITUDE:   26  0 N
                                          LONGITUDE:  80 14 W

  TEMPERATURE IN F:       :PCPN:    SNOW:  WIND      :SUNSHINE: SKY     :PK WND
================================================================================
1   2   3   4   5  6A  6B    7    8   9   10  11  12  13   14  15   16   17  18
                                     12Z  AVG MX 2MIN
DY MAX MIN AVG DEP HDD CDD  WTR  SNW DPTH SPD SPD DIR MIN PSBL S-S WX    SPD DR
================================================================================

 1  89  76  83  -1   0  18 0.45    M    M  4.4 23 360   M    M   3 3      29 360
 2  91  76  84   0   0  19 0.00    M    M  5.8 17  90   M    M   2 3      21  90
 3  91  77  84   0   0  19 0.27    M    M  7.7 16  90   M    M   2 1      22  90
 4  91  78  85   1   0  20 0.00    M    M  6.6 15  60   M    M   1        22  70
 5  92  78  85   1   0  20    T    M    M  6.1 15 100   M    M   2 3      20  90
 6  92  79  86   2   0  21 0.14    M    M  4.6 15 130   M    M   4 3      18 130
 7  94  78  86   2   0  21    T    M    M  4.2 16 140   M    M   2 3      21 330
 8  94  76  85   1   0  20 0.13  0.0    0  5.0 24 260   M    M   3 3      32 250
 9  90  76  83  -1   0  18 1.63  0.0    0  4.9 31 250   M    M   2 3      38 270
10  93  77  85   1   0  20 0.00    M    M  6.1 16 140   M    M   1        20 140
11  93  75  84   1   0  19 0.94    M    M  5.7 21 290   M    M   2 13     28 290
12  92  76  84   1   0  19 0.00  0.0    0  4.4 22 300   M    M   1 3      26 300
13  91  73  82  -1   0  17 0.32  0.0    0  4.4 21 270   M    M   2 13     27 240
14  86  75  81  -2   0  16 0.20  0.0    0  3.4 16 170   M    M   2 13     20 170
15  88  74  81  -2   0  16 0.35  0.0    0  4.7 22 190   M    M   2 13     30 180
16  89  74  82  -1   0  17 0.04  0.0    0  4.7 17  50   M    M   3 3      21  50
17  89  72  81  -2   0  16 1.27  0.0    0  7.2 23 160   M    M   4 13     29 160
18  87  73  80  -3   0  15 0.88  0.0    0  3.4 20 150   M    M   2 138    25 150
19  87  74  81  -2   0  16    T  0.0    M  3.2 16 200   M    M   1 3      20 220
20  91  76  84   1   0  19 0.02  0.0    M  4.5 18 270   M    M   2 3      24 270
21  90  76  83   0   0  18 0.64  0.0    0  6.4 25  60   M    M   3 13     30  50
22  91  76  84   1   0  19 0.07  0.0    0  5.6 20  30   M    M   4 3      25  30
23  93  75  84   1   0  19 0.00  0.0    0  4.5 14  70   M    M   0        19 350
24  89  77  83   0   0  18 0.28  0.0    0  3.7 20  50   M    M   3 13     23  50
25  90  76  83   0   0  18 0.02  0.0    0  4.7 14 100   M    M   1        19 100
26  89  74  82   0   0  17 2.29  0.0    0  5.6 22 120   M    M   4 13     30 140
27  82  74  78  -4   0  13 3.06  0.0    0 11.4 28 110   M    M   7 13     38  50
================================================================================
SM 2434 2041         0 488 13.00  0.0    142.9          M       65
================================================================================
AV 90.1 75.6                               5.3 FASTST   M    M   2    MAX(MPH)
                                 MISC ---->    31 250               # 38 270
================================================================================
NOTES:
# LAST OF SEVERAL OCCURRENCES

COLUMN 17 PEAK WIND IN M.P.H.

PRELIMINARY LOCAL CLIMATOLOGICAL DATA (WS FORM: F-6) , PAGE 2

                                          STATION:   NORTH PERRY ARPT
                                          MONTH:     SEPTEMBER
                                          YEAR:      2022
                                          LATITUDE:   26  0 N
                                          LONGITUDE:  80 14 W

[TEMPERATURE DATA]      [PRECIPITATION DATA]       SYMBOLS USED IN COLUMN 16

AVERAGE MONTHLY: 82.9   TOTAL FOR MONTH:  13.00    1 = FOG OR MIST
DPTR FM NORMAL:  -0.4   DPTR FM NORMAL:    5.68    2 = FOG REDUCING VISIBILITY
HIGHEST:    94 ON  8, 7  GRTST 24HR  4.52 ON 26-27      TO 1/4 MILE OR LESS
LOWEST:     72 ON 17                               3 = THUNDER
                        SNOW, ICE PELLETS, HAIL    4 = ICE PELLETS
                        TOTAL MONTH:   0.0 INCH    5 = HAIL
                        GRTST 24HR  0.0            6 = FREEZING RAIN OR DRIZZLE
                        GRTST DEPTH:  0            7 = DUSTSTORM OR SANDSTORM:
                                                       VSBY 1/2 MILE OR LESS
                                                   8 = SMOKE OR HAZE
[NO. OF DAYS WITH]      [WEATHER - DAYS WITH]      9 = BLOWING SNOW
                                                   X = TORNADO
MAX 32 OR BELOW:   0    0.01 INCH OR MORE:  19
MAX 90 OR ABOVE:  17    0.10 INCH OR MORE:  15
MIN 32 OR BELOW:   0    0.50 INCH OR MORE:   7
MIN  0 OR BELOW:   0    1.00 INCH OR MORE:   4

[HDD (BASE 65) ]
TOTAL THIS MO.     0    CLEAR  (SCALE 0-3)  21
DPTR FM NORMAL     0    PTCLDY (SCALE 4-7)   6
TOTAL FM JUL 1     0    CLOUDY (SCALE 8-10)  0
DPTR FM NORMAL     0

[CDD (BASE 65) ]
TOTAL THIS MO.   488
DPTR FM NORMAL    -6    [PRESSURE DATA]
TOTAL FM JAN 1  3742    HIGHEST SLP M ON M
DPTR FM NORMAL   125    LOWEST  SLP 29.73 ON  8

[REMARKS]
