000
CXUS54 KEWX 281010
CF6HYI
PRELIMINARY LOCAL CLIMATOLOGICAL DATA (WS FORM: F-6)

                                          STATION:   SAN MARCOS
                                          MONTH:     SEPTEMBER
                                          YEAR:      2022
                                          LATITUDE:   29 53 N
                                          LONGITUDE:  97 52 W

  TEMPERATURE IN F:       :PCPN:    SNOW:  WIND      :SUNSHINE: SKY     :PK WND
================================================================================
1   2   3   4   5  6A  6B    7    8   9   10  11  12  13   14  15   16   17  18
                                     12Z  AVG MX 2MIN
DY MAX MIN AVG DEP HDD CDD  WTR  SNW DPTH SPD SPD DIR MIN PSBL S-S WX    SPD DR
================================================================================

 1  93  72  83   M   0  18 0.00    M    M  4.7 14  70   M    M   4         M   M
 2  91  72  82   M   0  17 0.00    M    M  5.0 16 120   M    M   4         M   M
 3  84  80  82   M   0  17 0.74    M    M  4.3 22  20   M    M   5 13     27  20
 4  75  75  75   M   0  10 0.00    M    M  4.2 15  30   M    M   0        22  40
 5  70  70  70   M   0   5 0.00    M    M  5.9 14 180   M    M   1         M   M
 6   M   M   M   M   M   M 0.00    M    M  6.9 14 160   M    M   1         M   M
 7   M   M   M   M   M   M 0.01    M    M  6.2 17 270   M    M   2 1      30 320
 8   M   M   M   M   M   M 0.00    M    M  6.7 12  40   M    M   1        18  20
 9   M   M   M   M   M   M 0.14    M    M  4.9 15 130   M    M   2 1      18 130
10  99  88  94   M   0  29 0.00    M    M  4.5  8 140   M    M   3         M   M
11  95  82  89   M   0  24 0.00    M    M  7.5 16  30   M    M   3        22  30
12  96  68  82   M   0  17 0.00    M    M  5.4  9  20   M    M   0         M   M
13  95  70  83   M   0  18 0.00    M    M  4.8 15 110   M    M   1         M   M
14   M   M   M   M   M   M 0.00    M    M  6.1 12  90   M    M   2 8       M   M
15   M  66   M   M   M   M 0.00    M    M  6.8  9  70   M    M   3         M   M
16  91  73  82   M   0  17 0.00    M    M  8.1 14 130   M    M   6 1       M   M
17  95  75  85   M   0  20 0.00    M    M  8.1 15 140   M    M   5 1      20 180
18 102  73  88   M   0  23 0.00    M    M  5.7 13 120   M    M   4 12     17  90
19   M  75   M   M   M   M 0.00    M    M  5.3 16 140   M    M   4         M   M
20 101  75  88   M   0  23 0.00  0.0    M  5.1 14 170   M    M   2         M   M
21  99  70  85   M   0  20 0.00  0.0    M  4.0 13 170   M    M   1 128    18 170
22   M   M   M   M   M   M 0.00    M    M  4.8 13 130   M    M   0        16 130
23   M   M   M   M   M   M 0.00    M    M  5.8 13 160   M    M   1        16 170
24  90  68  79   M   0  14 0.00    M    M  5.3 13 150   M    M   2         M   M
25  99  72  86   M   0  21 0.00    M    M  3.4 12 130   M    M   2         M   M
26  95  73  84   M   0  19 0.00    M    M 11.6 18  40   M    M   1        25  30
27   M   M   M   M   M   M 0.00    M    M  8.0 16  50   M    M   0        22  50
================================================================================
SM 1570 1397         0 312  0.89  0.0    159.0          M       60
================================================================================
AV 92.4 73.5                               5.9 FASTST   M    M   2    MAX(MPH)
                                 MISC ---->    22  20                 30 320
================================================================================
NOTES:
# LAST OF SEVERAL OCCURRENCES

COLUMN 17 PEAK WIND IN M.P.H.

PRELIMINARY LOCAL CLIMATOLOGICAL DATA (WS FORM: F-6) , PAGE 2

                                          STATION:   SAN MARCOS
                                          MONTH:     SEPTEMBER
                                          YEAR:      2022
                                          LATITUDE:   29 53 N
                                          LONGITUDE:  97 52 W

[TEMPERATURE DATA]      [PRECIPITATION DATA]       SYMBOLS USED IN COLUMN 16

AVERAGE MONTHLY: 82.9   TOTAL FOR MONTH:   0.89    1 = FOG OR MIST
DPTR FM NORMAL:   0.0   DPTR FM NORMAL:    0.89    2 = FOG REDUCING VISIBILITY
HIGHEST:   102 ON 18    GRTST 24HR  0.74 ON  3- 3      TO 1/4 MILE OR LESS
LOWEST:     66 ON 15                               3 = THUNDER
                        SNOW, ICE PELLETS, HAIL    4 = ICE PELLETS
                        TOTAL MONTH:   0.0 INCH    5 = HAIL
                        GRTST 24HR  0.0            6 = FREEZING RAIN OR DRIZZLE
                        GRTST DEPTH:  M  ON   M    7 = DUSTSTORM OR SANDSTORM:
                                                       VSBY 1/2 MILE OR LESS
                                                   8 = SMOKE OR HAZE
[NO. OF DAYS WITH]      [WEATHER - DAYS WITH]      9 = BLOWING SNOW
                                                   X = TORNADO
MAX 32 OR BELOW:   0    0.01 INCH OR MORE:   3
MAX 90 OR ABOVE:  14    0.10 INCH OR MORE:   2
MIN 32 OR BELOW:   0    0.50 INCH OR MORE:   1
MIN  0 OR BELOW:   0    1.00 INCH OR MORE:   0

[HDD (BASE 65) ]
TOTAL THIS MO.     0    CLEAR  (SCALE 0-3)  20
DPTR FM NORMAL     M    PTCLDY (SCALE 4-7)   7
TOTAL FM JUL 1     0    CLOUDY (SCALE 8-10)  0
DPTR FM NORMAL     M

[CDD (BASE 65) ]
TOTAL THIS MO.   312
DPTR FM NORMAL     M    [PRESSURE DATA]
TOTAL FM JAN 1  3138    HIGHEST SLP M ON M
DPTR FM NORMAL     M    LOWEST  SLP M ON M

[REMARKS]
