000
CXUS53 KUNR 280930
CF6ICR
PRELIMINARY LOCAL CLIMATOLOGICAL DATA (WS FORM: F-6)

                                          STATION:   WINNER REGIONAL AIRPORT SD
                                          MONTH:     SEPTEMBER
                                          YEAR:      2022
                                          LATITUDE:   43 23 N
                                          LONGITUDE:  99 50 W

  TEMPERATURE IN F:       :PCPN:    SNOW:  WIND      :SUNSHINE: SKY     :PK WND
================================================================================
1   2   3   4   5  6A  6B    7    8   9   10  11  12  13   14  15   16   17  18
                                     12Z  AVG MX 2MIN
DY MAX MIN AVG DEP HDD CDD  WTR  SNW DPTH SPD SPD DIR MIN PSBL S-S WX    SPD DR
================================================================================

 1 100  64  82  11   0  17 0.00    M    M  9.0 21 180   M    M   0        28 170
 2  95  61  78   7   0  13 0.00    M    M 11.5 24 360   M    M   0        35  40
 3  84  50  67  -4   0   2 0.00    M    M  5.5 14 100   M    M   0        20 100
 4  92  53  73   3   0   8 0.00    M    M 14.9 24 160   M    M   0        33 160
 5 103  66  85  15   0  20 0.00    M    M 15.4 26 190   M    M   0        36 180
 6  99  60  80  10   0  15 0.00    M    M  8.1 15  50   M    M   0 8      23  40
 7  99  61  80  10   0  15 0.00    M    M 13.6 24 180   M    M   0 8      34 190
 8 103  63  83  14   0  18 0.00    M    M 20.4 29  10   M    M   0        43 350
 9  65  49  57 -12   8   0 0.15    M    M  8.9 22 320   M    M   7 1      30 300
10  75  48  62  -6   3   0 0.00    M    M  6.9 15 300   M    M   1        21 340
11  82  47  65  -3   0   0 0.00    M    M  6.8 14 220   M    M   0        22 180
12  91  49  70   2   0   5 0.00    M    M  6.9 13 130   M    M   0 8      17 210
13  89  49  69   2   0   4 0.00    M    M  6.8 12  90   M    M   0        17  50
14  96  57  77  10   0  12 0.00    M    M 15.2 25 160   M    M   0 8      36 160
15  84  58  71   4   0   6    T    M    M 10.8 26 170   M    M   2        35 190
16  82  56  69   3   0   4 0.05    M    M  8.3 23 120   M    M   6 3      31 100
17  82  55  69   3   0   4 0.00    M    M 11.3 21 270   M    M   1        31 300
18  81  56  69   4   0   4 0.04    M    M  7.2 16 120   M    M   3        20 140
19  90  64  77  12   0  12 0.00    M    M 13.8 21 170   M    M   0        30 190
20  92  58  75  11   0  10 0.00    M    M 13.0 28 360   M    M   0        37 360
21  68  49  59  -5   6   0 0.05    M    M  7.6 21 350   M    M   3 1      26 340
22  67  45  56  -8   9   0    T    M    M 11.7 23 170   M    M   2        32 160
23  79  55  67   4   0   2 0.00    M    M 14.6 26 190   M    M   2        37 170
24  80  51  66   3   0   1 0.00    M    M 12.1 30 310   M    M   0        38 320
25  78  45  62   0   3   0 0.00    M    M 11.8 30 330   M    M   1        43 330
26  83  40  62   0   3   0 0.00    M    M  7.3 16 230   M    M   0        28 250
27  77  40  59  -2   6   0 0.00    M    M  7.3 15 120   M    M   0        20 120
================================================================================
SM 2316 1449        38 172  0.29    M    286.7          M       28
================================================================================
AV 85.8 53.7                              10.6 FASTST   M    M   1    MAX(MPH)
                                 MISC ---->  # 30 310               # 43 350
================================================================================
NOTES:
# LAST OF SEVERAL OCCURRENCES

COLUMN 17 PEAK WIND IN M.P.H.

PRELIMINARY LOCAL CLIMATOLOGICAL DATA (WS FORM: F-6) , PAGE 2

                                          STATION:   WINNER REGIONAL AIRPORT SD
                                          MONTH:     SEPTEMBER
                                          YEAR:      2022
                                          LATITUDE:   43 23 N
                                          LONGITUDE:  99 50 W

[TEMPERATURE DATA]      [PRECIPITATION DATA]       SYMBOLS USED IN COLUMN 16

AVERAGE MONTHLY: 69.7   TOTAL FOR MONTH:   0.29    1 = FOG OR MIST
DPTR FM NORMAL:   3.0   DPTR FM NORMAL:   -1.34    2 = FOG REDUCING VISIBILITY
HIGHEST:   103 ON  8, 5  GRTST 24HR  0.15 ON  9- 9      TO 1/4 MILE OR LESS
LOWEST:     40 ON 27,26                             3 = THUNDER
                        SNOW, ICE PELLETS, HAIL    4 = ICE PELLETS
                        TOTAL MONTH:  M            5 = HAIL
                        GRTST 24HR    M  ON   M    6 = FREEZING RAIN OR DRIZZLE
                        GRTST DEPTH:  M  ON   M    7 = DUSTSTORM OR SANDSTORM:
                                                       VSBY 1/2 MILE OR LESS
                                                   8 = SMOKE OR HAZE
[NO. OF DAYS WITH]      [WEATHER - DAYS WITH]      9 = BLOWING SNOW
                                                   X = TORNADO
MAX 32 OR BELOW:   0    0.01 INCH OR MORE:   4
MAX 90 OR ABOVE:  11    0.10 INCH OR MORE:   1
MIN 32 OR BELOW:   0    0.50 INCH OR MORE:   0
MIN  0 OR BELOW:   0    1.00 INCH OR MORE:   0

[HDD (BASE 65) ]
TOTAL THIS MO.    38    CLEAR  (SCALE 0-3)  25
DPTR FM NORMAL   -40    PTCLDY (SCALE 4-7)   2
TOTAL FM JUL 1    39    CLOUDY (SCALE 8-10)  0
DPTR FM NORMAL   -49

[CDD (BASE 65) ]
TOTAL THIS MO.   172
DPTR FM NORMAL    47    [PRESSURE DATA]
TOTAL FM JAN 1  1244    HIGHEST SLP M ON M
DPTR FM NORMAL   204    LOWEST  SLP 29.59 ON  8

[REMARKS]
