000
CXUS53 KUNR 280930
CF6IEN
PRELIMINARY LOCAL CLIMATOLOGICAL DATA (WS FORM: F-6)

                                          STATION:   PINE RIDGE SD
                                          MONTH:     SEPTEMBER
                                          YEAR:      2022
                                          LATITUDE:   43  1 N
                                          LONGITUDE: 102 31 W

  TEMPERATURE IN F:       :PCPN:    SNOW:  WIND      :SUNSHINE: SKY     :PK WND
================================================================================
1   2   3   4   5  6A  6B    7    8   9   10  11  12  13   14  15   16   17  18
                                     12Z  AVG MX 2MIN
DY MAX MIN AVG DEP HDD CDD  WTR  SNW DPTH SPD SPD DIR MIN PSBL S-S WX    SPD DR
================================================================================

 1 100  51  76   8   0  11 0.00    M    M  4.6 14 200   M    M   0        20 270
 2  91  54  73   5   0   8 0.00    M    M  8.5 18  30   M    M   0        27  40
 3  93  50  72   4   0   7 0.00    M    M  9.6 24 170   M    M   0        37 180
 4 100  67  84  17   0  19 0.00    M    M 18.3 29 180   M    M   0        42 180
 5 102  61  82  15   0  17 0.00    M    M  9.1 26 190   M    M   0        37 190
 6 100  51  76   9   0  11 0.00    M    M  7.8 20 140   M    M   0        30 150
 7 101  62  82  16   0  17 0.00    M    M  9.6 25 180   M    M   0        36 180
 8  95  54  75   9   0  10    T    M    M 13.4 32  20   M    M   1 8      48  20
 9  56  50  53 -13  12   0 0.11    M    M  6.0 18  20   M    M  10 1      25  40
10  70  41  56  -9   9   0 0.00    M    M  3.9 15 240   M    M   4        19 240
11  81  35  58  -7   7   0 0.00    M    M  3.2 17 190   M    M   0        22 200
12  92  35  64   0   1   0 0.00    M    M  3.6 12 300   M    M   0        15 280
13  90  39  65   1   0   0 0.00    M    M  5.9 26 140   M    M   0 8      40 150
14  94  59  77  13   0  12 0.00    M    M 11.4 28 170   M    M   1        39 140
15  81  53  67   4   0   2    T    M    M  5.6 21 360   M    M   3        31 350
16  80  50  65   2   0   0    T    M    M  4.1 28 200   M    M   4 123    38 200
17  81  52  67   5   0   2 0.02    M    M  9.2 23 140   M    M   1        32 150
18  83  56  70   8   0   5 0.39    M    M 11.5 30 150   M    M   3 13     40 160
19  94  51  73  12   0   8 0.00    M    M 10.4 26 180   M    M   0        38 180
20  86  46  66   5   0   1    T    M    M  8.5 21  20   M    M   0        29  20
21  66  47  57  -3   8   0 0.02    M    M  7.3 20  50   M    M   4        28  60
22  60  51  56  -4   9   0    T    M    M 17.0 32 200   M    M   8        45 200
23  75  44  60   1   5   0 0.00    M    M 10.4 29 280   M    M   0        43 270
24  81  43  62   3   3   0 0.00    M    M  7.8 20  10   M    M   0        28 360
25  76  33  55  -3  10   0 0.00    M    M  4.9 16 350   M    M   0        26  30
26  83  33  58   0   7   0 0.00    M    M  4.5 15 360   M    M   0        20  30
27  78  34  56  -1   9   0 0.00    M    M  7.3 28 150   M    M   0        40 160
================================================================================
SM 2289 1302        80 130  0.54    M    223.4          M       39
================================================================================
AV 84.8 48.2                               8.3 FASTST   M    M   1    MAX(MPH)
                                 MISC ---->  # 32  20                 48  20
================================================================================
NOTES:
# LAST OF SEVERAL OCCURRENCES

COLUMN 17 PEAK WIND IN M.P.H.

PRELIMINARY LOCAL CLIMATOLOGICAL DATA (WS FORM: F-6) , PAGE 2

                                          STATION:   PINE RIDGE SD
                                          MONTH:     SEPTEMBER
                                          YEAR:      2022
                                          LATITUDE:   43  1 N
                                          LONGITUDE: 102 31 W

[TEMPERATURE DATA]      [PRECIPITATION DATA]       SYMBOLS USED IN COLUMN 16

AVERAGE MONTHLY: 66.5   TOTAL FOR MONTH:   0.54    1 = FOG OR MIST
DPTR FM NORMAL:   3.2   DPTR FM NORMAL:   -0.76    2 = FOG REDUCING VISIBILITY
HIGHEST:   102 ON  5    GRTST 24HR  0.41 ON 17-18      TO 1/4 MILE OR LESS
LOWEST:     33 ON 26,25                             3 = THUNDER
                        SNOW, ICE PELLETS, HAIL    4 = ICE PELLETS
                        TOTAL MONTH:  M            5 = HAIL
                        GRTST 24HR    M  ON   M    6 = FREEZING RAIN OR DRIZZLE
                        GRTST DEPTH:  M  ON   M    7 = DUSTSTORM OR SANDSTORM:
                                                       VSBY 1/2 MILE OR LESS
                                                   8 = SMOKE OR HAZE
[NO. OF DAYS WITH]      [WEATHER - DAYS WITH]      9 = BLOWING SNOW
                                                   X = TORNADO
MAX 32 OR BELOW:   0    0.01 INCH OR MORE:   4
MAX 90 OR ABOVE:  12    0.10 INCH OR MORE:   2
MIN 32 OR BELOW:   0    0.50 INCH OR MORE:   0
MIN  0 OR BELOW:   0    1.00 INCH OR MORE:   0

[HDD (BASE 65) ]
TOTAL THIS MO.    80    CLEAR  (SCALE 0-3)  21
DPTR FM NORMAL   -46    PTCLDY (SCALE 4-7)   4
TOTAL FM JUL 1    80    CLOUDY (SCALE 8-10)  2
DPTR FM NORMAL   -75

[CDD (BASE 65) ]
TOTAL THIS MO.   130
DPTR FM NORMAL    49    [PRESSURE DATA]
TOTAL FM JAN 1   979    HIGHEST SLP M ON M
DPTR FM NORMAL   201    LOWEST  SLP 29.64 ON 14

[REMARKS]
