000
CXUS54 KFWD 280731
CF6ILE
PRELIMINARY LOCAL CLIMATOLOGICAL DATA (WS FORM: F-6)

                                          STATION:   KILLEEN SKYLARK
                                          MONTH:     SEPTEMBER
                                          YEAR:      2022
                                          LATITUDE:   31  4 N
                                          LONGITUDE:  97 41 W

  TEMPERATURE IN F:       :PCPN:    SNOW:  WIND      :SUNSHINE: SKY     :PK WND
================================================================================
1   2   3   4   5  6A  6B    7    8   9   10  11  12  13   14  15   16   17  18
                                     12Z  AVG MX 2MIN
DY MAX MIN AVG DEP HDD CDD  WTR  SNW DPTH SPD SPD DIR MIN PSBL S-S WX    SPD DR
================================================================================

 1  92  74  83   1   0  18 0.00    M    M  4.6 15 110   M    M   2 1      26  70
 2  90  73  82   0   0  17 0.00    M    M  5.4  9 130   M    M   1         M   M
 3  89  75  82   1   0  17 0.02    M    M  4.4  9 170   M    M   2         M   M
 4  96  69  83   2   0  18 0.12    M    M  6.7 36  20   M    M   2        43  50
 5  94  65  80  -1   0  15    T    M    M  5.1 12 180   M    M   1         M   M
 6  95  72  84   4   0  19 0.11    M    M  5.4 21 170   M    M   3 3      29 170
 7  94  73  84   4   0  19 0.00    M    M  5.9 12 150   M    M   1         M   M
 8  92  70  81   1   0  16 0.00    M    M  5.4 14  70   M    M   2 8       M   M
 9  92  67  80   0   0  15 0.00    M    M  3.7  8 110   M    M   1         M   M
10  92  67  80   1   0  15 0.00    M    M  4.6 12  80   M    M   2         M   M
11  88  70  79   0   0  14 0.00    M    M  7.2 15 360   M    M   1        22 360
12  90  66  78   0   0  13 0.00    M    M  4.5  7 100   M    M   0         M   M
13  93  67  80   2   0  15 0.00    M    M  6.6 10 130   M    M   1 8       M   M
14  91  68  80   2   0  15 0.00    M    M  5.8 12 130   M    M   0         M   M
15  89  60  75  -3   0  10 0.00    M    M  6.1 10 120   M    M   1         M   M
16  94  73  84   7   0  19 0.00    M    M  7.6 12 150   M    M   4         M   M
17  95  73  84   7   0  19 0.00    M    M 10.1 16 150   M    M   2        21 150
18  95  72  84   8   0  19 0.00    M    M  7.8 13 170   M    M   1        17 110
19  95  72  84   8   0  19 0.00    M    M  6.8 12 160   M    M   0         M   M
20  96  72  84   8   0  19 0.00    M    M  6.5 12 140   M    M   0        16 140
21  96  70  83   7   0  18 0.00    M    M  4.8  9 150   M    M   0         M   M
22  98  66  82   7   0  17 0.00    M    M  3.2  7 170   M    M   0         M   M
23  97  70  84   9   0  19 0.00    M    M  5.3 12 160   M    M   1         M   M
24  94  69  82   8   0  17 0.00    M    M  8.5 15 160   M    M   0        20 160
25  97  72  85  11   0  20 0.00    M    M  4.5  9 360   M    M   1         M   M
26  89  60  75   1   0  10 0.00    M    M 10.0 16  20   M    M   1        25  20
27  90  55  73  -1   0   8 0.00    M    M  5.2 10  50   M    M   0        17  99
================================================================================
SM 2513 1860         0 440  0.25    M    161.7          M       30
================================================================================
AV 93.1 68.9                               6.0 FASTST   M    M   1    MAX(MPH)
                                 MISC ---->    36  20                 43  50
================================================================================
NOTES:
# LAST OF SEVERAL OCCURRENCES

COLUMN 17 PEAK WIND IN M.P.H.

PRELIMINARY LOCAL CLIMATOLOGICAL DATA (WS FORM: F-6) , PAGE 2

                                          STATION:   KILLEEN SKYLARK
                                          MONTH:     SEPTEMBER
                                          YEAR:      2022
                                          LATITUDE:   31  4 N
                                          LONGITUDE:  97 41 W

[TEMPERATURE DATA]      [PRECIPITATION DATA]       SYMBOLS USED IN COLUMN 16

AVERAGE MONTHLY: 81.0   TOTAL FOR MONTH:   0.25    1 = FOG OR MIST
DPTR FM NORMAL:   3.2   DPTR FM NORMAL:   -2.10    2 = FOG REDUCING VISIBILITY
HIGHEST:    98 ON 22    GRTST 24HR  0.12 ON  4- 4      TO 1/4 MILE OR LESS
LOWEST:     55 ON 27                               3 = THUNDER
                        SNOW, ICE PELLETS, HAIL    4 = ICE PELLETS
                        TOTAL MONTH:  M            5 = HAIL
                        GRTST 24HR    M  ON   M    6 = FREEZING RAIN OR DRIZZLE
                        GRTST DEPTH:  M  ON   M    7 = DUSTSTORM OR SANDSTORM:
                                                       VSBY 1/2 MILE OR LESS
                                                   8 = SMOKE OR HAZE
[NO. OF DAYS WITH]      [WEATHER - DAYS WITH]      9 = BLOWING SNOW
                                                   X = TORNADO
MAX 32 OR BELOW:   0    0.01 INCH OR MORE:   3
MAX 90 OR ABOVE:  23    0.10 INCH OR MORE:   2
MIN 32 OR BELOW:   0    0.50 INCH OR MORE:   0
MIN  0 OR BELOW:   0    1.00 INCH OR MORE:   0

[HDD (BASE 65) ]
TOTAL THIS MO.     0    CLEAR  (SCALE 0-3)  26
DPTR FM NORMAL    -1    PTCLDY (SCALE 4-7)   1
TOTAL FM JUL 1     0    CLOUDY (SCALE 8-10)  0
DPTR FM NORMAL    -1

[CDD (BASE 65) ]
TOTAL THIS MO.   440
DPTR FM NORMAL    90    [PRESSURE DATA]
TOTAL FM JAN 1  3196    HIGHEST SLP M ON M
DPTR FM NORMAL   862    LOWEST  SLP M ON M

[REMARKS]
