000
CXUS51 KPHI 260815
CF6ILG
PRELIMINARY LOCAL CLIMATOLOGICAL DATA (WS FORM: F-6)

                                          STATION:   WILMINGTON DE
                                          MONTH:     SEPTEMBER
                                          YEAR:      2022
                                          LATITUDE:   39 40 N
                                          LONGITUDE:  75 36 W

  TEMPERATURE IN F:       :PCPN:    SNOW:  WIND      :SUNSHINE: SKY     :PK WND
================================================================================
1   2   3   4   5  6A  6B    7    8   9   10  11  12  13   14  15   16   17  18
                                     12Z  AVG MX 2MIN
DY MAX MIN AVG DEP HDD CDD  WTR  SNW DPTH SPD SPD DIR MIN PSBL S-S WX    SPD DR
================================================================================

 1  89  63  76   3   0  11 0.00  0.0    0  7.7 20 300   M    M   0        25 280
 2  85  62  74   1   0   9 0.00  0.0    0  7.2 15  50   M    M   0        19  50
 3  85  64  75   2   0  10 0.00  0.0    0  6.9 16 160   M    M   2        20 170
 4  89  68  79   6   0  14 0.00  0.0    0  7.1 17 170   M    M   1        21 170
 5  87  70  79   7   0  14 0.01  0.0    0  8.6 20 160   M    M   2        24 160
 6  76  71  74   2   0   9 1.84  0.0    0  9.1 20 170   M    M  10 12     24 170
 7  72  68  70  -2   0   5 0.09  0.0    0  9.4 17  50   M    M  10 1      21  50
 8  82  64  73   1   0   8 0.00  0.0    0  6.8 15  40   M    M   4        20 340
 9  83  59  71   0   0   6 0.00  0.0    0  6.4 17 160   M    M   0        21 150
10  81  58  70  -1   0   5    T  0.0    0  4.8 12 170   M    M   1 1      13 170
11  75  71  73   2   0   8 0.40  0.0    0  6.3 21 160   M    M  10 1      25 150
12  85  73  79   9   0  14 0.03  0.0    0  5.0 15 150   M    M   8 1      19 160
13  84  64  74   4   0   9    T  0.0    0  7.8 18 270   M    M   2 1      23 270
14  81  59  70   0   0   5 0.00  0.0    0  8.1 17 290   M    M   0        22 330
15  78  55  67  -2   0   2 0.00  0.0    0  7.4 18 350   M    M   0        22 360
16  79  51  65  -4   0   0 0.00  0.0    0  4.1 10 280   M    M   0        14 300
17  81  57  69   0   0   4 0.00  0.0    0  6.0 15 170   M    M   0        17 170
18  84  62  73   5   0   8 0.00  0.0    0  6.5 17 260   M    M   0        21 220
19  87  65  76   8   0  11    T  0.0    0  5.6 20 250   M    M   1 1      25 250
20  83  63  73   5   0   8 0.00  0.0    0  8.2 22 300   M    M   1        27 320
21  82  58  70   3   0   5 0.00  0.0    0  5.8 14 170   M    M   0        16 150
22  81  55  68   1   0   3 0.03  0.0    0  9.6 26 310   M    M   3        39 330
23  67  48  58  -8   7   0 0.00  0.0    0 13.9 25 320   M    M   1        33 340
24  71  42  57  -9   8   0 0.00  0.0    0  7.6 15 300   M    M   1        19 300
25  78  58  68   2   0   3 0.37  0.0    0  6.8 31 290   M    M   5 138    40 300
================================================================================
SM 2025 1528        15 171  2.77  0.0    182.7          M       62
================================================================================
AV 81.0 61.1                               7.3 FASTST   M    M   2    MAX(MPH)
                                 MISC ---->    31 290                 40 300
================================================================================
NOTES:
# LAST OF SEVERAL OCCURRENCES

COLUMN 17 PEAK WIND IN M.P.H.

PRELIMINARY LOCAL CLIMATOLOGICAL DATA (WS FORM: F-6) , PAGE 2

                                          STATION:   WILMINGTON DE
                                          MONTH:     SEPTEMBER
                                          YEAR:      2022
                                          LATITUDE:   39 40 N
                                          LONGITUDE:  75 36 W

[TEMPERATURE DATA]      [PRECIPITATION DATA]       SYMBOLS USED IN COLUMN 16

AVERAGE MONTHLY: 71.1   TOTAL FOR MONTH:   2.77    1 = FOG OR MIST
DPTR FM NORMAL:   1.2   DPTR FM NORMAL:   -0.84    2 = FOG REDUCING VISIBILITY
HIGHEST:    89 ON  4, 1  GRTST 24HR  1.85 ON  5- 6      TO 1/4 MILE OR LESS
LOWEST:     42 ON 24                               3 = THUNDER
                        SNOW, ICE PELLETS, HAIL    4 = ICE PELLETS
                        TOTAL MONTH:   0.0 INCH    5 = HAIL
                        GRTST 24HR  0.0            6 = FREEZING RAIN OR DRIZZLE
                        GRTST DEPTH:  0            7 = DUSTSTORM OR SANDSTORM:
                                                       VSBY 1/2 MILE OR LESS
                                                   8 = SMOKE OR HAZE
[NO. OF DAYS WITH]      [WEATHER - DAYS WITH]      9 = BLOWING SNOW
                                                   X = TORNADO
MAX 32 OR BELOW:   0    0.01 INCH OR MORE:   7
MAX 90 OR ABOVE:   0    0.10 INCH OR MORE:   3
MIN 32 OR BELOW:   0    0.50 INCH OR MORE:   1
MIN  0 OR BELOW:   0    1.00 INCH OR MORE:   1

[HDD (BASE 65) ]
TOTAL THIS MO.    15    CLEAR  (SCALE 0-3)  19
DPTR FM NORMAL    -5    PTCLDY (SCALE 4-7)   3
TOTAL FM JUL 1    15    CLOUDY (SCALE 8-10)  3
DPTR FM NORMAL    -6

[CDD (BASE 65) ]
TOTAL THIS MO.   171
DPTR FM NORMAL    30    [PRESSURE DATA]
TOTAL FM JAN 1  1404    HIGHEST SLP M ON M
DPTR FM NORMAL   212    LOWEST  SLP 29.61 ON 25

[REMARKS]
