000
CXUS53 KIND 280600
CF6IND
PRELIMINARY LOCAL CLIMATOLOGICAL DATA (WS FORM: F-6)

                                          STATION:   INDIANAPOLIS IN
                                          MONTH:     SEPTEMBER
                                          YEAR:      2022
                                          LATITUDE:   39 43 N
                                          LONGITUDE:  86 17 W

  TEMPERATURE IN F:       :PCPN:    SNOW:  WIND      :SUNSHINE: SKY     :PK WND
================================================================================
1   2   3   4   5  6A  6B    7    8   9   10  11  12  13   14  15   16   17  18
                                     12Z  AVG MX 2MIN
DY MAX MIN AVG DEP HDD CDD  WTR  SNW DPTH SPD SPD DIR MIN PSBL S-S WX    SPD DR
================================================================================

 1  86  61  74   1   0   9 0.00  0.0    0  4.2 10 260   M    M   4        14 190
 2  84  67  76   4   0  11 0.00  0.0    0  5.8 14 120   M    M   7        20 110
 3  80  69  75   3   0  10 0.23  0.0    0  5.6 18 160   M    M   8 13     22 160
 4  82  69  76   4   0  11 0.00  0.0    0  6.2 13  50   M    M   9 3      17 360
 5  80  70  75   3   0  10 0.07  0.0    0  9.1 16  30   M    M   9 1      21  40
 6  81  68  75   4   0  10    T  0.0    0  8.3 14  40   M    M   7 1      19  40
 7  81  64  73   2   0   8 0.00  0.0    0  7.5 18 340   M    M   4        22 350
 8  80  60  70  -1   0   5 0.00  0.0    0  6.2 13 110   M    M   1        16 130
 9  83  60  72   2   0   7 0.00  0.0    0  6.7 15 140   M    M   3        21 140
10  87  65  76   6   0  11 0.06  0.0    0  5.0 17 160   M    M   7 3      23 160
11  76  60  68  -2   0   3 0.72  0.0    0  9.6 21 280   M    M   9 1      27 300
12  67  54  61  -8   4   0 0.05  0.0    0 11.2 18 200   M    M   9        24 220
13  69  54  62  -7   3   0 0.00  0.0    0  5.7 13 260   M    M   8        16 280
14  82  57  70   1   0   5 0.00  0.0    0  2.3  9 180   M    M   1 1      12 190
15  82  61  72   4   0   7 0.00  0.0    0  3.1  8 190   M    M   2 1      12 160
16  82  61  72   4   0   7 0.00  0.0    0  5.9 12 160   M    M   6 1      15 140
17  84  63  74   6   0   9 0.00  0.0    0  8.1 17 210   M    M   5        24 200
18  85  63  74   7   0   9 0.00  0.0    0 10.3 18 210   M    M   4        25 220
19  82  68  75   8   0  10 0.65  0.0    0  8.0 28 180   M    M   6 13     35 220
20  86  63  75   9   0  10 0.00  0.0    0  6.5 14 170   M    M   3 8      19 170
21  93  71  82  16   0  17    T  0.0    0 10.5 22 360   M    M   4        27 300
22  74  53  64  -2   1   0 0.00  0.0    0 14.6 24 340   M    M   6        32 350
23  63  46  55 -10  10   0    T  0.0    0  5.4 14 170   M    M   6        16 160
24  76  52  64  -1   1   0 0.34  0.0    0 10.2 16 240   M    M   6 1      23 200
25  71  57  64   0   1   0    T  0.0    0 13.3 24 290   M    M   6        35 280
26  68  49  59  -5   6   0 0.00  0.0    0 13.2 28 280   M    M   4        37 280
27  66  42  54  -9  11   0 0.00  0.0    0 11.4 24 310   M    M   2        34 310
================================================================================
SM 2130 1627        37 169  2.12  0.0    213.9          M      146
================================================================================
AV 78.9 60.3                               7.9 FASTST   M    M   5    MAX(MPH)
                                 MISC ---->  # 28 180                 37 280
================================================================================
NOTES:
# LAST OF SEVERAL OCCURRENCES

COLUMN 17 PEAK WIND IN M.P.H.

PRELIMINARY LOCAL CLIMATOLOGICAL DATA (WS FORM: F-6) , PAGE 2

                                          STATION:   INDIANAPOLIS IN
                                          MONTH:     SEPTEMBER
                                          YEAR:      2022
                                          LATITUDE:   39 43 N
                                          LONGITUDE:  86 17 W

[TEMPERATURE DATA]      [PRECIPITATION DATA]       SYMBOLS USED IN COLUMN 16

AVERAGE MONTHLY: 69.6   TOTAL FOR MONTH:   2.12    1 = FOG OR MIST
DPTR FM NORMAL:   1.1   DPTR FM NORMAL:   -0.70    2 = FOG REDUCING VISIBILITY
HIGHEST:    93 ON 21    GRTST 24HR  0.78 ON 10-11      TO 1/4 MILE OR LESS
LOWEST:     42 ON 27                               3 = THUNDER
                        SNOW, ICE PELLETS, HAIL    4 = ICE PELLETS
                        TOTAL MONTH:   0.0 INCH    5 = HAIL
                        GRTST 24HR  0.0            6 = FREEZING RAIN OR DRIZZLE
                        GRTST DEPTH:  0            7 = DUSTSTORM OR SANDSTORM:
                                                       VSBY 1/2 MILE OR LESS
                                                   8 = SMOKE OR HAZE
[NO. OF DAYS WITH]      [WEATHER - DAYS WITH]      9 = BLOWING SNOW
                                                   X = TORNADO
MAX 32 OR BELOW:   0    0.01 INCH OR MORE:   7
MAX 90 OR ABOVE:   1    0.10 INCH OR MORE:   4
MIN 32 OR BELOW:   0    0.50 INCH OR MORE:   2
MIN  0 OR BELOW:   0    1.00 INCH OR MORE:   0

[HDD (BASE 65) ]
TOTAL THIS MO.    37    CLEAR  (SCALE 0-3)   6
DPTR FM NORMAL    -7    PTCLDY (SCALE 4-7)  17
TOTAL FM JUL 1    37    CLOUDY (SCALE 8-10)  4
DPTR FM NORMAL   -10

[CDD (BASE 65) ]
TOTAL THIS MO.   169
DPTR FM NORMAL    33    [PRESSURE DATA]
TOTAL FM JAN 1  1327    HIGHEST SLP M ON M
DPTR FM NORMAL   215    LOWEST  SLP 29.72 ON 25

[REMARKS]
