000
CXUS53 KDLH 280820
CF6INL
PRELIMINARY LOCAL CLIMATOLOGICAL DATA (WS FORM: F-6)

                                          STATION:   INTERNATIONAL FALLS
                                          MONTH:     SEPTEMBER
                                          YEAR:      2022
                                          LATITUDE:   48 34 N
                                          LONGITUDE:  93 23 W

  TEMPERATURE IN F:       :PCPN:    SNOW:  WIND      :SUNSHINE: SKY     :PK WND
================================================================================
1   2   3   4   5  6A  6B    7    8   9   10  11  12  13   14  15   16   17  18
                                     12Z  AVG MX 2MIN
DY MAX MIN AVG DEP HDD CDD  WTR  SNW DPTH SPD SPD DIR MIN PSBL S-S WX    SPD DR
================================================================================

 1  86  61  74  14   0   9 0.00  0.0    0  5.8 15 230   M    M   1        21 230
 2  72  52  62   3   3   0 0.00  0.0    0 10.3 21 300   M    M   0        30 280
 3  66  43  55  -4  10   0 0.00  0.0    0  2.7  9  30   M    M   0        14  20
 4  70  42  56  -2   9   0 0.00  0.0    0  4.9 13 140   M    M   0        18 140
 5  71  43  57  -1   8   0 0.00  0.0    0  6.8 16 140   M    M   0        23 140
 6  80  51  66   8   0   1 0.00  0.0    0  6.1 12 300   M    M   1        20 200
 7  77  42  60   2   5   0 0.00  0.0    0  2.8  8 230   M    M   0        14 140
 8  79  58  69  12   0   4 0.04  0.0    0  8.0 18 300   M    M   2 1      25 300
 9  69  48  59   2   6   0 0.02  0.0    0  2.9 20 320   M    M   3 1      25 310
10  68  39  54  -2  11   0    T  0.0    0  3.0 13 250   M    M   2        20 240
11  70  34  52  -4  13   0 0.00  0.0    0  1.7 10 300   M    M   0 1      14 300
12  78  38  58   2   7   0 0.00  0.0    0  3.5  9 260   M    M   0        15 260
13  67  45  56   1   9   0 0.00  0.0    0  5.3 14  30   M    M   0        21  50
14  64  46  55   0  10   0 0.00  0.0    0 10.1 17 120   M    M   2        23 120
15  65  51  58   3   7   0 1.35  0.0    0  9.2 25 340   M    M   9 13     46 330
16  61  56  59   5   6   0 0.74  0.0    0  8.8 14 110   M    M  10 1      20 100
17  70  56  63   9   2   0 0.02  0.0    0  2.1  9 100   M    M   9 12     13 220
18  69  56  63  10   2   0 0.00  0.0    0  6.2 12 290   M    M   6 1      19 290
19  73  48  61   8   4   0 0.04  0.0    0  3.7 10 220   M    M   3 12     17 230
20  73  54  64  11   1   0 0.03  0.0    0  5.7 17 270   M    M   2 8      27 260
21  58  41  50  -2  15   0    T  0.0    0 11.1 24 320   M    M   5 18     36 310
22  57  35  46  -6  19   0 0.00  0.0    0  4.1 12 360   M    M   2        15  70
23  60  35  48  -3  17   0 0.05  0.0    0  6.7 14 140   M    M   5        22 170
24  56  50  53   2  12   0 0.05  0.0    0  3.1  8 140   M    M  10 1      12 150
25  61  44  53   3  12   0 0.02  0.0    0 12.3 26 330   M    M   8 1      40 340
26  55  38  47  -3  18   0 0.00  0.0    0  8.8 18 330   M    M   4        32 310
27  53  30  42  -8  23   0 0.00  0.0    0  5.9 13 360   M    M   1        18  10
================================================================================
SM 1828 1236       229  14  2.36  0.0    161.6          M       85
================================================================================
AV 67.7 45.8                               6.0 FASTST   M    M   3    MAX(MPH)
                                 MISC ---->    26 330                 46 330
================================================================================
NOTES:
# LAST OF SEVERAL OCCURRENCES

COLUMN 17 PEAK WIND IN M.P.H.

PRELIMINARY LOCAL CLIMATOLOGICAL DATA (WS FORM: F-6) , PAGE 2

                                          STATION:   INTERNATIONAL FALLS
                                          MONTH:     SEPTEMBER
                                          YEAR:      2022
                                          LATITUDE:   48 34 N
                                          LONGITUDE:  93 23 W

[TEMPERATURE DATA]      [PRECIPITATION DATA]       SYMBOLS USED IN COLUMN 16

AVERAGE MONTHLY: 56.7   TOTAL FOR MONTH:   2.36    1 = FOG OR MIST
DPTR FM NORMAL:   1.9   DPTR FM NORMAL:   -0.37    2 = FOG REDUCING VISIBILITY
HIGHEST:    86 ON  1    GRTST 24HR  1.75 ON 15-16      TO 1/4 MILE OR LESS
LOWEST:     30 ON 27                               3 = THUNDER
                        SNOW, ICE PELLETS, HAIL    4 = ICE PELLETS
                        TOTAL MONTH:   0.0 INCH    5 = HAIL
                        GRTST 24HR  0.0            6 = FREEZING RAIN OR DRIZZLE
                        GRTST DEPTH:  0            7 = DUSTSTORM OR SANDSTORM:
                                                       VSBY 1/2 MILE OR LESS
                                                   8 = SMOKE OR HAZE
[NO. OF DAYS WITH]      [WEATHER - DAYS WITH]      9 = BLOWING SNOW
                                                   X = TORNADO
MAX 32 OR BELOW:   0    0.01 INCH OR MORE:  10
MAX 90 OR ABOVE:   0    0.10 INCH OR MORE:   2
MIN 32 OR BELOW:   1    0.50 INCH OR MORE:   2
MIN  0 OR BELOW:   0    1.00 INCH OR MORE:   1

[HDD (BASE 65) ]
TOTAL THIS MO.   229    CLEAR  (SCALE 0-3)  16
DPTR FM NORMAL   -59    PTCLDY (SCALE 4-7)   7
TOTAL FM JUL 1   309    CLOUDY (SCALE 8-10)  4
DPTR FM NORMAL  -169

[CDD (BASE 65) ]
TOTAL THIS MO.    14
DPTR FM NORMAL     4    [PRESSURE DATA]
TOTAL FM JAN 1   191    HIGHEST SLP M ON M
DPTR FM NORMAL    19    LOWEST  SLP 29.50 ON  8

[REMARKS]
