000
CXUS56 KFGZ 280910
CF6INW
PRELIMINARY LOCAL CLIMATOLOGICAL DATA (WS FORM: F-6)

                                          STATION:   WINSLOW AZ AIRPORT
                                          MONTH:     SEPTEMBER
                                          YEAR:      2022
                                          LATITUDE:   35  1 N
                                          LONGITUDE: 110 44 W

  TEMPERATURE IN F:       :PCPN:    SNOW:  WIND      :SUNSHINE: SKY     :PK WND
================================================================================
1   2   3   4   5  6A  6B    7    8   9   10  11  12  13   14  15   16   17  18
                                     12Z  AVG MX 2MIN
DY MAX MIN AVG DEP HDD CDD  WTR  SNW DPTH SPD SPD DIR MIN PSBL S-S WX    SPD DR
================================================================================

 1  96  61  79   5   0  14 0.00    M    M  6.1 20 110   M    M   0        26  70
 2  98  62  80   6   0  15    T    M    M  7.1 30 130   M    M   0 38     37 130
 3  96  61  79   5   0  14 0.00    M    M  8.5 30 120   M    M   0 8      36 120
 4  93  63  78   4   0  13 0.00    M    M  7.8 16 120   M    M   0        21 120
 5  99  59  79   5   0  14 0.00    M    M  5.1 13 250   M    M   0        17 330
 6  98  58  78   5   0  13 0.00    M    M  6.1 17 240   M    M   0        22  70
 7  96  65  81   8   0  16 0.00    M    M  8.1 17 230   M    M   0        22 120
 8  96  66  81   8   0  16 0.00    M    M  5.3 21 250   M    M   0        24 250
 9  90  65  78   6   0  13 0.00    M    M  7.3 20 230   M    M   0        23 220
10  87  63  75   3   0  10 0.34    M    M  8.4 30 270   M    M   3 38     37 280
11  86  56  71  -1   0   6 0.00    M    M  5.1 15 130   M    M   0 3      19 120
12  85  62  74   3   0   9    T    M    M  8.4 32 170   M    M   1 3      40 170
13  78  61  70  -1   0   5 0.13    M    M  7.4 21 320   M    M   4 3      27 320
14  82  57  70  -1   0   5 0.00    M    M  9.3 21 260   M    M   3        28 240
15  84  49  67  -3   0   2 0.00    M    M  3.7 12 220   M    M   1        15 150
16  87  56  72   2   0   7 0.00    M    M  6.8 17 240   M    M   0        22 230
17  90  54  72   3   0   7 0.00    M    M 10.9 28 200   M    M   0        37 210
18  90  53  72   3   0   7 0.00    M    M  9.8 25 220   M    M   0        32 210
19  91  54  73   4   0   8 0.00    M    M  7.2 15 240   M    M   1        24 230
20  76  65  71   3   0   6 0.04    M    M  5.2 12 110   M    M   5        15 180
21  74  64  69   1   0   4 0.45    M    M  6.4 15 290   M    M   8 13     20 280
22  78  60  69   2   0   4 0.03    M    M  4.8 18 220   M    M   5 3      24 250
23  82  55  69   2   0   4 0.00    M    M  5.0 23 190   M    M   0        26 190
24  84  53  69   3   0   4 0.00    M    M  4.2 14 340   M    M   0        18 340
25  84  47  66   0   0   1 0.00    M    M  4.7  9  80   M    M   0        13  40
26  88  50  69   3   0   4 0.00    M    M  5.7 18 240   M    M   0        23 140
27  85  57  71   6   0   6 0.00    M    M  6.8 15 100   M    M   0        19  90
================================================================================
SM 2373 1576         0 227  0.99    M    181.2          M       31
================================================================================
AV 87.9 58.4                               6.7 FASTST   M    M   1    MAX(MPH)
                                 MISC ---->    32 170                 40 170
================================================================================
NOTES:
# LAST OF SEVERAL OCCURRENCES

COLUMN 17 PEAK WIND IN M.P.H.

PRELIMINARY LOCAL CLIMATOLOGICAL DATA (WS FORM: F-6) , PAGE 2

                                          STATION:   WINSLOW AZ AIRPORT
                                          MONTH:     SEPTEMBER
                                          YEAR:      2022
                                          LATITUDE:   35  1 N
                                          LONGITUDE: 110 44 W

[TEMPERATURE DATA]      [PRECIPITATION DATA]       SYMBOLS USED IN COLUMN 16

AVERAGE MONTHLY: 73.1   TOTAL FOR MONTH:   0.99    1 = FOG OR MIST
DPTR FM NORMAL:   2.8   DPTR FM NORMAL:    0.17    2 = FOG REDUCING VISIBILITY
HIGHEST:    99 ON  5    GRTST 24HR  0.46 ON 21-22      TO 1/4 MILE OR LESS
LOWEST:     47 ON 25                               3 = THUNDER
                        SNOW, ICE PELLETS, HAIL    4 = ICE PELLETS
                        TOTAL MONTH:  M            5 = HAIL
                        GRTST 24HR    M  ON   M    6 = FREEZING RAIN OR DRIZZLE
                        GRTST DEPTH:  M  ON   M    7 = DUSTSTORM OR SANDSTORM:
                                                       VSBY 1/2 MILE OR LESS
                                                   8 = SMOKE OR HAZE
[NO. OF DAYS WITH]      [WEATHER - DAYS WITH]      9 = BLOWING SNOW
                                                   X = TORNADO
MAX 32 OR BELOW:   0    0.01 INCH OR MORE:   5
MAX 90 OR ABOVE:  12    0.10 INCH OR MORE:   3
MIN 32 OR BELOW:   0    0.50 INCH OR MORE:   0
MIN  0 OR BELOW:   0    1.00 INCH OR MORE:   0

[HDD (BASE 65) ]
TOTAL THIS MO.     0    CLEAR  (SCALE 0-3)  22
DPTR FM NORMAL   -15    PTCLDY (SCALE 4-7)   4
TOTAL FM JUL 1     0    CLOUDY (SCALE 8-10)  1
DPTR FM NORMAL   -15

[CDD (BASE 65) ]
TOTAL THIS MO.   227
DPTR FM NORMAL    69    [PRESSURE DATA]
TOTAL FM JAN 1  1558    HIGHEST SLP M ON M
DPTR FM NORMAL   246    LOWEST  SLP 29.63 ON  9

[REMARKS]
