000
CXUS55 KPSR 251005
CF6IPL
PRELIMINARY LOCAL CLIMATOLOGICAL DATA (WS FORM: F-6)

                                          STATION:   IMPERIAL CA
                                          MONTH:     SEPTEMBER
                                          YEAR:      2022
                                          LATITUDE:   32 50 N
                                          LONGITUDE: 115 35 W

  TEMPERATURE IN F:       :PCPN:    SNOW:  WIND      :SUNSHINE: SKY     :PK WND
================================================================================
1   2   3   4   5  6A  6B    7    8   9   10  11  12  13   14  15   16   17  18
                                     12Z  AVG MX 2MIN
DY MAX MIN AVG DEP HDD CDD  WTR  SNW DPTH SPD SPD DIR MIN PSBL S-S WX    SPD DR
================================================================================

 1 110  86  98   6   0  33 0.00    M    M  9.2 17 140   M    M   2        24 120
 2 107  85  96   4   0  31 0.00    M    M 11.9 24 140   M    M   1        32 140
 3 107  84  96   5   0  31 0.00    M    M  7.0 17 200   M    M   1        25 210
 4 107  88  98   7   0  33 0.00    M    M  4.2 10 270   M    M   0        13 270
 5 114  84  99   8   0  34 0.00    M    M  6.2 20 100   M    M   3 8      27 130
 6 113  80  97   6   0  32 0.00    M    M  6.4 23 140   M    M   3        30 120
 7 104  85  95   5   0  30 0.00    M    M  9.9 15 130   M    M   1        21 120
 8 102  83  93   3   0  28 0.00    M    M  9.6 30 160   M    M   M        39 160
 9  87  73  80 -10   0  15    M    M    M 11.3 26 160   M    M   5 1      35 150
10  85  76  81  -8   0  16    M    M    M  3.1 13 130   M    M   3        15 130
11  93  74  84  -5   0  19 0.00    M    M  4.2  9 340   M    M   1 8      12  60
12  93  77  85  -4   0  20    M    M    M  5.5 13 290   M    M   1        20 280
13  95  78  87  -1   0  22    M    M    M  5.6 16 280   M    M   1        23 260
14  95  74  85  -3   0  20 0.00    M    M  4.9 16 270   M    M   0        21 260
15  96  71  84  -4   0  19 0.00    M    M  5.6 15 260   M    M   0        22 260
16  97  68  83  -4   0  18 0.00    M    M  4.5 13 270   M    M   0        17 280
17  98  70  84  -3   0  19 0.00    M    M  5.5 12 280   M    M   0        17 120
18  96  68  82  -4   0  17 0.00    M    M  4.6 15 280   M    M   0        21 290
19  97  68  83  -3   0  18 0.00    M    M  5.1 13 280   M    M   0        19 280
20  98  71  85  -1   0  20 0.00    M    M  4.2  9 170   M    M   0        16 290
21  98  78  88   3   0  23 0.00    M    M  5.5 12 350   M    M   2 8      16  70
22  99  75  87   2   0  22 0.00    M    M  4.2 10 140   M    M   0        15 270
23 103  79  91   7   0  26 0.00    M    M  4.2 13 150   M    M   0        18 130
24 105  81  93   9   0  28 0.00    M    M  5.0 12 250   M    M   0        15 240
================================================================================
SM 2399 1856         0 574  0.00    M    147.4          M       24
================================================================================
AV100.0 77.3                               6.1 FASTST   M    M   1    MAX(MPH)
                                 MISC ---->    30 160                 39 160
================================================================================
NOTES:
# LAST OF SEVERAL OCCURRENCES

COLUMN 17 PEAK WIND IN M.P.H.

PRELIMINARY LOCAL CLIMATOLOGICAL DATA (WS FORM: F-6) , PAGE 2

                                          STATION:   IMPERIAL CA
                                          MONTH:     SEPTEMBER
                                          YEAR:      2022
                                          LATITUDE:   32 50 N
                                          LONGITUDE: 115 35 W

[TEMPERATURE DATA]      [PRECIPITATION DATA]       SYMBOLS USED IN COLUMN 16

AVERAGE MONTHLY: 88.6   TOTAL FOR MONTH:   0.00    1 = FOG OR MIST
DPTR FM NORMAL:   0.4   DPTR FM NORMAL:   -0.14    2 = FOG REDUCING VISIBILITY
HIGHEST:   114 ON  5    GRTST 24HR     T ON 12-12      TO 1/4 MILE OR LESS
LOWEST:     68 ON 19,18                             3 = THUNDER
                        SNOW, ICE PELLETS, HAIL    4 = ICE PELLETS
                        TOTAL MONTH:  M            5 = HAIL
                        GRTST 24HR    M  ON   M    6 = FREEZING RAIN OR DRIZZLE
                        GRTST DEPTH:  M  ON   M    7 = DUSTSTORM OR SANDSTORM:
                                                       VSBY 1/2 MILE OR LESS
                                                   8 = SMOKE OR HAZE
[NO. OF DAYS WITH]      [WEATHER - DAYS WITH]      9 = BLOWING SNOW
                                                   X = TORNADO
MAX 32 OR BELOW:   0    0.01 INCH OR MORE:   0
MAX 90 OR ABOVE:  22    0.10 INCH OR MORE:   0
MIN 32 OR BELOW:   0    0.50 INCH OR MORE:   0
MIN  0 OR BELOW:   0    1.00 INCH OR MORE:   0

[HDD (BASE 65) ]
TOTAL THIS MO.     0    CLEAR  (SCALE 0-3)  20
DPTR FM NORMAL     0    PTCLDY (SCALE 4-7)   3
TOTAL FM JUL 1     0    CLOUDY (SCALE 8-10)  1
DPTR FM NORMAL     0

[CDD (BASE 65) ]
TOTAL THIS MO.   574
DPTR FM NORMAL    13    [PRESSURE DATA]
TOTAL FM JAN 1  3994    HIGHEST SLP M ON M
DPTR FM NORMAL   320    LOWEST  SLP 29.58 ON 17

[REMARKS]
