000
CXUS51 KCTP 280800
CF6IPT
PRELIMINARY LOCAL CLIMATOLOGICAL DATA (WS FORM: F-6)

                                          STATION:   WILLIAMSPORT PA
                                          MONTH:     SEPTEMBER
                                          YEAR:      2022
                                          LATITUDE:   41 15 N
                                          LONGITUDE:  76 55 W

  TEMPERATURE IN F:       :PCPN:    SNOW:  WIND      :SUNSHINE: SKY     :PK WND
================================================================================
1   2   3   4   5  6A  6B    7    8   9   10  11  12  13   14  15   16   17  18
                                     12Z  AVG MX 2MIN
DY MAX MIN AVG DEP HDD CDD  WTR  SNW DPTH SPD SPD DIR MIN PSBL S-S WX    SPD DR
================================================================================

 1  84  57  71   2   0   6 0.00  0.0    0  6.8 20 300   M    M   0        28 330
 2  81  51  66  -3   0   1 0.00  0.0    0  2.1  9 180   M    M   0        12  90
 3  83  60  72   3   0   7 0.00  0.0    0  3.9 10 110   M    M   4        15 110
 4  81  68  75   6   0  10 0.07  0.0    0  1.2  7  70   M    M   5 13      9 140
 5  73  70  72   4   0   7 1.66  0.0    0  5.0 12  60   M    M  10 1      13  70
 6  77  68  73   5   0   8 0.08  0.0    0  3.8 14 330   M    M  10 1      17 320
 7  71  64  68   0   0   3 0.90  0.0    0  4.9 12  90   M    M  10 1      14  90
 8  81  63  72   5   0   7    T  0.0    0  2.9 14 360   M    M   7 1      18  10
 9  82  61  72   5   0   7 0.00  0.0    0  2.1  8 150   M    M   4 12     13 150
10  78  56  67   0   0   2 0.00  0.0    0  1.8 10 150   M    M   3 12     15 190
11  69  64  67   1   0   2 0.24  0.0    0  6.2 16  90   M    M  10 1      24  90
12  79  65  72   6   0   7 0.29  0.0    0  2.9 12 270   M    M   8 13     16 270
13  77  59  68   2   0   3 0.03  0.0    0  7.9 16 260   M    M   6 1      22 270
14  80  54  67   2   0   2 0.00  0.0    0  6.8 15 240   M    M   2        18 240
15  73  51  62  -3   3   0 0.00  0.0    0  4.4 14  10   M    M   1        19  20
16  77  49  63  -2   2   0 0.00  0.0    0  3.5  9 250   M    M   3 1      11 240
17  80  56  68   4   0   3 0.00  0.0    0  3.9 15 170   M    M   4 12     21 140
18  85  57  71   7   0   6 0.00  0.0    0  3.3 15 240   M    M   2        19 250
19  76  61  69   5   0   4 0.47  0.0    0  1.7 16 250   M    M   5 18     26 240
20  79  57  68   5   0   3 0.00  0.0    0  5.6 16 250   M    M   2 1      20 260
21  80  55  68   5   0   3 0.00  0.0    0  3.4 15 180   M    M   3 1      19 170
22  70  51  61  -1   4   0 0.45  0.0    0  8.0 23 310   M    M   6 13     32 300
23  64  44  54  -8  11   0 0.00  0.0    0  9.2 22 320   M    M   3        29 310
24  70  44  57  -5   8   0 0.00  0.0    0  5.3 14 260   M    M   1        18 290
25  68  54  61   0   4   0 0.41  0.0    0  4.8 24 220   M    M   8 13     30 220
26  71  50  61   0   4   0    T  0.0    0  7.0 26 270   M    M   5 1      35 270
27  66  50  58  -2   7   0 0.00  0.0    0  8.8 18 290   M    M   7        23 290
================================================================================
SM 2055 1539        43  91  4.60  0.0    127.2          M      129
================================================================================
AV 76.1 57.0                               4.7 FASTST   M    M   5    MAX(MPH)
                                 MISC ---->    26 270                 35 270
================================================================================
NOTES:
# LAST OF SEVERAL OCCURRENCES

COLUMN 17 PEAK WIND IN M.P.H.

PRELIMINARY LOCAL CLIMATOLOGICAL DATA (WS FORM: F-6) , PAGE 2

                                          STATION:   WILLIAMSPORT PA
                                          MONTH:     SEPTEMBER
                                          YEAR:      2022
                                          LATITUDE:   41 15 N
                                          LONGITUDE:  76 55 W

[TEMPERATURE DATA]      [PRECIPITATION DATA]       SYMBOLS USED IN COLUMN 16

AVERAGE MONTHLY: 66.6   TOTAL FOR MONTH:   4.60    1 = FOG OR MIST
DPTR FM NORMAL:   1.4   DPTR FM NORMAL:    0.30    2 = FOG REDUCING VISIBILITY
HIGHEST:    85 ON 18    GRTST 24HR  1.68 ON  4- 5      TO 1/4 MILE OR LESS
LOWEST:     44 ON 24,23                             3 = THUNDER
                        SNOW, ICE PELLETS, HAIL    4 = ICE PELLETS
                        TOTAL MONTH:   0.0 INCH    5 = HAIL
                        GRTST 24HR  0.0            6 = FREEZING RAIN OR DRIZZLE
                        GRTST DEPTH:  0            7 = DUSTSTORM OR SANDSTORM:
                                                       VSBY 1/2 MILE OR LESS
                                                   8 = SMOKE OR HAZE
[NO. OF DAYS WITH]      [WEATHER - DAYS WITH]      9 = BLOWING SNOW
                                                   X = TORNADO
MAX 32 OR BELOW:   0    0.01 INCH OR MORE:  10
MAX 90 OR ABOVE:   0    0.10 INCH OR MORE:   7
MIN 32 OR BELOW:   0    0.50 INCH OR MORE:   2
MIN  0 OR BELOW:   0    1.00 INCH OR MORE:   1

[HDD (BASE 65) ]
TOTAL THIS MO.    43    CLEAR  (SCALE 0-3)  11
DPTR FM NORMAL   -29    PTCLDY (SCALE 4-7)  11
TOTAL FM JUL 1    43    CLOUDY (SCALE 8-10)  5
DPTR FM NORMAL   -37

[CDD (BASE 65) ]
TOTAL THIS MO.    91
DPTR FM NORMAL    14    [PRESSURE DATA]
TOTAL FM JAN 1   997    HIGHEST SLP M ON M
DPTR FM NORMAL   211    LOWEST  SLP 29.54 ON 25

[REMARKS]
