000
CXUS55 KGLD 280800
CF6ITR
PRELIMINARY LOCAL CLIMATOLOGICAL DATA (WS FORM: F-6)

                                          STATION:   BURLINGTON CO
                                          MONTH:     SEPTEMBER
                                          YEAR:      2022
                                          LATITUDE:   39 15 N
                                          LONGITUDE: 102 17 W

  TEMPERATURE IN F:       :PCPN:    SNOW:  WIND      :SUNSHINE: SKY     :PK WND
================================================================================
1   2   3   4   5  6A  6B    7    8   9   10  11  12  13   14  15   16   17  18
                                     12Z  AVG MX 2MIN
DY MAX MIN AVG DEP HDD CDD  WTR  SNW DPTH SPD SPD DIR MIN PSBL S-S WX    SPD DR
================================================================================

 1  91  58  75   5   0  10 0.00    M    M  8.3 15 110   M    M   0        20 160
 2  98  60  79   9   0  14    T    M    M  8.8 16 120   M    M   0 3      26 120
 3  89  58  74   5   0   9 0.00    M    M  7.4 20 270   M    M   0        27 260
 4  91  53  72   3   0   7 0.00    M    M 10.3 18 130   M    M   0        27 160
 5  95  58  77   8   0  12 0.00    M    M 11.8 20 180   M    M   0        27 160
 6 101  57  79  11   0  14 0.00    M    M  7.5 13 210   M    M   0        18 230
 7  99  55  77   9   0  12 0.00    M    M  7.0 16 120   M    M   0 8      23 120
 8  99  63  81  13   0  16 0.00    M    M 14.0 26 210   M    M   0        36 220
 9  77  52  65  -3   0   0    T    M    M 15.7 23  10   M    M   3        33 340
10  53  40  47 -20  18   0    T    M    M  8.9 16  60   M    M   8 1      23  50
11  77  36  57 -10   8   0 0.00    M    M  8.3 15 200   M    M   0        23 230
12  93  46  70   4   0   5 0.00    M    M  7.6 13 350   M    M   0        18 340
13  93  50  72   6   0   7 0.00    M    M  9.0 14 150   M    M   0        23 150
14  88  61  75   9   0  10    T    M    M 16.9 35 180   M    M   2 3      47 180
15  85  55  70   5   0   5 0.00    M    M  9.2 29 210   M    M   2 3      38 200
16  88  51  70   5   0   5 0.00    M    M  8.4 23 210   M    M   1        33 200
17  86  54  70   6   0   5 0.00    M    M 10.0 18  10   M    M   0 1      26  10
18  88  50  69   5   0   4 0.00    M    M  8.4 17 330   M    M   3 12     26 350
19  95  62  79  15   0  14 0.00    M    M  9.2 18 200   M    M   0 8      25 210
20  98  58  78  15   0  13 0.00    M    M  9.7 18  30   M    M   0 8      29  40
21  70  47  59  -4   6   0    T    M    M 13.8 25  30   M    M   8 1      37  30
22  51  45  48 -14  17   0    M    M    M 10.8 17 140   M    M  10 1      24 170
23  83  51  67   5   0   2 0.00    M    M  5.1 15 240   M    M   4 12     20 260
24  86  48  67   5   0   2 0.00    M    M  7.3 17 290   M    M   0        23 280
25  76  47  62   1   3   0 0.00    M    M  6.7 13  20   M    M   0        17  20
26  85  44  65   4   0   0 0.00    M    M  6.7 16 320   M    M   0        23 300
27  83  45  64   4   1   0 0.00    M    M  8.0 14  50   M    M   0        21  60
================================================================================
SM 2318 1404        53 166     T    M    254.8          M       41
================================================================================
AV 85.9 52.0                               9.4 FASTST   M    M   2    MAX(MPH)
                                 MISC ---->    35 180                 47 180
================================================================================
NOTES:
# LAST OF SEVERAL OCCURRENCES

COLUMN 17 PEAK WIND IN M.P.H.

PRELIMINARY LOCAL CLIMATOLOGICAL DATA (WS FORM: F-6) , PAGE 2

                                          STATION:   BURLINGTON CO
                                          MONTH:     SEPTEMBER
                                          YEAR:      2022
                                          LATITUDE:   39 15 N
                                          LONGITUDE: 102 17 W

[TEMPERATURE DATA]      [PRECIPITATION DATA]       SYMBOLS USED IN COLUMN 16

AVERAGE MONTHLY: 68.9   TOTAL FOR MONTH:      T    1 = FOG OR MIST
DPTR FM NORMAL:   3.5   DPTR FM NORMAL:   -1.10    2 = FOG REDUCING VISIBILITY
HIGHEST:   101 ON  6    GRTST 24HR  0.13 ON 31- 1      TO 1/4 MILE OR LESS
LOWEST:     36 ON 11                               3 = THUNDER
                        SNOW, ICE PELLETS, HAIL    4 = ICE PELLETS
                        TOTAL MONTH:  M            5 = HAIL
                        GRTST 24HR    M  ON   M    6 = FREEZING RAIN OR DRIZZLE
                        GRTST DEPTH:  0            7 = DUSTSTORM OR SANDSTORM:
                                                       VSBY 1/2 MILE OR LESS
                                                   8 = SMOKE OR HAZE
[NO. OF DAYS WITH]      [WEATHER - DAYS WITH]      9 = BLOWING SNOW
                                                   X = TORNADO
MAX 32 OR BELOW:   0    0.01 INCH OR MORE:   0
MAX 90 OR ABOVE:  11    0.10 INCH OR MORE:   0
MIN 32 OR BELOW:   0    0.50 INCH OR MORE:   0
MIN  0 OR BELOW:   0    1.00 INCH OR MORE:   0

[HDD (BASE 65) ]
TOTAL THIS MO.    53    CLEAR  (SCALE 0-3)  22
DPTR FM NORMAL   -33    PTCLDY (SCALE 4-7)   3
TOTAL FM JUL 1    53    CLOUDY (SCALE 8-10)  2
DPTR FM NORMAL   -44

[CDD (BASE 65) ]
TOTAL THIS MO.   166
DPTR FM NORMAL    67    [PRESSURE DATA]
TOTAL FM JAN 1  1289    HIGHEST SLP M ON M
DPTR FM NORMAL   377    LOWEST  SLP 29.60 ON  9

[REMARKS]
