000
CXUS53 KEAX 280736
CF6IXD
PRELIMINARY LOCAL CLIMATOLOGICAL DATA (WS FORM: F-6)

                                          STATION:   NEW CENTURY AIR CENTER KS
                                          MONTH:     SEPTEMBER
                                          YEAR:      2022
                                          LATITUDE:   38 49 N
                                          LONGITUDE:  94 54 W

  TEMPERATURE IN F:       :PCPN:    SNOW:  WIND      :SUNSHINE: SKY     :PK WND
================================================================================
1   2   3   4   5  6A  6B    7    8   9   10  11  12  13   14  15   16   17  18
                                     12Z  AVG MX 2MIN
DY MAX MIN AVG DEP HDD CDD  WTR  SNW DPTH SPD SPD DIR MIN PSBL S-S WX    SPD DR
================================================================================

 1  89  62  76   2   0  11 0.00    M    M  5.7 10 130   M    M   0        14 140
 2  86  65  76   3   0  11 0.00    M    M  6.7 15 150   M    M   0        20 190
 3  87  64  76   3   0  11 0.00    M    M  6.5 16 350   M    M   4 12     20 350
 4  84  63  74   1   0   9 0.00    M    M  7.0 15  10   M    M   5 18     19  10
 5  78  64  71  -1   0   6 0.00    M    M  4.6 10  30   M    M   4 12     18  70
 6  85  65  75   3   0  10 0.00    M    M  4.7  9 140   M    M   3 12     15 110
 7  86  63  75   3   0  10 0.00    M    M  3.7 13  90   M    M   0 18     19  80
 8  85  59  72   1   0   7 0.00    M    M  6.1 12 120   M    M   0        19 130
 9  89  62  76   5   0  11 0.00    M    M  7.0 12 120   M    M   0        16 170
10  76  57  67  -4   0   2 0.32    M    M  9.8 21 350   M    M   6 1      27 330
11  77  54  66  -4   0   1 0.00    M    M  8.2 21  10   M    M   2 1      31 360
12  84  50  67  -3   0   2 0.00    M    M  7.6 17 270   M    M   0        24 300
13  90  53  72   2   0   7 0.00    M    M  6.2 13 190   M    M   0        18 190
14  90  59  75   6   0  10 0.00    M    M  8.1 17 190   M    M   0        24 200
15  85  61  73   4   0   8 0.00    M    M  9.5 22 170   M    M   0        29 170
16  83  61  72   4   0   7    T    M    M  8.8 17 200   M    M   3        22 220
17  94  68  81  13   0  16 0.00    M    M 11.5 21 150   M    M   1        30 150
18  98  68  83  15   0  18 0.05    M    M 12.7 26 230   M    M   2 3      35 220
19  99  74  87  20   0  22 0.00    M    M  9.9 18 220   M    M   0        24 220
20  99  67  83  16   0  18 0.00    M    M 10.9 28 200   M    M   0        36 200
21  90  58  74   7   0   9 0.14    M    M 11.2 32 360   M    M   3 1      42 350
22  66  57  62  -4   3   0 0.10    M    M  7.4 13  40   M    M   2        17  40
23  71  56  64  -2   1   0 0.15    M    M  5.8 15 110   M    M   7 1      20 100
24  88  50  69   4   0   4 0.00    M    M  3.7 14 340   M    M   1 12     17 340
25  81  54  68   3   0   3 0.00    M    M 10.9 24 340   M    M   0        35 340
26  76  47  62  -3   3   0 0.00    M    M  6.8 18 340   M    M   0        26 330
27  83  46  65   1   0   0 0.00    M    M  3.8 15  60   M    M   1        25  60
================================================================================
SM 2299 1607         7 213  0.76    M    204.8          M       44
================================================================================
AV 85.1 59.5                               7.6 FASTST   M    M   2    MAX(MPH)
                                 MISC ---->    32 360                 42 350
================================================================================
NOTES:
# LAST OF SEVERAL OCCURRENCES

COLUMN 17 PEAK WIND IN M.P.H.

PRELIMINARY LOCAL CLIMATOLOGICAL DATA (WS FORM: F-6) , PAGE 2

                                          STATION:   NEW CENTURY AIR CENTER KS
                                          MONTH:     SEPTEMBER
                                          YEAR:      2022
                                          LATITUDE:   38 49 N
                                          LONGITUDE:  94 54 W

[TEMPERATURE DATA]      [PRECIPITATION DATA]       SYMBOLS USED IN COLUMN 16

AVERAGE MONTHLY: 72.3   TOTAL FOR MONTH:   0.76    1 = FOG OR MIST
DPTR FM NORMAL:   3.2   DPTR FM NORMAL:   -2.65    2 = FOG REDUCING VISIBILITY
HIGHEST:    99 ON 20,19  GRTST 24HR  0.32 ON 10-10      TO 1/4 MILE OR LESS
LOWEST:     46 ON 27                               3 = THUNDER
                        SNOW, ICE PELLETS, HAIL    4 = ICE PELLETS
                        TOTAL MONTH:  M            5 = HAIL
                        GRTST 24HR    M  ON   M    6 = FREEZING RAIN OR DRIZZLE
                        GRTST DEPTH:  M  ON   M    7 = DUSTSTORM OR SANDSTORM:
                                                       VSBY 1/2 MILE OR LESS
                                                   8 = SMOKE OR HAZE
[NO. OF DAYS WITH]      [WEATHER - DAYS WITH]      9 = BLOWING SNOW
                                                   X = TORNADO
MAX 32 OR BELOW:   0    0.01 INCH OR MORE:   5
MAX 90 OR ABOVE:   7    0.10 INCH OR MORE:   4
MIN 32 OR BELOW:   0    0.50 INCH OR MORE:   0
MIN  0 OR BELOW:   0    1.00 INCH OR MORE:   0

[HDD (BASE 65) ]
TOTAL THIS MO.     7    CLEAR  (SCALE 0-3)  21
DPTR FM NORMAL   -32    PTCLDY (SCALE 4-7)   6
TOTAL FM JUL 1     7    CLOUDY (SCALE 8-10)  0
DPTR FM NORMAL   -33

[CDD (BASE 65) ]
TOTAL THIS MO.   213
DPTR FM NORMAL    60    [PRESSURE DATA]
TOTAL FM JAN 1  1627    HIGHEST SLP M ON M
DPTR FM NORMAL   248    LOWEST  SLP 29.78 ON  9

[REMARKS]
