000
CXUS53 KJKL 281310
CF6JKL
PRELIMINARY LOCAL CLIMATOLOGICAL DATA (WS FORM: F-6)

                                          STATION:   JACKSON KY
                                          MONTH:     SEPTEMBER
                                          YEAR:      2022
                                          LATITUDE:   37 35 N
                                          LONGITUDE:  83 19 W

  TEMPERATURE IN F:       :PCPN:    SNOW:  WIND      :SUNSHINE: SKY     :PK WND
================================================================================
1   2   3   4   5  6A  6B    7    8   9   10  11  12  13   14  15   16   17  18
                                     12Z  AVG MX 2MIN
DY MAX MIN AVG DEP HDD CDD  WTR  SNW DPTH SPD SPD DIR MIN PSBL S-S WX    SPD DR
================================================================================

 1  82  60  71  -2   0   6 0.00  0.0    0  0.6  7 150   M    M   0 1      11 150
 2  87  64  76   3   0  11 0.00  0.0    0  0.8  7 170   M    M   1        10 210
 3  85  71  78   5   0  13 0.01  0.0    0  1.2  8 180   M    M   5        14 190
 4  81  70  76   4   0  11 0.47  0.0    0  0.8  7 310   M    M   7 123    13 130
 5  78  69  74   2   0   9 0.24  0.0    0  1.3  6 140   M    M   8 12     10 170
 6  82  68  75   3   0  10 0.02  0.0    0  0.7  7 320   M    M   6 123    11 340
 7  78  64  71  -1   0   6    T  0.0    0  0.4  8 350   M    M   7 12     15 340
 8  79  59  69  -2   0   4 0.00  0.0    0  0.7  7 120   M    M   1        12 140
 9  84  62  73   2   0   8 0.00  0.0    0  1.2  7 160   M    M   0 1      11 150
10  73  66  70  -1   0   5 0.02  0.0    0  0.8  6 120   M    M   7        10 140
11  82  65  74   3   0   9 0.25  0.0    0  1.6  9 170   M    M   8 123    16 150
12  73  59  66  -4   0   1 0.09  0.0    0  3.6 12 290   M    M   6 12     20 290
13  75  55  65  -5   0   0 0.00  0.0    0  3.1 10 300   M    M   3        17 300
14  76  54  65  -5   0   0 0.00  0.0    0  0.7  7 310   M    M   2 12     12 300
15  78  57  68  -1   0   3 0.00  0.0    0  1.0  6 120   M    M   0        10 130
16  82  58  70   1   0   5 0.00  0.0    0  0.4  5 180   M    M   1 1       8 290
17  83  62  73   4   0   8 0.00  0.0    0  0.7  6 180   M    M   1        10 160
18  82  64  73   5   0   8 0.00  0.0    0  1.1  9 180   M    M   2 1      16 180
19  85  62  74   6   0   9 0.00  0.0    0  1.2  8 170   M    M   2        16 180
20  86  67  77   9   0  12 0.00  0.0    0  0.5  6 320   M    M   2 1      10 330
21  91  63  77  10   0  12 0.15  0.0    0  2.1  8 160   M    M   0 3      19 260
22  76  53  65  -2   0   0 0.00  0.0    0  4.0 15 320   M    M   3        23 330
23  68  47  58  -9   7   0 0.00  0.0    0  0.5  6 310   M    M   0         9 140
24  76  53  65  -1   0   0 0.03  0.0    0  2.5 13 180   M    M   5 1      22 170
25  76  59  68   2   0   3 0.03  0.0    0  3.9 13 310   M    M   3 3      20 280
26  73  54  64  -2   1   0 0.00  0.0    0  3.2 14 290   M    M   1        29 280
27  68  45  57  -8   8   0 0.00  0.0    0  3.0 15 290   M    M   1        26 290
================================================================================
SM 2139 1630        16 153  1.31  0.0     41.6          M       82
================================================================================
AV 79.2 60.4                               1.5 FASTST   M    M   3    MAX(MPH)
                                 MISC ---->  # 15 320                 29 280
================================================================================
NOTES:
# LAST OF SEVERAL OCCURRENCES

COLUMN 17 PEAK WIND IN M.P.H.

PRELIMINARY LOCAL CLIMATOLOGICAL DATA (WS FORM: F-6) , PAGE 2

                                          STATION:   JACKSON KY
                                          MONTH:     SEPTEMBER
                                          YEAR:      2022
                                          LATITUDE:   37 35 N
                                          LONGITUDE:  83 19 W

[TEMPERATURE DATA]      [PRECIPITATION DATA]       SYMBOLS USED IN COLUMN 16

AVERAGE MONTHLY: 69.8   TOTAL FOR MONTH:   1.31    1 = FOG OR MIST
DPTR FM NORMAL:   0.3   DPTR FM NORMAL:   -1.74    2 = FOG REDUCING VISIBILITY
HIGHEST:    91 ON 21    GRTST 24HR  0.69 ON  4- 5      TO 1/4 MILE OR LESS
LOWEST:     45 ON 27                               3 = THUNDER
                        SNOW, ICE PELLETS, HAIL    4 = ICE PELLETS
                        TOTAL MONTH:   0.0 INCH    5 = HAIL
                        GRTST 24HR  0.0            6 = FREEZING RAIN OR DRIZZLE
                        GRTST DEPTH:  0            7 = DUSTSTORM OR SANDSTORM:
                                                       VSBY 1/2 MILE OR LESS
                                                   8 = SMOKE OR HAZE
[NO. OF DAYS WITH]      [WEATHER - DAYS WITH]      9 = BLOWING SNOW
                                                   X = TORNADO
MAX 32 OR BELOW:   0    0.01 INCH OR MORE:  10
MAX 90 OR ABOVE:   1    0.10 INCH OR MORE:   4
MIN 32 OR BELOW:   0    0.50 INCH OR MORE:   0
MIN  0 OR BELOW:   0    1.00 INCH OR MORE:   0

[HDD (BASE 65) ]
TOTAL THIS MO.    16    CLEAR  (SCALE 0-3)  18
DPTR FM NORMAL   -13    PTCLDY (SCALE 4-7)   9
TOTAL FM JUL 1    16    CLOUDY (SCALE 8-10)  0
DPTR FM NORMAL   -14

[CDD (BASE 65) ]
TOTAL THIS MO.   153
DPTR FM NORMAL     0    [PRESSURE DATA]
TOTAL FM JAN 1  1367    HIGHEST SLP M ON M
DPTR FM NORMAL   180    LOWEST  SLP 29.75 ON 25

[REMARKS]
