000
CXUS53 KSGF 260710
CF6JLN
PRELIMINARY LOCAL CLIMATOLOGICAL DATA (WS FORM: F-6)

                                          STATION:   JOPLIN MO
                                          MONTH:     SEPTEMBER
                                          YEAR:      2022
                                          LATITUDE:   37 10 N
                                          LONGITUDE:  94 30 W

  TEMPERATURE IN F:       :PCPN:    SNOW:  WIND      :SUNSHINE: SKY     :PK WND
================================================================================
1   2   3   4   5  6A  6B    7    8   9   10  11  12  13   14  15   16   17  18
                                     12Z  AVG MX 2MIN
DY MAX MIN AVG DEP HDD CDD  WTR  SNW DPTH SPD SPD DIR MIN PSBL S-S WX    SPD DR
================================================================================

 1  90  62  76   0   0  11 0.05    M    M  5.6 14 210   M    M   3 13     19 220
 2  82  68  75  -1   0  10 0.20    M    M  5.9 16 160   M    M   6 12     23 160
 3  87  68  78   3   0  13 0.00    M    M  3.0  9  80   M    M   5 128    14  50
 4  88  67  78   3   0  13 0.04    M    M  2.7 15  20   M    M   5 138    22  30
 5  84  65  75   0   0  10 0.00    M    M  4.6 14  40   M    M   3 1      20  20
 6  86  64  75   1   0  10 0.00    M    M  3.5  7 360   M    M   2 12      M   M
 7  86  64  75   1   0  10 0.00    M    M  5.4 15  20   M    M   2 1      21  30
 8  86  61  74   0   0   9 0.00    M    M  4.0  7 140   M    M   1        13  30
 9  87  63  75   2   0  10 0.00    M    M  6.7 13 150   M    M   1        19 140
10  89  60  75   2   0  10    T    M    M  6.7 18 340   M    M   3        24 340
11  77  54  66  -6   0   1 0.08    M    M  9.0 20 360   M    M   5 1      29 350
12  84  49  67  -5   0   2 0.00    M    M  5.6 16 290   M    M   0        25 320
13  89  57  73   1   0   8 0.00    M    M  7.1 14 170   M    M   0        19 160
14  87  60  74   3   0   9 0.00    M    M  7.0 15 120   M    M   0        24 170
15  85  62  74   3   0   9 0.00    M    M  8.8 74 160   M    M   3        74 160
16  88  61  75   4   0  10 0.00    M    M  9.3 18 190   M    M   2        23 160
17  93  70  82  12   0  17 0.00    M    M 12.7 22 210   M    M   1        30 150
18  97  75  86  16   0  21 0.00    M    M 13.6 23 210   M    M   1        30 190
19  97  75  86  17   0  21 0.00    M    M 11.1 18 220   M    M   1        25 230
20  98  74  86  17   0  21 0.00    M    M 10.7 18 170   M    M   1        28 220
21  99  70  85  16   0  20 0.00    M    M 11.2 18  40   M    M   2        27  40
22  70  57  64  -4   1   0 0.04    M    M  9.3 18  50   M    M   7 1      30  40
23  87  56  72   4   0   7 0.00    M    M  8.4 17 150   M    M   4        25 160
24  94  65  80  12   0  15    T    M    M  7.2 17 220   M    M   2        23 270
25  83  53  68   1   0   3 0.00    M    M  8.3 21 360   M    M   0        29 360
================================================================================
SM 2193 1580         1 270  0.41    M    187.4          M       60
================================================================================
AV 87.7 63.2                               7.5 FASTST   M    M   2    MAX(MPH)
                                 MISC ---->    74 160                 74 160
================================================================================
NOTES:
# LAST OF SEVERAL OCCURRENCES

COLUMN 17 PEAK WIND IN M.P.H.

PRELIMINARY LOCAL CLIMATOLOGICAL DATA (WS FORM: F-6) , PAGE 2

                                          STATION:   JOPLIN MO
                                          MONTH:     SEPTEMBER
                                          YEAR:      2022
                                          LATITUDE:   37 10 N
                                          LONGITUDE:  94 30 W

[TEMPERATURE DATA]      [PRECIPITATION DATA]       SYMBOLS USED IN COLUMN 16

AVERAGE MONTHLY: 75.5   TOTAL FOR MONTH:   0.41    1 = FOG OR MIST
DPTR FM NORMAL:   3.8   DPTR FM NORMAL:   -3.12    2 = FOG REDUCING VISIBILITY
HIGHEST:    99 ON 21    GRTST 24HR  0.25 ON  1- 2      TO 1/4 MILE OR LESS
LOWEST:     49 ON 12                               3 = THUNDER
                        SNOW, ICE PELLETS, HAIL    4 = ICE PELLETS
                        TOTAL MONTH:  M            5 = HAIL
                        GRTST 24HR    M  ON   M    6 = FREEZING RAIN OR DRIZZLE
                        GRTST DEPTH:  M  ON   M    7 = DUSTSTORM OR SANDSTORM:
                                                       VSBY 1/2 MILE OR LESS
                                                   8 = SMOKE OR HAZE
[NO. OF DAYS WITH]      [WEATHER - DAYS WITH]      9 = BLOWING SNOW
                                                   X = TORNADO
MAX 32 OR BELOW:   0    0.01 INCH OR MORE:   5
MAX 90 OR ABOVE:   7    0.10 INCH OR MORE:   1
MIN 32 OR BELOW:   0    0.50 INCH OR MORE:   0
MIN  0 OR BELOW:   0    1.00 INCH OR MORE:   0

[HDD (BASE 65) ]
TOTAL THIS MO.     1    CLEAR  (SCALE 0-3)  19
DPTR FM NORMAL   -19    PTCLDY (SCALE 4-7)   6
TOTAL FM JUL 1     1    CLOUDY (SCALE 8-10)  0
DPTR FM NORMAL   -20

[CDD (BASE 65) ]
TOTAL THIS MO.   270
DPTR FM NORMAL    82    [PRESSURE DATA]
TOTAL FM JAN 1  2042    HIGHEST SLP M ON M
DPTR FM NORMAL   465    LOWEST  SLP 29.79 ON  9

[REMARKS]
