000
CXHW50 PHFO 281250
CF6JRF
PRELIMINARY LOCAL CLIMATOLOGICAL DATA (WS FORM: F-6)

                                          STATION:   KALAELOA ARPT/OAHU HI
                                          MONTH:     SEPTEMBER
                                          YEAR:      2022
                                          LATITUDE:   21 19 N
                                          LONGITUDE: 158  4 W

  TEMPERATURE IN F:       :PCPN:    SNOW:  WIND      :SUNSHINE: SKY     :PK WND
================================================================================
1   2   3   4   5  6A  6B    7    8   9   10  11  12  13   14  15   16   17  18
                                     12Z  AVG MX 2MIN
DY MAX MIN AVG DEP HDD CDD  WTR  SNW DPTH SPD SPD DIR MIN PSBL S-S WX    SPD DR
================================================================================

 1  90  72  81   0   0  16 0.00    M    M  6.8 16  30   M    M   1        24  60
 2  90  73  82   1   0  17    T    M    M  6.5 15  30   M    M   4        22  10
 3  89  75  82   1   0  17    T    M    M  6.5 14  70   M    M   7 18     20  80
 4  91  75  83   2   0  18 0.00    M    M  6.5 15  40   M    M   3        22  20
 5  90  72  81   0   0  16 0.00    M    M  6.9 16 130   M    M   2        22  30
 6  91  75  83   2   0  18 0.00    M    M  7.8 16  30   M    M   3        25  50
 7  91  75  83   2   0  18 0.00    M    M  7.8 16 100   M    M   2        23  80
 8  90  70  80  -1   0  15    T    M    M  6.6 17 100   M    M   2 1      24 100
 9  88  73  81   0   0  16    T    M    M  6.3 15  40   M    M   6 1      23  30
10  88  73  81   0   0  16    T    M    M  5.5 16 140   M    M   3        19 140
11  87  70  79  -2   0  14 0.00    M    M  6.3 18 340   M    M   1        25 340
12  90  69  80  -1   0  15    T    M    M  5.9 16 130   M    M   2 8      19 130
13  88  73  81   0   0  16    T    M    M  6.5 16 120   M    M   4        21  50
14  89  74  82   1   0  17 0.00    M    M  6.9 20 130   M    M   4        22 130
15  88  70  79  -2   0  14    T    M    M  5.7 16 130   M    M   3        19 140
16  86  71  79  -2   0  14    T    M    M  5.8 13 200   M    M   3 18     16 220
17  89  72  81   0   0  16 0.00    M    M  6.1 21 130   M    M   4        23 130
18  88  70  79  -2   0  14 0.00    M    M  6.5 18 120   M    M   3        23 130
19  88  69  79  -2   0  14 0.00    M    M  6.5 18 110   M    M   3        29 120
20  90  74  82   2   0  17 0.00    M    M  7.6 16 110   M    M   2        24  40
21  90  71  81   1   0  16 0.00    M    M  6.0 14  60   M    M   1 8      23  30
22  87  71  79  -1   0  14 0.00    M    M  8.7 21 140   M    M   1        24 140
23  88  72  80   0   0  15    M    M    M  7.9 20 140   M    M   5 1      22 130
24  87  72  80   0   0  15 0.01    M    M  7.6 20 140   M    M   5        22 140
25  86  71  79  -1   0  14 0.58    M    M  5.3 13 140   M    M   4 1      16 160
26  89  69  79  -1   0  14 0.00    M    M  6.1 18 130   M    M   1        23 130
27  88  69  79  -1   0  14 0.00    M    M  5.5 14  30   M    M   2        22  30
================================================================================
SM 2396 1940         0 420  0.59    M    178.1          M       81
================================================================================
AV 88.7 71.9                               6.6 FASTST   M    M   3    MAX(MPH)
                                 MISC ---->  # 21 130                 29 120
================================================================================
NOTES:
# LAST OF SEVERAL OCCURRENCES

COLUMN 17 PEAK WIND IN M.P.H.

PRELIMINARY LOCAL CLIMATOLOGICAL DATA (WS FORM: F-6) , PAGE 2

                                          STATION:   KALAELOA ARPT/OAHU HI
                                          MONTH:     SEPTEMBER
                                          YEAR:      2022
                                          LATITUDE:   21 19 N
                                          LONGITUDE: 158  4 W

[TEMPERATURE DATA]      [PRECIPITATION DATA]       SYMBOLS USED IN COLUMN 16

AVERAGE MONTHLY: 80.3   TOTAL FOR MONTH:   0.59    1 = FOG OR MIST
DPTR FM NORMAL:  -0.4   DPTR FM NORMAL:   -0.04    2 = FOG REDUCING VISIBILITY
HIGHEST:    91 ON  7, 6  GRTST 24HR  1.01 ON 23-24      TO 1/4 MILE OR LESS
LOWEST:     69 ON 27,26                             3 = THUNDER
                        SNOW, ICE PELLETS, HAIL    4 = ICE PELLETS
                        TOTAL MONTH:  M            5 = HAIL
                        GRTST 24HR    M  ON   M    6 = FREEZING RAIN OR DRIZZLE
                        GRTST DEPTH:  M  ON   M    7 = DUSTSTORM OR SANDSTORM:
                                                       VSBY 1/2 MILE OR LESS
                                                   8 = SMOKE OR HAZE
[NO. OF DAYS WITH]      [WEATHER - DAYS WITH]      9 = BLOWING SNOW
                                                   X = TORNADO
MAX 32 OR BELOW:   0    0.01 INCH OR MORE:   2
MAX 90 OR ABOVE:  10    0.10 INCH OR MORE:   1
MIN 32 OR BELOW:   0    0.50 INCH OR MORE:   1
MIN  0 OR BELOW:   0    1.00 INCH OR MORE:   0

[HDD (BASE 65) ]
TOTAL THIS MO.     0    CLEAR  (SCALE 0-3)  16
DPTR FM NORMAL     0    PTCLDY (SCALE 4-7)  11
TOTAL FM JUL 1     0    CLOUDY (SCALE 8-10)  0
DPTR FM NORMAL     0

[CDD (BASE 65) ]
TOTAL THIS MO.   420
DPTR FM NORMAL   -10    [PRESSURE DATA]
TOTAL FM JAN 1  3818    HIGHEST SLP M ON M
DPTR FM NORMAL   558    LOWEST  SLP 29.88 ON  9

[REMARKS]
