000
CXUS52 TJSJ 280510
CF6JSJ
PRELIMINARY LOCAL CLIMATOLOGICAL DATA (WS FORM: F-6)

                                          STATION:   SAN JUAN AREA/PR
                                          MONTH:     SEPTEMBER
                                          YEAR:      2022
                                          LATITUDE:   18 25 N
                                          LONGITUDE:  66  0 W

  TEMPERATURE IN F:       :PCPN:    SNOW:  WIND      :SUNSHINE: SKY     :PK WND
================================================================================
1   2   3   4   5  6A  6B    7    8   9   10  11  12  13   14  15   16   17  18
                                     12Z  AVG MX 2MIN
DY MAX MIN AVG DEP HDD CDD  WTR  SNW DPTH SPD SPD DIR MIN PSBL S-S WX    SPD DR
================================================================================

 1  90  77  84   0   0  19 0.38    M    M  7.5 26  60   M    M   5 18     33  60
 2  89  78  84   0   0  19 0.16    M    M  8.3 17  80   M    M   5 13     21  60
 3  90  79  85   1   0  20 0.33    M    M  9.5 25  50   M    M   6 13     34  40
 4  88  80  84   1   0  19 0.16    M    M  8.1 17 310   M    M   7 18     21 320
 5  91  77  84   1   0  19 0.68    M    M  4.8 18 210   M    M   6 13     26 200
 6  90  78  84   1   0  19 0.30    M    M  4.4 15 340   M    M   5 13     20 340
 7  91  78  85   2   0  20 0.02    M    M  3.3 15 340   M    M   4 3      22 350
 8  92  79  86   3   0  21 0.06    M    M  3.9 20 300   M    M   4 3      25 300
 9  88  80  84   1   0  19 1.08    M    M  4.3 12 180   M    M   3        16 160
10  89  78  84   1   0  19 1.55    M    M  2.9 17  70   M    M   4 13     23 140
11  89  78  84   1   0  19 0.02    M    M  6.5 17  80   M    M   4        23  70
12  88  80  84   1   0  19 0.02    M    M  4.9 16  60   M    M   4 3      20  50
13  90  78  84   1   0  19 0.03    M    M  7.5 21  90   M    M   4        25  90
14  89  79  84   1   0  19 0.06    M    M 11.6 18  70   M    M   4        24  80
15  89  81  85   2   0  20 0.07    M    M 13.7 23  70   M    M   4 18     33  90
16  88  80  84   1   0  19 0.49    M    M 12.8 28  80   M    M   5 1      32  80
17  87  75  81  -2   0  16 1.41    M    M 16.3 37  80   M    M   8 138    46  80
18  83  75  79  -4   0  14 4.10    M    M 20.6 44  80   M    M   9 1      56  90
19  82  75  79  -4   0  14 1.63    M    M  7.6 26 110   M    M   7 13     36 120
20  91  78  85   2   0  20 0.03    M    M  6.5 17 150   M    M   5        23 130
21  94  78  86   3   0  21 0.00    M    M  6.2 15 150   M    M   3        24 140
22  94  80  87   4   0  22 0.22    M    M  6.5 25  80   M    M   3 28     31  80
23  93  78  86   3   0  21    T    M    M  5.7 15 150   M    M   4        21 150
24  90  80  85   2   0  20 0.00    M    M  8.0 23  70   M    M   4 8      28  70
25  89  79  84   1   0  19 0.00    M    M  8.7 22  60   M    M   5        27  60
26  89  79  84   1   0  19 0.04    M    M  9.0 23  70   M    M   4 38     28  70
27  88  78  83   0   0  18 0.02  0.0    0  8.0 20  80   M    M   5        26  70
================================================================================
SM 2411 2115         0 513 12.86  0.0    217.1          M      131
================================================================================
AV 89.3 78.3                               8.0 FASTST   M    M   5    MAX(MPH)
                                 MISC ---->    44  80                 56  90
================================================================================
NOTES:
# LAST OF SEVERAL OCCURRENCES

COLUMN 17 PEAK WIND IN M.P.H.

PRELIMINARY LOCAL CLIMATOLOGICAL DATA (WS FORM: F-6) , PAGE 2

                                          STATION:   SAN JUAN AREA/PR
                                          MONTH:     SEPTEMBER
                                          YEAR:      2022
                                          LATITUDE:   18 25 N
                                          LONGITUDE:  66  0 W

[TEMPERATURE DATA]      [PRECIPITATION DATA]       SYMBOLS USED IN COLUMN 16

AVERAGE MONTHLY: 83.8   TOTAL FOR MONTH:  12.86    1 = FOG OR MIST
DPTR FM NORMAL:   0.7   DPTR FM NORMAL:    6.94    2 = FOG REDUCING VISIBILITY
HIGHEST:    94 ON 22,21  GRTST 24HR  4.10 ON 18-18      TO 1/4 MILE OR LESS
LOWEST:     75 ON 19,18                             3 = THUNDER
                        SNOW, ICE PELLETS, HAIL    4 = ICE PELLETS
                        TOTAL MONTH:   0.0 INCH    5 = HAIL
                        GRTST 24HR  0.0            6 = FREEZING RAIN OR DRIZZLE
                        GRTST DEPTH:  0            7 = DUSTSTORM OR SANDSTORM:
                                                       VSBY 1/2 MILE OR LESS
                                                   8 = SMOKE OR HAZE
[NO. OF DAYS WITH]      [WEATHER - DAYS WITH]      9 = BLOWING SNOW
                                                   X = TORNADO
MAX 32 OR BELOW:   0    0.01 INCH OR MORE:  23
MAX 90 OR ABOVE:  12    0.10 INCH OR MORE:  13
MIN 32 OR BELOW:   0    0.50 INCH OR MORE:   6
MIN  0 OR BELOW:   0    1.00 INCH OR MORE:   5

[HDD (BASE 65) ]
TOTAL THIS MO.     0    CLEAR  (SCALE 0-3)   3
DPTR FM NORMAL     0    PTCLDY (SCALE 4-7)  23
TOTAL FM JUL 1     0    CLOUDY (SCALE 8-10)  1
DPTR FM NORMAL     0

[CDD (BASE 65) ]
TOTAL THIS MO.   513
DPTR FM NORMAL    27    [PRESSURE DATA]
TOTAL FM JAN 1  4319    HIGHEST SLP M ON M
DPTR FM NORMAL    22    LOWEST  SLP 29.72 ON 18

[REMARKS]
