000
CXUS51 KCTP 280800
CF6JST
PRELIMINARY LOCAL CLIMATOLOGICAL DATA (WS FORM: F-6)

                                          STATION:   JOHNSTOWN
                                          MONTH:     SEPTEMBER
                                          YEAR:      2022
                                          LATITUDE:   40 18 N
                                          LONGITUDE:  78 50 W

  TEMPERATURE IN F:       :PCPN:    SNOW:  WIND      :SUNSHINE: SKY     :PK WND
================================================================================
1   2   3   4   5  6A  6B    7    8   9   10  11  12  13   14  15   16   17  18
                                     12Z  AVG MX 2MIN
DY MAX MIN AVG DEP HDD CDD  WTR  SNW DPTH SPD SPD DIR MIN PSBL S-S WX    SPD DR
================================================================================

 1  75  58  67   1   0   2 0.00    M    M  8.0 16 310   M    M   3        19 320
 2  76  57  67   1   0   2 0.00    M    M  4.9 13 160   M    M   1        18 150
 3  80  63  72   6   0   7    T    M    M  5.9 12 180   M    M   2        15 170
 4  79  65  72   7   0   7 0.60    M    M  4.4 14  40   M    M   5 13     17  40
 5  69  65  67   2   0   2 1.14    M    M  4.5 10 170   M    M  10 1      13 210
 6  75  65  70   5   0   5 0.01    M    M  5.3 15 320   M    M   8 123    18 300
 7  70  63  67   3   0   2 0.44    M    M  5.9 14 320   M    M  10 13     16 320
 8  74  60  67   3   0   2 0.01    M    M  2.9  9  30   M    M   7 1      13  40
 9  75  56  66   2   0   1 0.00    M    M  4.3 14 160   M    M   1 12     19 170
10  67  57  62  -2   3   0 0.04    M    M  7.0 15 170   M    M   3        19 170
11  71  61  66   3   0   1 0.42    M    M  6.6 13 190   M    M   9 1      16 170
12  76  60  68   5   0   3 0.09    M    M  5.4 15 310   M    M   8 12     19 320
13  66  51  59  -4   6   0 0.00    M    M  8.5 17 250   M    M   4        23 230
14  68  52  60  -2   5   0 0.00    M    M  7.8 16 290   M    M   6 1      21 300
15  70  52  61  -1   4   0 0.00    M    M  6.5 14 310   M    M   3 1      17 300
16  72  50  61  -1   4   0 0.00    M    M  4.5 12 280   M    M   1        14 300
17  77  55  66   5   0   1 0.00    M    M  4.7 12 160   M    M   2 1      17 200
18  76  59  68   7   0   3 0.00    M    M  7.2 15 240   M    M   2 1      19 260
19  70  60  65   4   0   0 0.43    M    M  8.6 15 280   M    M   7 1      20 240
20  72  57  65   5   0   0 0.00    M    M  7.5 20 300   M    M   4 18     26 310
21  79  55  67   7   0   2    T    M    M  8.3 18 240   M    M   3        25 250
22  71  44  58  -2   7   0 0.38    M    M 16.4 29 320   M    M   9 13     39 320
23  56  40  48 -11  17   0 0.00    M    M 11.8 23 300   M    M   0        28 300
24  64  41  53  -6  12   0 0.00    M    M  4.9 10 220   M    M   4        15 220
25  66  54  60   2   5   0 0.22    M    M 11.6 25 250   M    M   8 1      34 260
26  62  48  55  -3  10   0    T    M    M 14.0 25 260   M    M   7        36 270
27  56  43  50  -8  15   0 0.12    M    M 11.8 24 270   M    M   5 1      35 260
================================================================================
SM 1912 1491        88  40  3.90    M    199.2          M      132
================================================================================
AV 70.8 55.2                               7.4 FASTST   M    M   5    MAX(MPH)
                                 MISC ---->    29 320                 39 320
================================================================================
NOTES:
# LAST OF SEVERAL OCCURRENCES

COLUMN 17 PEAK WIND IN M.P.H.

PRELIMINARY LOCAL CLIMATOLOGICAL DATA (WS FORM: F-6) , PAGE 2

                                          STATION:   JOHNSTOWN
                                          MONTH:     SEPTEMBER
                                          YEAR:      2022
                                          LATITUDE:   40 18 N
                                          LONGITUDE:  78 50 W

[TEMPERATURE DATA]      [PRECIPITATION DATA]       SYMBOLS USED IN COLUMN 16

AVERAGE MONTHLY: 63.0   TOTAL FOR MONTH:   3.90    1 = FOG OR MIST
DPTR FM NORMAL:   0.8   DPTR FM NORMAL:    0.26    2 = FOG REDUCING VISIBILITY
HIGHEST:    80 ON  3    GRTST 24HR  1.73 ON  4- 5      TO 1/4 MILE OR LESS
LOWEST:     40 ON 23                               3 = THUNDER
                        SNOW, ICE PELLETS, HAIL    4 = ICE PELLETS
                        TOTAL MONTH:  M            5 = HAIL
                        GRTST 24HR    M  ON   M    6 = FREEZING RAIN OR DRIZZLE
                        GRTST DEPTH:  M  ON   M    7 = DUSTSTORM OR SANDSTORM:
                                                       VSBY 1/2 MILE OR LESS
                                                   8 = SMOKE OR HAZE
[NO. OF DAYS WITH]      [WEATHER - DAYS WITH]      9 = BLOWING SNOW
                                                   X = TORNADO
MAX 32 OR BELOW:   0    0.01 INCH OR MORE:  12
MAX 90 OR ABOVE:   0    0.10 INCH OR MORE:   8
MIN 32 OR BELOW:   0    0.50 INCH OR MORE:   2
MIN  0 OR BELOW:   0    1.00 INCH OR MORE:   1

[HDD (BASE 65) ]
TOTAL THIS MO.    88    CLEAR  (SCALE 0-3)   9
DPTR FM NORMAL   -32    PTCLDY (SCALE 4-7)  13
TOTAL FM JUL 1    96    CLOUDY (SCALE 8-10)  5
DPTR FM NORMAL   -61

[CDD (BASE 65) ]
TOTAL THIS MO.    40
DPTR FM NORMAL    -5    [PRESSURE DATA]
TOTAL FM JAN 1   542    HIGHEST SLP M ON M
DPTR FM NORMAL    69    LOWEST  SLP 29.59 ON 25

[REMARKS]
