000
CXUS53 KGRR 250910
CF6JXN
PRELIMINARY LOCAL CLIMATOLOGICAL DATA (WS FORM: F-6)

                                          STATION:   JACKSON
                                          MONTH:     SEPTEMBER
                                          YEAR:      2022
                                          LATITUDE:   42 16 N
                                          LONGITUDE:  84 28 W

  TEMPERATURE IN F:       :PCPN:    SNOW:  WIND      :SUNSHINE: SKY     :PK WND
================================================================================
1   2   3   4   5  6A  6B    7    8   9   10  11  12  13   14  15   16   17  18
                                     12Z  AVG MX 2MIN
DY MAX MIN AVG DEP HDD CDD  WTR  SNW DPTH SPD SPD DIR MIN PSBL S-S WX    SPD DR
================================================================================

 1  83  57  70   3   0   5 0.00    M    M  2.4 10 210   M    M   0 1      13 210
 2  84  62  73   6   0   8 0.00    M    M  5.6 14 160   M    M   1        20 160
 3  85  61  73   6   0   8 0.00    M    M  4.1 12 320   M    M   1 1      16 330
 4  69  61  65  -2   0   0 0.00    M    M  7.5 13  30   M    M   9 1      18  20
 5  72  60  66   0   0   1 0.00    M    M  5.4 10  30   M    M  10 18     15  40
 6  77  57  67   1   0   2 0.00    M    M  4.0 12  30   M    M   8 12     15  30
 7  77  52  65  -1   0   0 0.00    M    M  3.5 13 360   M    M   3 12     20 330
 8  81  47  64  -2   1   0 0.00    M    M  1.2  8 270   M    M   0 1      11 290
 9  83  51  67   2   0   2 0.00    M    M  4.4 13 170   M    M   1 12     19 190
10  86  62  74   9   0   9    M    M    M  4.5 21 150   M    M   4 1      26 150
11  73  63  68   4   0   3    M    M    M  5.4 16 210   M    M   9 1      21 210
12  66  50  58  -6   7   0 0.00    M    M  7.0 15 210   M    M   8 1      21 180
13  73  48  61  -3   4   0    T    M    M  4.3 12 250   M    M   6 1      16 250
14  80  55  68   5   0   3 0.00    M    M  4.0 13 230   M    M   4 12     19 280
15  76  53  65   2   0   0 0.00    M    M  5.0 12 150   M    M   3 12     16 110
16  81  53  67   4   0   2 0.00    M    M  4.4 10 160   M    M   1 12     14 170
17  83  56  70   8   0   5 0.00    M    M  6.3 17 200   M    M   1 12     22 220
18  83  67  75  13   0  10 0.00    M    M  8.9 17 220   M    M   3        24 210
19  79  54  67   5   0   2 0.40    M    M  5.8 25 230   M    M   3 13     41 240
20  75  48  62   1   3   0 0.08    M    M  6.8 23 150   M    M   4 123    31 360
21  83  62  73  12   0   8 0.06    M    M 11.5 20 230   M    M   2 38     29 230
22  62  43  53  -7  12   0 0.00    M    M  8.2 20 320   M    M   3        33 290
23  65  35  50 -10  15   0 0.00    M    M  2.3  8 240   M    M   0 1      11 220
24  68  52  60   0   5   0 0.06    M    M  4.9 17 180   M    M   9 18     24 180
================================================================================
SM 1844 1309        47  68  0.60    M    127.4          M       93
================================================================================
AV 76.8 54.5                               5.3 FASTST   M    M   4    MAX(MPH)
                                 MISC ---->    25 230                 41 240
================================================================================
NOTES:
# LAST OF SEVERAL OCCURRENCES

COLUMN 17 PEAK WIND IN M.P.H.

PRELIMINARY LOCAL CLIMATOLOGICAL DATA (WS FORM: F-6) , PAGE 2

                                          STATION:   JACKSON
                                          MONTH:     SEPTEMBER
                                          YEAR:      2022
                                          LATITUDE:   42 16 N
                                          LONGITUDE:  84 28 W

[TEMPERATURE DATA]      [PRECIPITATION DATA]       SYMBOLS USED IN COLUMN 16

AVERAGE MONTHLY: 65.7   TOTAL FOR MONTH:   0.60    1 = FOG OR MIST
DPTR FM NORMAL:   1.9   DPTR FM NORMAL:   -1.82    2 = FOG REDUCING VISIBILITY
HIGHEST:    86 ON 10    GRTST 24HR  0.40 ON 19-19      TO 1/4 MILE OR LESS
LOWEST:     35 ON 23                               3 = THUNDER
                        SNOW, ICE PELLETS, HAIL    4 = ICE PELLETS
                        TOTAL MONTH:  M            5 = HAIL
                        GRTST 24HR    M  ON   M    6 = FREEZING RAIN OR DRIZZLE
                        GRTST DEPTH:  M  ON   M    7 = DUSTSTORM OR SANDSTORM:
                                                       VSBY 1/2 MILE OR LESS
                                                   8 = SMOKE OR HAZE
[NO. OF DAYS WITH]      [WEATHER - DAYS WITH]      9 = BLOWING SNOW
                                                   X = TORNADO
MAX 32 OR BELOW:   0    0.01 INCH OR MORE:   4
MAX 90 OR ABOVE:   0    0.10 INCH OR MORE:   1
MIN 32 OR BELOW:   0    0.50 INCH OR MORE:   0
MIN  0 OR BELOW:   0    1.00 INCH OR MORE:   0

[HDD (BASE 65) ]
TOTAL THIS MO.    47    CLEAR  (SCALE 0-3)  13
DPTR FM NORMAL   -42    PTCLDY (SCALE 4-7)   7
TOTAL FM JUL 1    57    CLOUDY (SCALE 8-10)  4
DPTR FM NORMAL   -59

[CDD (BASE 65) ]
TOTAL THIS MO.    68
DPTR FM NORMAL    10    [PRESSURE DATA]
TOTAL FM JAN 1   668    HIGHEST SLP M ON M
DPTR FM NORMAL    46    LOWEST  SLP 29.71 ON 24

[REMARKS]
