000
CXUS53 KGID 280830
CF6JYR
PRELIMINARY LOCAL CLIMATOLOGICAL DATA (WS FORM: F-6)

                                          STATION:   YORK NE
                                          MONTH:     SEPTEMBER
                                          YEAR:      2022
                                          LATITUDE:   40 54 N
                                          LONGITUDE:  97 37 W

  TEMPERATURE IN F:       :PCPN:    SNOW:  WIND      :SUNSHINE: SKY     :PK WND
================================================================================
1   2   3   4   5  6A  6B    7    8   9   10  11  12  13   14  15   16   17  18
                                     12Z  AVG MX 2MIN
DY MAX MIN AVG DEP HDD CDD  WTR  SNW DPTH SPD SPD DIR MIN PSBL S-S WX    SPD DR
================================================================================

 1   M  64   M   M   M   M    T    M    M  6.0 14 180   M    M   1        15 180
 2  90  63  77   M   0  12 0.00    M    M  7.3 13  10   M    M   0         M   M
 3  79  54  67   M   0   2 0.00    M    M  9.5 18  10   M    M   0        21  30
 4  79  48  64   M   1   0 0.00    M    M  4.4  9 100   M    M   0        15  99
 5  81  59  70   M   0   5 0.00    M    M  5.6 12 130   M    M   4 12     14 160
 6  88  63  76   M   0  11 0.00    M    M  6.9 16 190   M    M   0        16 190
 7  86  61  74   M   0   9 0.00    M    M  7.5 12 140   M    M   0        14 150
 8   M   M   M   M   M   M 0.00    M    M 12.0 17 190   M    M   1        24 180
 9  75  57  66   M   0   1    T    M    M 13.0 27  10   M    M   3 3      30  10
10  64  46  55   M  10   0 1.20    M    M  7.7 20  30   M    M   5 13     38  30
11  73  45  59   M   6   0 0.00    M    M  2.3  9 290   M    M   0        13 330
12  81  48  65   M   0   0 0.00    M    M  2.8  8 230   M    M   0         M   M
13  86  54  70   M   0   5 0.00    M    M  6.8 14 160   M    M   0        18 160
14  84  61  73   M   0   8 0.00    M    M 10.8 15 160   M    M   0        22 160
15  86  63  75   M   0  10 0.00    M    M 12.2 18 180   M    M   1        28 180
16  82  63  73   M   0   8    T    M    M  6.2 12 200   M    M   2        16 150
17  82  64  73   M   0   8 0.03    M    M  5.5 16 310   M    M   3        23 120
18  84  63  74   M   0   9 0.00    M    M  5.5 13 110   M    M   3 12     17  30
19  93  59  76   M   0  11 0.00    M    M  7.0 15 190   M    M   2 1      24 170
20   M  68   M   M   M   M 0.00    M    M  9.1 15 210   M    M   0        21  20
21  72  52  62   M   3   0 0.09    M    M 11.3 25  40   M    M   3 8      33  20
22  57  50  54   M  11   0    T    M    M  4.8  9  50   M    M   4        12 150
23  70  52  61   M   4   0 0.00    M    M  8.7 15 190   M    M   6        20 190
24  84  46  65   M   0   0 0.00    M    M  8.4 17 300   M    M   0        25 280
25  75  46  61   M   4   0 0.00    M    M  9.8 21 310   M    M   1        45 330
26  75  39  57   M   8   0 0.00    M    M  3.7  9 310   M    M   0        15 300
27  79  45  62   M   3   0 0.00    M    M  5.6 14  80   M    M   0        21  80
================================================================================
SM 1905 1433        50  99  1.32    M    200.4          M       39
================================================================================
AV 79.4 55.1                               7.4 FASTST   M    M   1    MAX(MPH)
                                 MISC ---->    27  10                 45 330
================================================================================
NOTES:
# LAST OF SEVERAL OCCURRENCES

COLUMN 17 PEAK WIND IN M.P.H.

PRELIMINARY LOCAL CLIMATOLOGICAL DATA (WS FORM: F-6) , PAGE 2

                                          STATION:   YORK NE
                                          MONTH:     SEPTEMBER
                                          YEAR:      2022
                                          LATITUDE:   40 54 N
                                          LONGITUDE:  97 37 W

[TEMPERATURE DATA]      [PRECIPITATION DATA]       SYMBOLS USED IN COLUMN 16

AVERAGE MONTHLY: 67.2   TOTAL FOR MONTH:   1.32    1 = FOG OR MIST
DPTR FM NORMAL:   0.0   DPTR FM NORMAL:    1.32    2 = FOG REDUCING VISIBILITY
HIGHEST:    93 ON 19    GRTST 24HR  1.20 ON 10-10      TO 1/4 MILE OR LESS
LOWEST:     39 ON 26                               3 = THUNDER
                        SNOW, ICE PELLETS, HAIL    4 = ICE PELLETS
                        TOTAL MONTH:  M            5 = HAIL
                        GRTST 24HR    M  ON   M    6 = FREEZING RAIN OR DRIZZLE
                        GRTST DEPTH:  M  ON   M    7 = DUSTSTORM OR SANDSTORM:
                                                       VSBY 1/2 MILE OR LESS
                                                   8 = SMOKE OR HAZE
[NO. OF DAYS WITH]      [WEATHER - DAYS WITH]      9 = BLOWING SNOW
                                                   X = TORNADO
MAX 32 OR BELOW:   0    0.01 INCH OR MORE:   3
MAX 90 OR ABOVE:   2    0.10 INCH OR MORE:   1
MIN 32 OR BELOW:   0    0.50 INCH OR MORE:   1
MIN  0 OR BELOW:   0    1.00 INCH OR MORE:   1

[HDD (BASE 65) ]
TOTAL THIS MO.    50    CLEAR  (SCALE 0-3)  22
DPTR FM NORMAL     M    PTCLDY (SCALE 4-7)   5
TOTAL FM JUL 1    51    CLOUDY (SCALE 8-10)  0
DPTR FM NORMAL     M

[CDD (BASE 65) ]
TOTAL THIS MO.    99
DPTR FM NORMAL     M    [PRESSURE DATA]
TOTAL FM JAN 1  1036    HIGHEST SLP M ON M
DPTR FM NORMAL     M    LOWEST  SLP M ON M

[REMARKS]
