000
CXUS52 KKEY 280600
CF6KEY
PRELIMINARY LOCAL CLIMATOLOGICAL DATA (WS FORM: F-6)

                                          STATION:   KEY WEST WFO
                                          MONTH:     SEPTEMBER
                                          YEAR:      2022
                                          LATITUDE:   24 33 N
                                          LONGITUDE:  81 47 W

  TEMPERATURE IN F:       :PCPN:    SNOW:  WIND      :SUNSHINE: SKY     :PK WND
================================================================================
1   2   3   4   5  6A  6B    7    8   9   10  11  12  13   14  15   16   17  18
                                     12Z  AVG MX 2MIN
DY MAX MIN AVG DEP HDD CDD  WTR  SNW DPTH SPD SPD DIR MIN PSBL S-S WX    SPD DR
================================================================================

 1  90  81  86   M   0  21 0.00  0.0    0    M  M   M   M    M   M         M   M
 2  93  80  87   M   0  22 0.00  0.0    0    M  M   M   M    M   M         M   M
 3  91  77  84   M   0  19 0.20  0.0    0    M  M   M   M    M   M         M   M
 4  92  80  86   M   0  21    T  0.0    0    M  M   M   M    M   M         M   M
 5  91  77  84   M   0  19 0.06  0.0    0    M  M   M   M    M   M         M   M
 6  91  79  85   M   0  20 0.01  0.0    0    M  M   M   M    M   M         M   M
 7  90  76  83   M   0  18 1.68  0.0    0    M  M   M   M    M   M         M   M
 8  89  73  81   M   0  16 0.27  0.0    0    M  M   M   M    M   M         M   M
 9  89  75  82   M   0  17 0.10  0.0    0    M  M   M   M    M   M         M   M
10  91  78  85   M   0  20 0.00  0.0    0    M  M   M   M    M   M         M   M
11  90  76  83   M   0  18 0.05  0.0    0    M  M   M   M    M   M         M   M
12  90  78  84   M   0  19 0.18  0.0    0    M  M   M   M    M   M         M   M
13  90  77  84   M   0  19 0.22  0.0    0    M  M   M   M    M   M         M   M
14  87  79  83   M   0  18 0.01  0.0    M    M  M   M   M    M   M         M   M
15  89  76  83   M   0  18    T  0.0    M    M  M   M   M    M   M         M   M
16  89  75  82   M   0  17 0.89  0.0    0    M  M   M   M    M   M         M   M
17  90  73  82   M   0  17 1.24  0.0    0    M  M   M   M    M   M         M   M
18  87  76  82   M   0  17 0.14  0.0    0    M  M   M   M    M   M         M   M
19  89  76  83   M   0  18 0.00  0.0    0    M  M   M   M    M   M         M   M
20  89  77  83   M   0  18 0.58  0.0    0    M  M   M   M    M   M         M   M
21  87  77  82   M   0  17 0.00  0.0    0    M  M   M   M    M   M         M   M
22  88  77  83   M   0  18 0.00  0.0    0    M  M   M   M    M   M         M   M
23  89  78  84   M   0  19 0.00  0.0    0    M  M   M   M    M   M         M   M
24  89  76  83   M   0  18 0.01  0.0    0    M  M   M   M    M   M         M   M
25  88  77  83   M   0  18 0.01  0.0    0    M  M   M   M    M   M         M   M
26  88  76  82   M   0  17 0.72  0.0    M    M  M   M   M    M   M         M   M
27  83  75  79   M   0  14 3.90  0.0    0    M  M   M   M    M   M         M   M
================================================================================
SM 2409 2075         0 493 10.27  0.0        M          M        M
================================================================================
AV 89.2 76.9                                 M FASTST   M    M   M    MAX(MPH)
                                 MISC ---->     M   M                  M   M
================================================================================
NOTES:
# LAST OF SEVERAL OCCURRENCES

COLUMN 17 PEAK WIND IN M.P.H.

PRELIMINARY LOCAL CLIMATOLOGICAL DATA (WS FORM: F-6) , PAGE 2

                                          STATION:   KEY WEST WFO
                                          MONTH:     SEPTEMBER
                                          YEAR:      2022
                                          LATITUDE:   24 33 N
                                          LONGITUDE:  81 47 W

[TEMPERATURE DATA]      [PRECIPITATION DATA]       SYMBOLS USED IN COLUMN 16

AVERAGE MONTHLY: 83.0   TOTAL FOR MONTH:  10.27    1 = FOG OR MIST
DPTR FM NORMAL:   0.0   DPTR FM NORMAL:   10.27    2 = FOG REDUCING VISIBILITY
HIGHEST:    93 ON  2    GRTST 24HR  3.90 ON 27-27      TO 1/4 MILE OR LESS
LOWEST:     73 ON 17, 8                             3 = THUNDER
                        SNOW, ICE PELLETS, HAIL    4 = ICE PELLETS
                        TOTAL MONTH:   0.0 INCH    5 = HAIL
                        GRTST 24HR  0.0            6 = FREEZING RAIN OR DRIZZLE
                        GRTST DEPTH:  0            7 = DUSTSTORM OR SANDSTORM:
                                                       VSBY 1/2 MILE OR LESS
                                                   8 = SMOKE OR HAZE
[NO. OF DAYS WITH]      [WEATHER - DAYS WITH]      9 = BLOWING SNOW
                                                   X = TORNADO
MAX 32 OR BELOW:   0    0.01 INCH OR MORE:  18
MAX 90 OR ABOVE:  12    0.10 INCH OR MORE:  12
MIN 32 OR BELOW:   0    0.50 INCH OR MORE:   6
MIN  0 OR BELOW:   0    1.00 INCH OR MORE:   3

[HDD (BASE 65) ]
TOTAL THIS MO.     0    CLEAR  (SCALE 0-3)   0
DPTR FM NORMAL     M    PTCLDY (SCALE 4-7)   0
TOTAL FM JUL 1     0    CLOUDY (SCALE 8-10) 27
DPTR FM NORMAL     M

[CDD (BASE 65) ]
TOTAL THIS MO.   493
DPTR FM NORMAL     M    [PRESSURE DATA]
TOTAL FM JAN 1  3941    HIGHEST SLP M ON M
DPTR FM NORMAL     M    LOWEST  SLP M ON M

[REMARKS]
