000
CXUS55 KPUB 251210
CF6LAA
PRELIMINARY LOCAL CLIMATOLOGICAL DATA (WS FORM: F-6)

                                          STATION:   LAMAR CO
                                          MONTH:     SEPTEMBER
                                          YEAR:      2022
                                          LATITUDE:   38  4 N
                                          LONGITUDE: 102 41 W

  TEMPERATURE IN F:       :PCPN:    SNOW:  WIND      :SUNSHINE: SKY     :PK WND
================================================================================
1   2   3   4   5  6A  6B    7    8   9   10  11  12  13   14  15   16   17  18
                                     12Z  AVG MX 2MIN
DY MAX MIN AVG DEP HDD CDD  WTR  SNW DPTH SPD SPD DIR MIN PSBL S-S WX    SPD DR
================================================================================

 1  90  58  74   0   0   9 0.00    M    M  3.8 18 140   M    M   0 8      29 140
 2  96  54  75   2   0  10    T    M    M  7.8 29  80   M    M   0 3      39  70
 3  91  63  77   4   0  12 0.00    M    M  6.2 20 300   M    M   0        26 300
 4  92  53  73   0   0   8 0.00    M    M  6.9 15 110   M    M   0        20 110
 5  94  52  73   1   0   8 0.00    M    M  9.6 21 180   M    M   0        29 170
 6  99  55  77   5   0  12 0.00    M    M  7.9 16 170   M    M   0        24 200
 7 100  54  77   5   0  12 0.00    M    M  5.4 16 180   M    M   0        23 170
 8 101  52  77   5   0  12 0.00    M    M  9.9 22 170   M    M   0        29 170
 9  82  56  69  -2   0   4 0.00    M    M 13.2 22  20   M    M   0        34  30
10  59  52  56 -15   9   0 0.01    M    M  7.0 16  80   M    M   9 18     22  90
11  79  42  61  -9   4   0 0.00    M    M  5.8 15 150   M    M   3 12     23 170
12  92  41  67  -3   0   2 0.00    M    M  5.8 13 170   M    M   0 1      17 170
13  95  44  70   0   0   5 0.00    M    M  7.2 20 200   M    M   0        27 200
14  89  65  77   8   0  12 0.01    M    M 17.6 32 190   M    M   2        45 190
15  90  54  72   3   0   7    T    M    M  7.9 31 340   M    M   0 3      44 330
16  91  48  70   2   0   5 0.00    M    M  6.7 18 120   M    M   0        26 120
17  92  51  72   4   0   7 0.00    M    M  7.2 18 120   M    M   0        25 120
18  98  51  75   7   0  10 0.00    M    M  6.8 21 180   M    M   0        29 180
19  98  60  79  12   0  14 0.00    M    M  8.1 33 220   M    M   1 3      46 220
20  98  54  76   9   0  11 0.00    M    M  5.5 14 190   M    M   0        19 190
21  72  52  62  -4   3   0    T    M    M 12.0 23  30   M    M   5        32  30
22  54  48  51 -15  14   0    T    M    M  9.0 18 140   M    M  10 1      24 140
23  90  51  71   6   0   6 0.00    M    M  7.4 16 280   M    M   3        22 270
24  89  45  67   2   0   2 0.00    M    M  4.8 14 360   M    M   0        17 230
================================================================================
SM 2131 1255        30 168  0.02    M    189.5          M       33
================================================================================
AV 88.8 52.3                               7.9 FASTST   M    M   1    MAX(MPH)
                                 MISC ---->    33 220                 46 220
================================================================================
NOTES:
# LAST OF SEVERAL OCCURRENCES

COLUMN 17 PEAK WIND IN M.P.H.

PRELIMINARY LOCAL CLIMATOLOGICAL DATA (WS FORM: F-6) , PAGE 2

                                          STATION:   LAMAR CO
                                          MONTH:     SEPTEMBER
                                          YEAR:      2022
                                          LATITUDE:   38  4 N
                                          LONGITUDE: 102 41 W

[TEMPERATURE DATA]      [PRECIPITATION DATA]       SYMBOLS USED IN COLUMN 16

AVERAGE MONTHLY: 70.5   TOTAL FOR MONTH:   0.02    1 = FOG OR MIST
DPTR FM NORMAL:   0.9   DPTR FM NORMAL:   -0.83    2 = FOG REDUCING VISIBILITY
HIGHEST:   101 ON  8    GRTST 24HR  0.63 ON 31- 1      TO 1/4 MILE OR LESS
LOWEST:     41 ON 12                               3 = THUNDER
                        SNOW, ICE PELLETS, HAIL    4 = ICE PELLETS
                        TOTAL MONTH:  M            5 = HAIL
                        GRTST 24HR    M  ON   M    6 = FREEZING RAIN OR DRIZZLE
                        GRTST DEPTH:  M  ON   M    7 = DUSTSTORM OR SANDSTORM:
                                                       VSBY 1/2 MILE OR LESS
                                                   8 = SMOKE OR HAZE
[NO. OF DAYS WITH]      [WEATHER - DAYS WITH]      9 = BLOWING SNOW
                                                   X = TORNADO
MAX 32 OR BELOW:   0    0.01 INCH OR MORE:   2
MAX 90 OR ABOVE:  17    0.10 INCH OR MORE:   0
MIN 32 OR BELOW:   0    0.50 INCH OR MORE:   0
MIN  0 OR BELOW:   0    1.00 INCH OR MORE:   0

[HDD (BASE 65) ]
TOTAL THIS MO.    30    CLEAR  (SCALE 0-3)  20
DPTR FM NORMAL    -4    PTCLDY (SCALE 4-7)   2
TOTAL FM JUL 1    30    CLOUDY (SCALE 8-10)  2
DPTR FM NORMAL    -7

[CDD (BASE 65) ]
TOTAL THIS MO.   168
DPTR FM NORMAL    25    [PRESSURE DATA]
TOTAL FM JAN 1  1413    HIGHEST SLP M ON M
DPTR FM NORMAL   124    LOWEST  SLP 29.58 ON  8

[REMARKS]
