000
CXUS53 KIND 280600
CF6LAF
PRELIMINARY LOCAL CLIMATOLOGICAL DATA (WS FORM: F-6)

                                          STATION:   LAFAYETTE IN
                                          MONTH:     SEPTEMBER
                                          YEAR:      2022
                                          LATITUDE:   40 25 N
                                          LONGITUDE:  86 56 W

  TEMPERATURE IN F:       :PCPN:    SNOW:  WIND      :SUNSHINE: SKY     :PK WND
================================================================================
1   2   3   4   5  6A  6B    7    8   9   10  11  12  13   14  15   16   17  18
                                     12Z  AVG MX 2MIN
DY MAX MIN AVG DEP HDD CDD  WTR  SNW DPTH SPD SPD DIR MIN PSBL S-S WX    SPD DR
================================================================================

 1  85  59  72   2   0   7 0.00    M    M  2.2  9 260   M    M   1 128    14 240
 2  83  64  74   4   0   9 0.00    M    M  2.0 12 130   M    M   0        18 150
 3  81  66  74   4   0   9    T    M    M  1.7  6 180   M    M   2 1       9 120
 4  82  67  75   6   0  10 0.00    M    M  5.3 15  40   M    M   6        19  40
 5  73  67  70   1   0   5 0.00    M    M  8.2 14  60   M    M  10 1      18  50
 6  81  65  73   4   0   8 0.00    M    M  6.9 13  80   M    M   6 1      17 100
 7  81  59  70   2   0   5 0.00    M    M  5.3 14 350   M    M   4 1      21 360
 8  80  53  67  -1   0   2 0.00    M    M  1.8  9 120   M    M   0 12     14 100
 9  82  54  68   0   0   3 0.00    M    M  2.3 12 140   M    M   2 1      17 130
10  86  58  72   4   0   7 0.13    M    M  2.0 12 270   M    M   4 12     15 270
11  74  59  67   0   0   2 0.74    M    M  7.7 20 290   M    M   9 13     29 270
12  62  52  57 -10   8   0 0.03    M    M  8.5 18 260   M    M   8 18     29 250
13  72  53  63  -4   2   0 0.00    M    M  4.3 12 290   M    M   7 12     16 290
14  81  54  68   2   0   3 0.00    M    M  0.2  7 350   M    M   4 12     10 350
15  83  55  69   3   0   4 0.00    M    M  1.0  7 140   M    M   3 12     10 140
16  83  57  70   4   0   5 0.00    M    M  2.8 12 160   M    M   0 1      17 130
17  84  60  72   7   0   7 0.00    M    M  5.1 15 240   M    M   2        24 230
18  86  64  75  10   0  10 0.00    M    M  4.6 14 230   M    M   2        21 230
19  84  62  73   9   0   8 0.13    M    M  4.3 10 350   M    M   4 13     15 340
20  91  58  75  11   0  10 0.00    M    M  3.8 12 190   M    M   1        17 180
21  91  68  80  16   0  15 0.00    M    M  6.2 17 280   M    M   1        26 290
22  69  45  57  -6   8   0 0.00    M    M 10.5 22  10   M    M   1        34 340
23  62  41  52 -11  13   0    T    M    M  3.5 10 100   M    M   2        14  90
24  77  52  65   2   0   0 0.08    M    M  6.6 14 320   M    M   5 1      20 250
25  71  53  62   0   3   0    T    M    M  9.1 21 280   M    M   6        29 280
26  68  45  57  -5   8   0 0.00    M    M  9.6 25 290   M    M   3        35 280
27  66  39  53  -8  12   0 0.00    M    M  8.4 22 310   M    M   1 1      32 340
================================================================================
SM 2118 1529        54 129  1.11    M    133.9          M       94
================================================================================
AV 78.4 56.6                               5.0 FASTST   M    M   3    MAX(MPH)
                                 MISC ---->    25 290                 35 280
================================================================================
NOTES:
# LAST OF SEVERAL OCCURRENCES

COLUMN 17 PEAK WIND IN M.P.H.

PRELIMINARY LOCAL CLIMATOLOGICAL DATA (WS FORM: F-6) , PAGE 2

                                          STATION:   LAFAYETTE IN
                                          MONTH:     SEPTEMBER
                                          YEAR:      2022
                                          LATITUDE:   40 25 N
                                          LONGITUDE:  86 56 W

[TEMPERATURE DATA]      [PRECIPITATION DATA]       SYMBOLS USED IN COLUMN 16

AVERAGE MONTHLY: 67.5   TOTAL FOR MONTH:   1.11    1 = FOG OR MIST
DPTR FM NORMAL:   1.5   DPTR FM NORMAL:   -1.21    2 = FOG REDUCING VISIBILITY
HIGHEST:    91 ON 21,20  GRTST 24HR  0.87 ON 10-11      TO 1/4 MILE OR LESS
LOWEST:     39 ON 27                               3 = THUNDER
                        SNOW, ICE PELLETS, HAIL    4 = ICE PELLETS
                        TOTAL MONTH:  M            5 = HAIL
                        GRTST 24HR    M  ON   M    6 = FREEZING RAIN OR DRIZZLE
                        GRTST DEPTH:  M  ON   M    7 = DUSTSTORM OR SANDSTORM:
                                                       VSBY 1/2 MILE OR LESS
                                                   8 = SMOKE OR HAZE
[NO. OF DAYS WITH]      [WEATHER - DAYS WITH]      9 = BLOWING SNOW
                                                   X = TORNADO
MAX 32 OR BELOW:   0    0.01 INCH OR MORE:   5
MAX 90 OR ABOVE:   2    0.10 INCH OR MORE:   3
MIN 32 OR BELOW:   0    0.50 INCH OR MORE:   1
MIN  0 OR BELOW:   0    1.00 INCH OR MORE:   0

[HDD (BASE 65) ]
TOTAL THIS MO.    54    CLEAR  (SCALE 0-3)  14
DPTR FM NORMAL   -12    PTCLDY (SCALE 4-7)  10
TOTAL FM JUL 1    54    CLOUDY (SCALE 8-10)  3
DPTR FM NORMAL   -22

[CDD (BASE 65) ]
TOTAL THIS MO.   129
DPTR FM NORMAL    34    [PRESSURE DATA]
TOTAL FM JAN 1  1103    HIGHEST SLP M ON M
DPTR FM NORMAL   241    LOWEST  SLP 29.72 ON 25

[REMARKS]
