000
CXUS55 KCYS 281610
CF6LAR
PRELIMINARY LOCAL CLIMATOLOGICAL DATA (WS FORM: F-6)

                                          STATION:   LARAMIE WYOMING AIRPORT
                                          MONTH:     SEPTEMBER
                                          YEAR:      2022
                                          LATITUDE:   41 18 N
                                          LONGITUDE: 105 40 W

  TEMPERATURE IN F:       :PCPN:    SNOW:  WIND      :SUNSHINE: SKY     :PK WND
================================================================================
1   2   3   4   5  6A  6B    7    8   9   10  11  12  13   14  15   16   17  18
                                     12Z  AVG MX 2MIN
DY MAX MIN AVG DEP HDD CDD  WTR  SNW DPTH SPD SPD DIR MIN PSBL S-S WX    SPD DR
================================================================================

 1  86  46  66   7   0   1    T    M    M  7.6 20 320   M    M   1        29 320
 2  83  49  66   7   0   1 0.00    M    M  8.9 23  70   M    M   1        29  80
 3  83  49  66   7   0   1 0.00    M    M 12.0 24 150   M    M   0        30 150
 4  89  46  68  10   0   3 0.00    M    M  8.1 21 330   M    M   0        30 330
 5  89  51  70  12   0   5 0.00    M    M  6.1 15 310   M    M   0        23 310
 6  89  45  67   9   0   2 0.00    M    M  6.9 14  50   M    M   0        18  50
 7  88  47  68  10   0   3 0.00    M    M  6.5 16 310   M    M   0        22 340
 8  88  48  68  11   0   3 0.01    M    M 12.0 31 320   M    M   1        39 330
 9  55  43  49  -8  16   0 0.00    M    M 12.1 22 140   M    M   8        27 140
10  58  39  49  -8  16   0 0.00    M    M 11.3 22 150   M    M   7        26 140
11  77  25  51  -5  14   0 0.00    M    M  6.9 13 150   M    M   0 12     18 310
12  81  37  59   3   6   0 0.00    M    M  6.7 15 350   M    M   0        22 340
13  80  37  59   3   6   0 0.00    M    M 11.8 29 150   M    M   1        38 160
14  72  47  60   5   5   0    T    M    M  8.7 28 140   M    M   6        37 210
15  65  46  56   1   9   0    T    M    M  8.8 23 220   M    M   8 8      28 230
16  69  41  55   1  10   0 0.05    M    M 11.6 38 260   M    M   3 1      49 270
17  71  39  55   1  10   0 0.01    M    M  8.7 45 220   M    M   3 38     59 220
18  78  38  58   4   7   0    T    M    M 11.3 25 240   M    M   0        36 220
19  81  39  60   7   5   0 0.00    M    M 11.9 26 240   M    M   0        38 200
20  77  40  59   6   6   0    T    M    M  8.3 35 210   M    M   4        44 210
21  62  46  54   2  11   0 0.30    M    M 16.4 31 150   M    M   5 1      38 150
22  71  42  57   5   8   0    T    M    M 17.7 37 280   M    M   4        48 270
23  68  45  57   5   8   0 0.00    M    M 18.9 37 280   M    M   0        51 280
24  73  39  56   5   9   0 0.00    M    M 11.3 26 310   M    M   0        36 270
25  69  38  54   3  11   0 0.00    M    M  6.1 13 360   M    M   0        17 350
26  75  37  56   6   9   0 0.00    M    M  9.0 18 360   M    M   0        27 350
27  74  35  55   5  10   0    T    M    M  9.7 32 320   M    M   2        44 330
================================================================================
SM 2051 1134       176  19  0.37    M    275.3          M       54
================================================================================
AV 76.0 42.0                              10.2 FASTST   M    M   2    MAX(MPH)
                                 MISC ---->    45 220                 59 220
================================================================================
NOTES:
# LAST OF SEVERAL OCCURRENCES

COLUMN 17 PEAK WIND IN M.P.H.

PRELIMINARY LOCAL CLIMATOLOGICAL DATA (WS FORM: F-6) , PAGE 2

                                          STATION:   LARAMIE WYOMING AIRPORT
                                          MONTH:     SEPTEMBER
                                          YEAR:      2022
                                          LATITUDE:   41 18 N
                                          LONGITUDE: 105 40 W

[TEMPERATURE DATA]      [PRECIPITATION DATA]       SYMBOLS USED IN COLUMN 16

AVERAGE MONTHLY: 59.0   TOTAL FOR MONTH:   0.37    1 = FOG OR MIST
DPTR FM NORMAL:   4.0   DPTR FM NORMAL:   -0.64    2 = FOG REDUCING VISIBILITY
HIGHEST:    89 ON  6, 5  GRTST 24HR  0.30 ON 21-21      TO 1/4 MILE OR LESS
LOWEST:     25 ON 11                               3 = THUNDER
                        SNOW, ICE PELLETS, HAIL    4 = ICE PELLETS
                        TOTAL MONTH:  M            5 = HAIL
                        GRTST 24HR    M  ON   M    6 = FREEZING RAIN OR DRIZZLE
                        GRTST DEPTH:  M  ON   M    7 = DUSTSTORM OR SANDSTORM:
                                                       VSBY 1/2 MILE OR LESS
                                                   8 = SMOKE OR HAZE
[NO. OF DAYS WITH]      [WEATHER - DAYS WITH]      9 = BLOWING SNOW
                                                   X = TORNADO
MAX 32 OR BELOW:   0    0.01 INCH OR MORE:   4
MAX 90 OR ABOVE:   0    0.10 INCH OR MORE:   1
MIN 32 OR BELOW:   1    0.50 INCH OR MORE:   0
MIN  0 OR BELOW:   0    1.00 INCH OR MORE:   0

[HDD (BASE 65) ]
TOTAL THIS MO.   176    CLEAR  (SCALE 0-3)  19
DPTR FM NORMAL   -97    PTCLDY (SCALE 4-7)   7
TOTAL FM JUL 1   217    CLOUDY (SCALE 8-10)  1
DPTR FM NORMAL  -206

[CDD (BASE 65) ]
TOTAL THIS MO.    19
DPTR FM NORMAL    19    [PRESSURE DATA]
TOTAL FM JAN 1   208    HIGHEST SLP M ON M
DPTR FM NORMAL   125    LOWEST  SLP 29.68 ON  8

[REMARKS]
