000
CXUS54 KLUB 280730
CF6LBB
PRELIMINARY LOCAL CLIMATOLOGICAL DATA (WS FORM: F-6)

                                          STATION:   LUBBOCK
                                          MONTH:     SEPTEMBER
                                          YEAR:      2022
                                          LATITUDE:   33 39 N
                                          LONGITUDE: 101 49 W

  TEMPERATURE IN F:       :PCPN:    SNOW:  WIND      :SUNSHINE: SKY     :PK WND
================================================================================
1   2   3   4   5  6A  6B    7    8   9   10  11  12  13   14  15   16   17  18
                                     12Z  AVG MX 2MIN
DY MAX MIN AVG DEP HDD CDD  WTR  SNW DPTH SPD SPD DIR MIN PSBL S-S WX    SPD DR
================================================================================

 1  83  68  76  -1   0  11 0.02  0.0    0  6.9 17 220   M    M   7 1      21 260
 2  89  66  78   2   0  13 0.00  0.0    0  7.2 13 190   M    M   3 1      19 270
 3  87  67  77   1   0  12 0.39  0.0    0  7.8 23 120   M    M   3 13     34 280
 4  90  64  77   1   0  12 0.00  0.0    0  5.1 10 140   M    M   2        15  60
 5  93  65  79   3   0  14 0.00  0.0    0  7.2 14 290   M    M   2        17 290
 6  92  64  78   3   0  13 0.00  0.0    0  7.0 15  50   M    M   1        22 320
 7  89  61  75   0   0  10 0.00  0.0    0  7.0 15  70   M    M   1        21 110
 8  89  62  76   1   0  11 0.00  0.0    0  5.4 14 140   M    M   4        16 170
 9  90  63  77   3   0  12 0.00  0.0    0  8.7 18 180   M    M   2        22 180
10  87  61  74   0   0   9 0.00  0.0    0 11.0 24  50   M    M   4        33  60
11  73  57  65  -9   0   0 0.14  0.0    0  8.4 21  30   M    M   8 1      29  40
12  88  60  74   0   0   9 0.00  0.0    0  9.7 20 200   M    M   3        28 180
13  89  65  77   4   0  12 0.00  0.0    0 10.2 18 180   M    M   4        25 170
14  85  65  75   2   0  10 0.00  0.0    0 14.3 29 190   M    M   7        38 170
15  86  62  74   1   0   9 0.28  0.0    0 11.6 23 240   M    M   4 3      30 200
16  92  68  80   8   0  15 0.00  0.0    0 13.3 21 180   M    M   2        28 180
17  92  69  81   9   0  16 0.00  0.0    0 15.0 22 180   M    M   2        28 190
18  91  67  79   7   0  14 0.00  0.0    0 13.9 26 190   M    M   2        33 210
19  90  68  79   8   0  14 0.00  0.0    0 11.7 22 190   M    M   4        28 200
20  90  67  79   8   0  14 0.00  0.0    0 10.6 21 190   M    M   2        28 180
21  91  70  81  10   0  16 0.00  0.0    0 11.9 21 160   M    M   1        25 160
22  86  57  72   2   0   7 0.00  0.0    0  8.1 16  20   M    M   2        22  30
23  89  60  75   5   0  10 0.00  0.0    0 12.9 24 200   M    M   1        33 210
24  92  68  80  10   0  15 0.00  0.0    0 11.7 22 210   M    M   1        31 200
25  88  61  75   6   0  10 0.00  0.0    0 12.0 22  70   M    M   2        34  80
26  82  55  69   0   0   4 0.00  0.0    0  8.3 16 130   M    M   1        21 140
27  88  57  73   4   0   8 0.00  0.0    0  8.6 17 200   M    M   1        25 220
================================================================================
SM 2381 1717         0 300  0.83  0.0    265.5          M       76
================================================================================
AV 88.2 63.6                               9.8 FASTST   M    M   3    MAX(MPH)
                                 MISC ---->    29 190                 38 170
================================================================================
NOTES:
# LAST OF SEVERAL OCCURRENCES

COLUMN 17 PEAK WIND IN M.P.H.

PRELIMINARY LOCAL CLIMATOLOGICAL DATA (WS FORM: F-6) , PAGE 2

                                          STATION:   LUBBOCK
                                          MONTH:     SEPTEMBER
                                          YEAR:      2022
                                          LATITUDE:   33 39 N
                                          LONGITUDE: 101 49 W

[TEMPERATURE DATA]      [PRECIPITATION DATA]       SYMBOLS USED IN COLUMN 16

AVERAGE MONTHLY: 75.9   TOTAL FOR MONTH:   0.83    1 = FOG OR MIST
DPTR FM NORMAL:   3.0   DPTR FM NORMAL:   -1.50    2 = FOG REDUCING VISIBILITY
HIGHEST:    93 ON  5    GRTST 24HR  2.26 ON 31- 1      TO 1/4 MILE OR LESS
LOWEST:     55 ON 26                               3 = THUNDER
                        SNOW, ICE PELLETS, HAIL    4 = ICE PELLETS
                        TOTAL MONTH:   0.0 INCH    5 = HAIL
                        GRTST 24HR  0.0            6 = FREEZING RAIN OR DRIZZLE
                        GRTST DEPTH:  0            7 = DUSTSTORM OR SANDSTORM:
                                                       VSBY 1/2 MILE OR LESS
                                                   8 = SMOKE OR HAZE
[NO. OF DAYS WITH]      [WEATHER - DAYS WITH]      9 = BLOWING SNOW
                                                   X = TORNADO
MAX 32 OR BELOW:   0    0.01 INCH OR MORE:   4
MAX 90 OR ABOVE:  11    0.10 INCH OR MORE:   3
MIN 32 OR BELOW:   0    0.50 INCH OR MORE:   0
MIN  0 OR BELOW:   0    1.00 INCH OR MORE:   0

[HDD (BASE 65) ]
TOTAL THIS MO.     0    CLEAR  (SCALE 0-3)  18
DPTR FM NORMAL   -13    PTCLDY (SCALE 4-7)   9
TOTAL FM JUL 1     0    CLOUDY (SCALE 8-10)  0
DPTR FM NORMAL   -13

[CDD (BASE 65) ]
TOTAL THIS MO.   300
DPTR FM NORMAL    74    [PRESSURE DATA]
TOTAL FM JAN 1  2431    HIGHEST SLP M ON M
DPTR FM NORMAL   561    LOWEST  SLP 29.67 ON  9

[REMARKS]
