000
CXUS52 KILM 281000
CF6LBT
PRELIMINARY LOCAL CLIMATOLOGICAL DATA (WS FORM: F-6)

                                          STATION:   LUMBERTON NORTH CAROLINA
                                          MONTH:     SEPTEMBER
                                          YEAR:      2022
                                          LATITUDE:   34 35 N
                                          LONGITUDE:  79  4 W

  TEMPERATURE IN F:       :PCPN:    SNOW:  WIND      :SUNSHINE: SKY     :PK WND
================================================================================
1   2   3   4   5  6A  6B    7    8   9   10  11  12  13   14  15   16   17  18
                                     12Z  AVG MX 2MIN
DY MAX MIN AVG DEP HDD CDD  WTR  SNW DPTH SPD SPD DIR MIN PSBL S-S WX    SPD DR
================================================================================

 1  93  67  80   2   0  15 0.00    M    M  2.6 10  30   M    M   0 8      13  40
 2  92  68  80   2   0  15 0.00    M    M  2.6 10 130   M    M   0 1      13 120
 3  93  68  81   3   0  16 0.00    M    M  3.4 12 150   M    M   2 1      17 160
 4  92  70  81   4   0  16 0.00    M    M  4.7 20 150   M    M   1 1      25 150
 5  90  69  80   3   0  15 1.24    M    M  2.3 16 230   M    M   3 1      20 220
 6  91  74  83   6   0  18 0.00    M    M  5.5 17 250   M    M   5 1      20 270
 7  93  73  83   6   0  18 0.06    M    M  3.4 23  20   M    M   3 1      27  30
 8  85  69  77   0   0  12    T    M    M  7.5 15  20   M    M   5 1      19  80
 9  84  66  75  -1   0  10 0.00    M    M  8.1 18  30   M    M   3        24  60
10  85  71  78   2   0  13 0.23    M    M  7.4 15 150   M    M   9 18     21 160
11  91  75  83   7   0  18 0.27    M    M  4.3 17 150   M    M   5 1      22 150
12  88  73  81   5   0  16 0.00    M    M  4.5 14 190   M    M   1        20 210
13  88  66  77   2   0  12 0.00    M    M  4.3 13 280   M    M   2 1      17 290
14  86  61  74  -1   0   9 0.00    M    M  4.6 13  20   M    M   1        17  30
15  85  60  73  -2   0   8 0.00    M    M  5.1 21  20   M    M   0        25  30
16  86  59  73  -2   0   8 0.00    M    M  3.5 13  40   M    M   1 1      16  40
17  86  58  72  -2   0   7 0.00    M    M  2.4 14  30   M    M   1 1      19  30
18  90  66  78   4   0  13 0.00    M    M  3.9 12 150   M    M   2        17  50
19  91  63  77   3   0  12 0.00    M    M  2.8 10  40   M    M   1 1      13  40
20  94  63  79   6   0  14 0.00    M    M  2.1 10 330   M    M   2 12     14 340
21  93  65  79   6   0  14 0.00    M    M  2.1  9 250   M    M   1 1      12 210
22  96  66  81   8   0  16 0.18    M    M  7.6 23 360   M    M   1 12     31 360
23  78  49  64  -8   1   0 0.00    M    M  7.6 22  10   M    M   0        27 360
24  80  44  62 -10   3   0 0.00    M    M  3.3  9 130   M    M   0        12 120
25  87  57  72   0   0   7 0.00    M    M  6.8 18 250   M    M   1        24 230
26  88  61  75   3   0  10 0.00    M    M  4.3 17 240   M    M   2        23 240
27  82  57  70  -1   0   5 0.00    M    M  4.7 13  10   M    M   1        18  40
================================================================================
SM 2387 1738         4 317  1.98    M    121.4          M       53
================================================================================
AV 88.4 64.4                               4.5 FASTST   M    M   2    MAX(MPH)
                                 MISC ---->  # 23  20                 31 360
================================================================================
NOTES:
# LAST OF SEVERAL OCCURRENCES

COLUMN 17 PEAK WIND IN M.P.H.

PRELIMINARY LOCAL CLIMATOLOGICAL DATA (WS FORM: F-6) , PAGE 2

                                          STATION:   LUMBERTON NORTH CAROLINA
                                          MONTH:     SEPTEMBER
                                          YEAR:      2022
                                          LATITUDE:   34 35 N
                                          LONGITUDE:  79  4 W

[TEMPERATURE DATA]      [PRECIPITATION DATA]       SYMBOLS USED IN COLUMN 16

AVERAGE MONTHLY: 76.4   TOTAL FOR MONTH:   1.98    1 = FOG OR MIST
DPTR FM NORMAL:   1.5   DPTR FM NORMAL:   -2.52    2 = FOG REDUCING VISIBILITY
HIGHEST:    96 ON 22    GRTST 24HR  1.24 ON  5- 5      TO 1/4 MILE OR LESS
LOWEST:     44 ON 24                               3 = THUNDER
                        SNOW, ICE PELLETS, HAIL    4 = ICE PELLETS
                        TOTAL MONTH:  M            5 = HAIL
                        GRTST 24HR    M  ON   M    6 = FREEZING RAIN OR DRIZZLE
                        GRTST DEPTH:  M  ON   M    7 = DUSTSTORM OR SANDSTORM:
                                                       VSBY 1/2 MILE OR LESS
                                                   8 = SMOKE OR HAZE
[NO. OF DAYS WITH]      [WEATHER - DAYS WITH]      9 = BLOWING SNOW
                                                   X = TORNADO
MAX 32 OR BELOW:   0    0.01 INCH OR MORE:   5
MAX 90 OR ABOVE:  13    0.10 INCH OR MORE:   4
MIN 32 OR BELOW:   0    0.50 INCH OR MORE:   1
MIN  0 OR BELOW:   0    1.00 INCH OR MORE:   1

[HDD (BASE 65) ]
TOTAL THIS MO.     4    CLEAR  (SCALE 0-3)  22
DPTR FM NORMAL     2    PTCLDY (SCALE 4-7)   4
TOTAL FM JUL 1     4    CLOUDY (SCALE 8-10)  1
DPTR FM NORMAL     2

[CDD (BASE 65) ]
TOTAL THIS MO.   317
DPTR FM NORMAL    44    [PRESSURE DATA]
TOTAL FM JAN 1  2248    HIGHEST SLP M ON M
DPTR FM NORMAL   282    LOWEST  SLP 29.65 ON 22

[REMARKS]
