000
CXUS54 KLCH 280830
CF6LCH
PRELIMINARY LOCAL CLIMATOLOGICAL DATA (WS FORM: F-6)

                                          STATION:   LAKE CHARLES
                                          MONTH:     SEPTEMBER
                                          YEAR:      2022
                                          LATITUDE:   30  7 N
                                          LONGITUDE:  93 13 W

  TEMPERATURE IN F:       :PCPN:    SNOW:  WIND      :SUNSHINE: SKY     :PK WND
================================================================================
1   2   3   4   5  6A  6B    7    8   9   10  11  12  13   14  15   16   17  18
                                     12Z  AVG MX 2MIN
DY MAX MIN AVG DEP HDD CDD  WTR  SNW DPTH SPD SPD DIR MIN PSBL S-S WX    SPD DR
================================================================================

 1  93  75  84   1   0  19 0.10  0.0    M  3.9 22 100   M    M   2 13     31  90
 2  90  73  82  -1   0  17 0.01  0.0    M  3.5 15 150   M    M   3 13     20 160
 3  83  74  79  -3   0  14 0.90  0.0    M  4.4 16 320   M    M   5 13     23 340
 4  79  72  76  -6   0  11 0.02  0.0    M  3.4 12 200   M    M   5 1      18 190
 5  85  72  79  -3   0  14 0.00  0.0    M  3.9 12 210   M    M   1 1      18 210
 6  85  72  79  -3   0  14 0.03  0.0    M  3.9 20 160   M    M   2 13     27 140
 7  91  70  81  -1   0  16 0.05  0.0    M  3.9 29 280   M    M   1 13     41 290
 8  89  67  78  -4   0  13    T  0.0    M  5.3 21  70   M    M   1 1      28  80
 9  89  67  78  -4   0  13 0.00  0.0    M  4.7 12  40   M    M   1 1      18  90
10  89  68  79  -2   0  14 0.00  0.0    M  4.2 14  60   M    M   1 1      17  30
11  91  71  81   0   0  16 0.00  0.0    M  4.2 14 360   M    M   2        21 360
12  88  69  79  -2   0  14 0.00  0.0    M  7.1 13  40   M    M   0        17  10
13  86  64  75  -6   0  10 0.00  0.0    M  5.9 12 350   M    M   0        16 340
14  87  62  75  -6   0  10 0.00  0.0    M  7.1 14  60   M    M   0        18  90
15  89  63  76  -4   0  11 0.00  0.0    M  6.5 15  80   M    M   0        20  60
16  90  70  80   0   0  15 0.00  0.0    M  5.9 13 110   M    M   1        17 110
17  92  73  83   3   0  18 0.00  0.0    M  5.7 12  90   M    M   1 1      20  80
18  91  73  82   2   0  17 0.55  0.0    M  5.4 31 130   M    M   2 8      38 140
19  92  73  83   3   0  18 0.00  0.0    M  4.0 17 200   M    M   1 1      23 200
20  93  71  82   3   0  17 0.00  0.0    M  4.4 14  50   M    M   1 1      19  50
21  94  70  82   3   0  17 0.00  0.0    M  3.9 10  10   M    M   1 12     14  70
22  96  73  85   6   0  20 0.00  0.0    M  6.3 15  40   M    M   1 18     20  10
23  94  73  84   6   0  19 0.00  0.0    M  5.0 16  60   M    M   0 1      21  60
24  92  73  83   5   0  18 0.00  0.0    M  3.2 13 200   M    M   0 18     16 190
25  94  71  83   5   0  18 0.00  0.0    M  3.7 10 310   M    M   0 1      15 340
26  90  70  80   2   0  15 0.00  0.0    M  8.6 20  30   M    M   0 1      25 360
27   M   M   M   M   M   M    M    M    M    M  M   M   M    M   M         M   M
================================================================================
SM 2332 1829         0 398  1.66  0.0    128.0          M       32
================================================================================
AV 89.7 70.3                               4.9 FASTST   M    M   1    MAX(MPH)
                                 MISC ---->    31 130                 41 290
================================================================================
NOTES:
# LAST OF SEVERAL OCCURRENCES

COLUMN 17 PEAK WIND IN M.P.H.

PRELIMINARY LOCAL CLIMATOLOGICAL DATA (WS FORM: F-6) , PAGE 2

                                          STATION:   LAKE CHARLES
                                          MONTH:     SEPTEMBER
                                          YEAR:      2022
                                          LATITUDE:   30  7 N
                                          LONGITUDE:  93 13 W

[TEMPERATURE DATA]      [PRECIPITATION DATA]       SYMBOLS USED IN COLUMN 16

AVERAGE MONTHLY: 80.0   TOTAL FOR MONTH:   1.66    1 = FOG OR MIST
DPTR FM NORMAL:  -0.4   DPTR FM NORMAL:   -3.07    2 = FOG REDUCING VISIBILITY
HIGHEST:    96 ON 22    GRTST 24HR  0.91 ON  3- 4      TO 1/4 MILE OR LESS
LOWEST:     62 ON 14                               3 = THUNDER
                        SNOW, ICE PELLETS, HAIL    4 = ICE PELLETS
                        TOTAL MONTH:   0.0 INCH    5 = HAIL
                        GRTST 24HR  0.0            6 = FREEZING RAIN OR DRIZZLE
                        GRTST DEPTH:  0            7 = DUSTSTORM OR SANDSTORM:
                                                       VSBY 1/2 MILE OR LESS
                                                   8 = SMOKE OR HAZE
[NO. OF DAYS WITH]      [WEATHER - DAYS WITH]      9 = BLOWING SNOW
                                                   X = TORNADO
MAX 32 OR BELOW:   0    0.01 INCH OR MORE:   7
MAX 90 OR ABOVE:  15    0.10 INCH OR MORE:   3
MIN 32 OR BELOW:   0    0.50 INCH OR MORE:   2
MIN  0 OR BELOW:   0    1.00 INCH OR MORE:   0

[HDD (BASE 65) ]
TOTAL THIS MO.     0    CLEAR  (SCALE 0-3)  24
DPTR FM NORMAL     0    PTCLDY (SCALE 4-7)   2
TOTAL FM JUL 1     0    CLOUDY (SCALE 8-10)  0
DPTR FM NORMAL     0

[CDD (BASE 65) ]
TOTAL THIS MO.   398
DPTR FM NORMAL   -17    [PRESSURE DATA]
TOTAL FM JAN 1  2657    HIGHEST SLP M ON M
DPTR FM NORMAL   -66    LOWEST  SLP 29.75 ON  8

[REMARKS]
