000
CXUS53 KLMK 260710
CF6LEX
PRELIMINARY LOCAL CLIMATOLOGICAL DATA (WS FORM: F-6)

                                          STATION:   LEXINGTON KY
                                          MONTH:     SEPTEMBER
                                          YEAR:      2022
                                          LATITUDE:   38  1 N
                                          LONGITUDE:  84 36 W

  TEMPERATURE IN F:       :PCPN:    SNOW:  WIND      :SUNSHINE: SKY     :PK WND
================================================================================
1   2   3   4   5  6A  6B    7    8   9   10  11  12  13   14  15   16   17  18
                                     12Z  AVG MX 2MIN
DY MAX MIN AVG DEP HDD CDD  WTR  SNW DPTH SPD SPD DIR MIN PSBL S-S WX    SPD DR
================================================================================

 1  86  59  73  -1   0   8 0.00  0.0    0  3.5 12  50   M    M   0        16  70
 2  89  60  75   2   0  10 0.00  0.0    0  5.3 13 210   M    M   2 3      19 160
 3  83  69  76   3   0  11 0.22  0.0    0  7.4 18 150   M    M   5 13     25 160
 4  84  69  77   4   0  12 0.04  0.0    0  6.1 14 200   M    M   6        20 180
 5  84  70  77   4   0  12 0.89  0.0    0  5.0 23 310   M    M   5 13     31 310
 6  84  68  76   4   0  11 0.00  0.0    0  4.2 21 360   M    M   6 12     31 330
 7  82  63  73   1   0   8 0.00  0.0    0  6.2 16  50   M    M   4 1      20  60
 8  82  56  69  -3   0   4 0.00  0.0    0  5.2 13  30   M    M   1 1      18  10
 9  89  61  75   3   0  10 0.00  0.0    0  4.8 10 160   M    M   1        15 160
10  80  69  75   4   0  10    T  0.0    0  5.8 10 160   M    M   3        14 140
11  79  68  74   3   0   9 0.21  0.0    0  6.0 16 200   M    M   8 1      22 200
12  74  59  67  -3   0   2 0.01  0.0    0  8.5 15 260   M    M   5 1      20 290
13  74  54  64  -6   1   0 0.00  0.0    0  5.4 13 270   M    M   5        18 280
14  81  54  68  -2   0   3 0.00  0.0    0  2.0 10  40   M    M   2 1      14  30
15  84  55  70   0   0   5 0.00  0.0    0  3.1  9  50   M    M   0 2      15  60
16  85  56  71   2   0   6 0.00  0.0    0  3.6  9 170   M    M   0 18     13 210
17  84  62  73   4   0   8 0.00  0.0    0  5.4 14 210   M    M   2        19 210
18  85  60  73   5   0   8 0.00  0.0    0  7.4 15 220   M    M   2        21 220
19  86  67  77   9   0  12 0.00  0.0    0  7.0 18 260   M    M   2        26 270
20  91  62  77   9   0  12 0.00  0.0    0  3.2  8 330   M    M   0 1      13 140
21  94  66  80  13   0  15 0.00  0.0    0  7.9 16 240   M    M   1        22 230
22  76  53  65  -2   0   0    T  0.0    0 10.4 23 350   M    M   3        33 340
23  71  44  58  -9   7   0 0.00  0.0    0  4.8 12  90   M    M   1        16  50
24  77  55  66   0   0   1 0.08  0.0    0  9.0 21 210   M    M   6        29 210
25  78  57  68   2   0   3 0.05  0.0    0 11.4 23 270   M    M   1        40 240
================================================================================
SM 2062 1516         8 180  1.50  0.0    148.6          M       71
================================================================================
AV 82.5 60.6                               5.9 FASTST   M    M   3    MAX(MPH)
                                 MISC ---->  # 23 310                 40 240
================================================================================
NOTES:
# LAST OF SEVERAL OCCURRENCES

COLUMN 17 PEAK WIND IN M.P.H.

PRELIMINARY LOCAL CLIMATOLOGICAL DATA (WS FORM: F-6) , PAGE 2

                                          STATION:   LEXINGTON KY
                                          MONTH:     SEPTEMBER
                                          YEAR:      2022
                                          LATITUDE:   38  1 N
                                          LONGITUDE:  84 36 W

[TEMPERATURE DATA]      [PRECIPITATION DATA]       SYMBOLS USED IN COLUMN 16

AVERAGE MONTHLY: 71.6   TOTAL FOR MONTH:   1.50    1 = FOG OR MIST
DPTR FM NORMAL:   1.5   DPTR FM NORMAL:   -1.33    2 = FOG REDUCING VISIBILITY
HIGHEST:    94 ON 21    GRTST 24HR  0.90 ON  4- 5      TO 1/4 MILE OR LESS
LOWEST:     44 ON 23                               3 = THUNDER
                        SNOW, ICE PELLETS, HAIL    4 = ICE PELLETS
                        TOTAL MONTH:   0.0 INCH    5 = HAIL
                        GRTST 24HR  0.0            6 = FREEZING RAIN OR DRIZZLE
                        GRTST DEPTH:  0            7 = DUSTSTORM OR SANDSTORM:
                                                       VSBY 1/2 MILE OR LESS
                                                   8 = SMOKE OR HAZE
[NO. OF DAYS WITH]      [WEATHER - DAYS WITH]      9 = BLOWING SNOW
                                                   X = TORNADO
MAX 32 OR BELOW:   0    0.01 INCH OR MORE:   7
MAX 90 OR ABOVE:   2    0.10 INCH OR MORE:   3
MIN 32 OR BELOW:   0    0.50 INCH OR MORE:   1
MIN  0 OR BELOW:   0    1.00 INCH OR MORE:   0

[HDD (BASE 65) ]
TOTAL THIS MO.     8    CLEAR  (SCALE 0-3)  15
DPTR FM NORMAL   -16    PTCLDY (SCALE 4-7)   9
TOTAL FM JUL 1     8    CLOUDY (SCALE 8-10)  1
DPTR FM NORMAL   -17

[CDD (BASE 65) ]
TOTAL THIS MO.   180
DPTR FM NORMAL    28    [PRESSURE DATA]
TOTAL FM JAN 1  1507    HIGHEST SLP M ON M
DPTR FM NORMAL   267    LOWEST  SLP 29.77 ON 25

[REMARKS]
