000
CXUS51 KILN 271155
CF6LHQ
PRELIMINARY LOCAL CLIMATOLOGICAL DATA (WS FORM: F-6)

                                          STATION:   LANCASTER      ASOS
                                          MONTH:     SEPTEMBER
                                          YEAR:      2022
                                          LATITUDE:   39 45 N
                                          LONGITUDE:  82 40 W

  TEMPERATURE IN F:       :PCPN:    SNOW:  WIND      :SUNSHINE: SKY     :PK WND
================================================================================
1   2   3   4   5  6A  6B    7    8   9   10  11  12  13   14  15   16   17  18
                                     12Z  AVG MX 2MIN
DY MAX MIN AVG DEP HDD CDD  WTR  SNW DPTH SPD SPD DIR MIN PSBL S-S WX    SPD DR
================================================================================

 1  84  54  69   0   0   4 0.00    M    M  1.3  9 260   M    M   3 1       9 230
 2  85  59  72   3   0   7 0.00    M    M  3.2 12 150   M    M   2 12     24 190
 3  73  65  69   0   0   4 0.39    M    M  3.6 12 160   M    M   6 13     17 160
 4  78  68  73   5   0   8 0.54    M    M  3.4 10 140   M    M   8 1      18 150
 5  78  68  73   5   0   8 0.67    M    M  3.1  9 100   M    M   7 1      11  30
 6  79  63  71   3   0   6 0.00    M    M  4.6 13  20   M    M   9 1      16  20
 7  78  56  67  -1   0   2 0.00    M    M  5.3 14 360   M    M   4        19  20
 8  80  53  67   0   0   2 0.00    M    M  2.0  9  50   M    M   1 1      13  80
 9  84  54  69   2   0   4 0.00    M    M  3.3 12 130   M    M   1 12     15 110
10  78  62  70   3   0   5    T    M    M  6.7 13 130   M    M   4 1      16 110
11  77  64  71   5   0   6    T    M    M  4.1 12 190   M    M   9 1      14 220
12  72  60  66   0   0   1    M    M    M  6.5 16 240   M    M   6        22 220
13  68  51  60  -6   5   0 0.00    M    M  5.8 16 270   M    M   7        20 260
14  78  50  64  -2   1   0 0.00    M    M  1.5  9 320   M    M   5 12     13 270
15  81  51  66   1   0   1 0.00    M    M  1.1  7  10   M    M   1 12     11  20
16  82  53  68   3   0   3 0.00    M    M  1.4  8 130   M    M   1 12     10 130
17  84  54  69   5   0   4 0.00    M    M  3.1 12 240   M    M   1 12     15 260
18  83  57  70   6   0   5 0.00    M    M  4.0 15 210   M    M   3 1      19 250
19  81  62  72   8   0   7 0.07    M    M  4.0 16 240   M    M   4 13     23 240
20  83  57  70   6   0   5 0.00    M    M  1.2  9  30   M    M   3 12     11  30
21  88  60  74  11   0   9 0.13    M    M  6.4 14 230   M    M   2 1      23 240
22  75  43  59  -4   6   0 0.00    M    M 10.6 20 320   M    M   4        31 330
23  66  39  53  -9  12   0 0.00    M    M  1.7 10 320   M    M   0        14 310
24  72  54  63   1   2   0 0.01    M    M  4.8 15 210   M    M   7        23 180
25  73  55  64   2   1   0 0.04    M    M 10.1 24 290   M    M   5 13     31 300
26  68  49  59  -2   6   0 0.00    M    M 10.1 23 270   M    M   5        32 250
================================================================================
SM 2028 1461        33  91  1.85    M    112.9          M      108
================================================================================
AV 78.0 56.2                               4.3 FASTST   M    M   4    MAX(MPH)
                                 MISC ---->    24 290                 32 250
================================================================================
NOTES:
# LAST OF SEVERAL OCCURRENCES

COLUMN 17 PEAK WIND IN M.P.H.

PRELIMINARY LOCAL CLIMATOLOGICAL DATA (WS FORM: F-6) , PAGE 2

                                          STATION:   LANCASTER      ASOS
                                          MONTH:     SEPTEMBER
                                          YEAR:      2022
                                          LATITUDE:   39 45 N
                                          LONGITUDE:  82 40 W

[TEMPERATURE DATA]      [PRECIPITATION DATA]       SYMBOLS USED IN COLUMN 16

AVERAGE MONTHLY: 67.1   TOTAL FOR MONTH:   1.85    1 = FOG OR MIST
DPTR FM NORMAL:   1.6   DPTR FM NORMAL:   -0.96    2 = FOG REDUCING VISIBILITY
HIGHEST:    88 ON 21    GRTST 24HR  0.67 ON  5- 5      TO 1/4 MILE OR LESS
LOWEST:     39 ON 23                               3 = THUNDER
                        SNOW, ICE PELLETS, HAIL    4 = ICE PELLETS
                        TOTAL MONTH:  M            5 = HAIL
                        GRTST 24HR    M  ON   M    6 = FREEZING RAIN OR DRIZZLE
                        GRTST DEPTH:  M  ON   M    7 = DUSTSTORM OR SANDSTORM:
                                                       VSBY 1/2 MILE OR LESS
                                                   8 = SMOKE OR HAZE
[NO. OF DAYS WITH]      [WEATHER - DAYS WITH]      9 = BLOWING SNOW
                                                   X = TORNADO
MAX 32 OR BELOW:   0    0.01 INCH OR MORE:   7
MAX 90 OR ABOVE:   0    0.10 INCH OR MORE:   4
MIN 32 OR BELOW:   0    0.50 INCH OR MORE:   2
MIN  0 OR BELOW:   0    1.00 INCH OR MORE:   0

[HDD (BASE 65) ]
TOTAL THIS MO.    33    CLEAR  (SCALE 0-3)  10
DPTR FM NORMAL   -33    PTCLDY (SCALE 4-7)  14
TOTAL FM JUL 1    33    CLOUDY (SCALE 8-10)  2
DPTR FM NORMAL   -44

[CDD (BASE 65) ]
TOTAL THIS MO.    91
DPTR FM NORMAL    10    [PRESSURE DATA]
TOTAL FM JAN 1   889    HIGHEST SLP M ON M
DPTR FM NORMAL    81    LOWEST  SLP 29.68 ON 25

[REMARKS]
