000
CXUS55 KPUB 281210
CF6LHX
PRELIMINARY LOCAL CLIMATOLOGICAL DATA (WS FORM: F-6)

                                          STATION:   LA JUNTA CO
                                          MONTH:     SEPTEMBER
                                          YEAR:      2022
                                          LATITUDE:   38  2 N
                                          LONGITUDE: 103 31 W

  TEMPERATURE IN F:       :PCPN:    SNOW:  WIND      :SUNSHINE: SKY     :PK WND
================================================================================
1   2   3   4   5  6A  6B    7    8   9   10  11  12  13   14  15   16   17  18
                                     12Z  AVG MX 2MIN
DY MAX MIN AVG DEP HDD CDD  WTR  SNW DPTH SPD SPD DIR MIN PSBL S-S WX    SPD DR
================================================================================

 1  90  56  73  -1   0   8 0.00    M    M  6.3 15 110   M    M   0        19 110
 2  95  55  75   1   0  10    T    M    M  9.6 25  90   M    M   0 3      34  90
 3  86  61  74   1   0   9 0.49    M    M 10.1 31 250   M    M   1 13     42 320
 4  90  56  73   0   0   8 0.00    M    M  7.0 15 110   M    M   0        20 110
 5  92  52  72  -1   0   7 0.00    M    M  7.4 15  90   M    M   0        22 110
 6  96  52  74   2   0   9 0.00    M    M  6.1 12 270   M    M   0        15 180
 7  97  57  77   5   0  12 0.00    M    M  6.9 17 130   M    M   0        22 110
 8  98  57  78   6   0  13 0.00    M    M  7.7 17 160   M    M   0        23 120
 9  78  59  69  -2   0   4 0.00    M    M 12.6 32  10   M    M   0        44  10
10  58  48  53 -18  12   0 0.03    M    M  9.1 15  60   M    M   8 18     20  40
11  77  48  63  -8   2   0 0.00    M    M  5.9 13  80   M    M   3 1      18  90
12  90  47  69  -1   0   4 0.00    M    M  6.3 13 100   M    M   0        16  60
13  93  48  71   1   0   6 0.00    M    M  8.2 18 110   M    M   0        25 110
14  88  61  75   5   0  10 0.08    M    M 13.1 25 200   M    M   1 3      35 200
15  88  54  71   2   0   6 0.00    M    M  8.0 29  10   M    M   0        38  20
16  91  50  71   2   0   6 0.00    M    M  8.2 17 220   M    M   0        25 290
17  90  54  72   4   0   7 0.00    M    M 10.6 20  80   M    M   0        26  80
18  95  53  74   6   0   9 0.00    M    M  8.2 22 190   M    M   0        31 190
19  95  61  78  11   0  13 0.00    M    M  8.0 16 170   M    M   0        24 170
20  96  58  77  10   0  12 0.00    M    M  7.4 15 210   M    M   0        19 220
21  76  50  63  -3   2   0 0.03    M    M 13.3 28  30   M    M   5 1      37  30
22  56  50  53 -13  12   0 0.01    M    M  8.9 18 120   M    M   8 1      23 100
23  90  46  68   2   0   3 0.00    M    M  6.2 20  90   M    M   3 12     29  90
24  86  50  68   3   0   3 0.00    M    M  6.7 15  20   M    M   0        19  30
25  77  47  62  -3   3   0 0.00    M    M  6.1 14 110   M    M   0        23 100
26  87  45  66   2   0   1 0.00    M    M  5.5 14 240   M    M   0        21  60
27  88  48  68   4   0   3    T    M    M  6.9 16  80   M    M   2 8      25  70
================================================================================
SM 2343 1423        31 163  0.64    M    220.3          M       31
================================================================================
AV 86.8 52.7                               8.2 FASTST   M    M   1    MAX(MPH)
                                 MISC ---->    32  10                 44  10
================================================================================
NOTES:
# LAST OF SEVERAL OCCURRENCES

COLUMN 17 PEAK WIND IN M.P.H.

PRELIMINARY LOCAL CLIMATOLOGICAL DATA (WS FORM: F-6) , PAGE 2

                                          STATION:   LA JUNTA CO
                                          MONTH:     SEPTEMBER
                                          YEAR:      2022
                                          LATITUDE:   38  2 N
                                          LONGITUDE: 103 31 W

[TEMPERATURE DATA]      [PRECIPITATION DATA]       SYMBOLS USED IN COLUMN 16

AVERAGE MONTHLY: 69.7   TOTAL FOR MONTH:   0.64    1 = FOG OR MIST
DPTR FM NORMAL:   0.5   DPTR FM NORMAL:   -0.11    2 = FOG REDUCING VISIBILITY
HIGHEST:    98 ON  8    GRTST 24HR  0.49 ON  3- 3      TO 1/4 MILE OR LESS
LOWEST:     45 ON 26                               3 = THUNDER
                        SNOW, ICE PELLETS, HAIL    4 = ICE PELLETS
                        TOTAL MONTH:  M            5 = HAIL
                        GRTST 24HR    M  ON   M    6 = FREEZING RAIN OR DRIZZLE
                        GRTST DEPTH:  M  ON   M    7 = DUSTSTORM OR SANDSTORM:
                                                       VSBY 1/2 MILE OR LESS
                                                   8 = SMOKE OR HAZE
[NO. OF DAYS WITH]      [WEATHER - DAYS WITH]      9 = BLOWING SNOW
                                                   X = TORNADO
MAX 32 OR BELOW:   0    0.01 INCH OR MORE:   5
MAX 90 OR ABOVE:  15    0.10 INCH OR MORE:   1
MIN 32 OR BELOW:   0    0.50 INCH OR MORE:   0
MIN  0 OR BELOW:   0    1.00 INCH OR MORE:   0

[HDD (BASE 65) ]
TOTAL THIS MO.    31    CLEAR  (SCALE 0-3)  23
DPTR FM NORMAL   -11    PTCLDY (SCALE 4-7)   3
TOTAL FM JUL 1    31    CLOUDY (SCALE 8-10)  1
DPTR FM NORMAL   -13

[CDD (BASE 65) ]
TOTAL THIS MO.   163
DPTR FM NORMAL     6    [PRESSURE DATA]
TOTAL FM JAN 1  1359    HIGHEST SLP M ON M
DPTR FM NORMAL    24    LOWEST  SLP 29.57 ON  9

[REMARKS]
