000
CXUS55 KBOU 280900
CF6LIC
PRELIMINARY LOCAL CLIMATOLOGICAL DATA (WS FORM: F-6)

                                          STATION:   LIMON CO
                                          MONTH:     SEPTEMBER
                                          YEAR:      2022
                                          LATITUDE:   39 10 N
                                          LONGITUDE: 103 42 W

  TEMPERATURE IN F:       :PCPN:    SNOW:  WIND      :SUNSHINE: SKY     :PK WND
================================================================================
1   2   3   4   5  6A  6B    7    8   9   10  11  12  13   14  15   16   17  18
                                     12Z  AVG MX 2MIN
DY MAX MIN AVG DEP HDD CDD  WTR  SNW DPTH SPD SPD DIR MIN PSBL S-S WX    SPD DR
================================================================================

 1  93  51  72   7   0   7 0.00    M    M  4.9 16 360   M    M   0        23  10
 2  96  51  74   9   0   9 0.05    M    M  7.1 30 310   M    M   0 3      38 300
 3  89  58  74   9   0   9 0.00    M    M  6.8 17 230   M    M   0        24 220
 4  91  46  69   5   0   4 0.00    M    M  7.3 18 160   M    M   0        26 170
 5  93  46  70   6   0   5 0.00    M    M  7.6 20 150   M    M   0        30 170
 6  99  48  74  10   0   9 0.00    M    M  6.6 17 170   M    M   0        22 240
 7  97  50  74  11   0   9 0.00    M    M  7.7 20 160   M    M   0 8      26 170
 8  97  51  74  11   0   9 0.00    M    M  9.8 22 270   M    M   0        39 280
 9  72  51  62  -1   3   0    T    M    M 15.8 29 340   M    M   4 8      40 340
10  51  46  49 -13  16   0 0.03    M    M  7.1 16  70   M    M  10 18     21  80
11  77  41  59  -3   6   0 0.00    M    M  6.5 16 150   M    M   2        24 180
12  79  38  59  -3   6   0 0.00    M    M  4.3  7 320   M    M   0         M   M
13  86  61  74  13   0   9 0.00    M    M  9.9 21 130   M    M   0        25 180
14  86  48  67   6   0   2 0.15    M    M  9.6 26 170   M    M   3 3      35 200
15  78  49  64   4   1   0 0.20    M    M  6.1 21 360   M    M   2 3      27 360
16  85  47  66   6   0   1    T    M    M  6.9 20 350   M    M   1        27 230
17  82  48  65   5   0   0 0.00    M    M  8.4 24 140   M    M   0        32 160
18  87  45  66   7   0   1 0.00    M    M  9.7 22 100   M    M   0        29  90
19  91  48  70  11   0   5 0.00    M    M  5.0 18  90   M    M   1        25  90
20  92  50  71  13   0   6 0.00    M    M  8.1 16 100   M    M   0        22 360
21  70  47  59   1   6   0 0.07    M    M 10.6 23  20   M    M   8 1      31  10
22  51  47  49  -8  16   0 0.11    M    M 11.6 20 170   M    M  10 12     26 160
23  84  42  63   6   2   0 0.00    M    M  4.8 21 310   M    M   2 12     30 310
24  85  39  62   6   3   0 0.00    M    M  7.6 18 200   M    M   0        26 270
25  76  38  57   1   8   0 0.00    M    M  3.9 15 170   M    M   0        24 160
26  83  36  60   4   5   0 0.00    M    M  7.5 21 340   M    M   0        29 350
27  83  43  63   8   2   0    T    M    M  7.4 20 240   M    M   2        30 230
================================================================================
SM 2253 1265        74  85  0.61    M    208.6          M       45
================================================================================
AV 83.4 46.9                               7.7 FASTST   M    M   2    MAX(MPH)
                                 MISC ---->    30 310                 40 340
================================================================================
NOTES:
# LAST OF SEVERAL OCCURRENCES

COLUMN 17 PEAK WIND IN M.P.H.

PRELIMINARY LOCAL CLIMATOLOGICAL DATA (WS FORM: F-6) , PAGE 2

                                          STATION:   LIMON CO
                                          MONTH:     SEPTEMBER
                                          YEAR:      2022
                                          LATITUDE:   39 10 N
                                          LONGITUDE: 103 42 W

[TEMPERATURE DATA]      [PRECIPITATION DATA]       SYMBOLS USED IN COLUMN 16

AVERAGE MONTHLY: 65.1   TOTAL FOR MONTH:   0.61    1 = FOG OR MIST
DPTR FM NORMAL:   4.6   DPTR FM NORMAL:   -0.28    2 = FOG REDUCING VISIBILITY
HIGHEST:    99 ON  6    GRTST 24HR  0.35 ON 14-15      TO 1/4 MILE OR LESS
LOWEST:     36 ON 26                               3 = THUNDER
                        SNOW, ICE PELLETS, HAIL    4 = ICE PELLETS
                        TOTAL MONTH:  M            5 = HAIL
                        GRTST 24HR    M  ON   M    6 = FREEZING RAIN OR DRIZZLE
                        GRTST DEPTH:  M  ON   M    7 = DUSTSTORM OR SANDSTORM:
                                                       VSBY 1/2 MILE OR LESS
                                                   8 = SMOKE OR HAZE
[NO. OF DAYS WITH]      [WEATHER - DAYS WITH]      9 = BLOWING SNOW
                                                   X = TORNADO
MAX 32 OR BELOW:   0    0.01 INCH OR MORE:   6
MAX 90 OR ABOVE:   9    0.10 INCH OR MORE:   3
MIN 32 OR BELOW:   0    0.50 INCH OR MORE:   0
MIN  0 OR BELOW:   0    1.00 INCH OR MORE:   0

[HDD (BASE 65) ]
TOTAL THIS MO.    74    CLEAR  (SCALE 0-3)  23
DPTR FM NORMAL   -71    PTCLDY (SCALE 4-7)   2
TOTAL FM JUL 1    74    CLOUDY (SCALE 8-10)  2
DPTR FM NORMAL  -103

[CDD (BASE 65) ]
TOTAL THIS MO.    85
DPTR FM NORMAL    61    [PRESSURE DATA]
TOTAL FM JAN 1   759    HIGHEST SLP M ON M
DPTR FM NORMAL   359    LOWEST  SLP 29.61 ON  8

[REMARKS]
