000
CXUS54 KLZK 251230
CF6LIT
PRELIMINARY LOCAL CLIMATOLOGICAL DATA (WS FORM: F-6)

                                          STATION:   LITTLE ROCK ADAMS FIELD
                                          MONTH:     SEPTEMBER
                                          YEAR:      2022
                                          LATITUDE:   34 43 N
                                          LONGITUDE:  92 14 W

  TEMPERATURE IN F:       :PCPN:    SNOW:  WIND      :SUNSHINE: SKY     :PK WND
================================================================================
1   2   3   4   5  6A  6B    7    8   9   10  11  12  13   14  15   16   17  18
                                     12Z  AVG MX 2MIN
DY MAX MIN AVG DEP HDD CDD  WTR  SNW DPTH SPD SPD DIR MIN PSBL S-S WX    SPD DR
================================================================================

 1  92  72  82   4   0  17 0.00  0.0    M  5.2 12 100   M    M   8        15 130
 2  85  71  78   0   0  13 0.19  0.0    M  5.1 14 190   M    M   7 18     16 180
 3  91  73  82   4   0  17 0.00  0.0    M  5.7 15 340   M    M   6 1      18 310
 4  91  71  81   3   0  16 0.00  0.0    M  4.7 12  90   M    M   6        14 360
 5  90  70  80   3   0  15 0.12  0.0    M  5.1 21 330   M    M   8 13     26 330
 6  92  69  81   4   0  16 0.03  0.0    M  2.3 21 280   M    M   6 3      30 200
 7  91  70  81   4   0  16 0.00  0.0    0  5.9 16  60   M    M   4        19  50
 8  89  68  79   3   0  14 0.00  0.0    0  6.1 13  60   M    M   2        17  80
 9  89  66  78   2   0  13 0.00  0.0    M  4.7 15  90   M    M   3        19  90
10  87  72  80   4   0  15    T  0.0    M  5.7 16  90   M    M   8        19  80
11  85  65  75  -1   0  10 0.00  0.0    M  8.1 20 350   M    M   5        25 360
12  84  57  71  -4   0   6 0.00  0.0    M  4.4 14 340   M    M   0        18 320
13  90  57  74  -1   0   9 0.00  0.0    M  3.5 12 160   M    M   0        14 260
14  91  60  76   1   0  11 0.00  0.0    M  2.7 12  70   M    M   0 8      15  70
15  90  63  77   3   0  12 0.00  0.0    M  3.5 12 130   M    M   3        15 110
16  90  64  77   3   0  12 0.00  0.0    M  3.2 13 160   M    M   4        16 140
17  92  63  78   4   0  13 0.00  0.0    M  4.7 13 140   M    M   2 1      18 180
18  96  68  82   9   0  17 0.00  0.0    M  5.3 14 150   M    M   2        19 210
19  99  71  85  12   0  20 0.00  0.0    M  6.3 13 170   M    M   1        16 260
20 100  71  86  13   0  21 0.00  0.0    M  5.7 14 210   M    M   1        19 220
21 101  71  86  14   0  21 0.00  0.0    M  5.0 13 250   M    M   1        16 230
22  90  68  79   7   0  14 0.00  0.0    0 10.5 22  50   M    M   4        26  60
23  85  65  75   3   0  10 0.00  0.0    0  6.3 13 110   M    M   5 8      16 120
24  98  63  81  10   0  16 0.22  0.0    0  5.0 39 250   M    M   5 38     56 250
================================================================================
SM 2188 1608         0 344  0.56  0.0    124.7          M       91
================================================================================
AV 91.2 67.0                               5.2 FASTST   M    M   4    MAX(MPH)
                                 MISC ---->    39 250                 56 250
================================================================================
NOTES:
# LAST OF SEVERAL OCCURRENCES

COLUMN 17 PEAK WIND IN M.P.H.

PRELIMINARY LOCAL CLIMATOLOGICAL DATA (WS FORM: F-6) , PAGE 2

                                          STATION:   LITTLE ROCK ADAMS FIELD
                                          MONTH:     SEPTEMBER
                                          YEAR:      2022
                                          LATITUDE:   34 43 N
                                          LONGITUDE:  92 14 W

[TEMPERATURE DATA]      [PRECIPITATION DATA]       SYMBOLS USED IN COLUMN 16

AVERAGE MONTHLY: 79.1   TOTAL FOR MONTH:   0.56    1 = FOG OR MIST
DPTR FM NORMAL:   4.1   DPTR FM NORMAL:   -1.82    2 = FOG REDUCING VISIBILITY
HIGHEST:   101 ON 21    GRTST 24HR  0.22 ON 24-24      TO 1/4 MILE OR LESS
LOWEST:     57 ON 12,13                             3 = THUNDER
                        SNOW, ICE PELLETS, HAIL    4 = ICE PELLETS
                        TOTAL MONTH:   0.0 INCH    5 = HAIL
                        GRTST 24HR  0.0            6 = FREEZING RAIN OR DRIZZLE
                        GRTST DEPTH:  0            7 = DUSTSTORM OR SANDSTORM:
                                                       VSBY 1/2 MILE OR LESS
                                                   8 = SMOKE OR HAZE
[NO. OF DAYS WITH]      [WEATHER - DAYS WITH]      9 = BLOWING SNOW
                                                   X = TORNADO
MAX 32 OR BELOW:   0    0.01 INCH OR MORE:   4
MAX 90 OR ABOVE:  17    0.10 INCH OR MORE:   3
MIN 32 OR BELOW:   0    0.50 INCH OR MORE:   0
MIN  0 OR BELOW:   0    1.00 INCH OR MORE:   0

[HDD (BASE 65) ]
TOTAL THIS MO.     0    CLEAR  (SCALE 0-3)   9
DPTR FM NORMAL    -2    PTCLDY (SCALE 4-7)  14
TOTAL FM JUL 1     0    CLOUDY (SCALE 8-10)  1
DPTR FM NORMAL    -2

[CDD (BASE 65) ]
TOTAL THIS MO.   344
DPTR FM NORMAL    98    [PRESSURE DATA]
TOTAL FM JAN 1  2410    HIGHEST SLP M ON M
DPTR FM NORMAL   532    LOWEST  SLP 29.80 ON  8

[REMARKS]
