000
CXUS56 KMFR 270930
CF6LMT
PRELIMINARY LOCAL CLIMATOLOGICAL DATA (WS FORM: F-6)

                                          STATION:   KLAMATH FALLS OR
                                          MONTH:     SEPTEMBER
                                          YEAR:      2022
                                          LATITUDE:   42  9 N
                                          LONGITUDE: 121 44 W

  TEMPERATURE IN F:       :PCPN:    SNOW:  WIND      :SUNSHINE: SKY     :PK WND
================================================================================
1   2   3   4   5  6A  6B    7    8   9   10  11  12  13   14  15   16   17  18
                                     12Z  AVG MX 2MIN
DY MAX MIN AVG DEP HDD CDD  WTR  SNW DPTH SPD SPD DIR MIN PSBL S-S WX    SPD DR
================================================================================

 1  95  39  67   5   0   2 0.00    M    M  2.3 10 150   M    M   0 8      12 150
 2  96  47  72  10   0   7 0.00    M    M  7.5 26 180   M    M   0        36 180
 3  87  43  65   3   0   0 0.00    M    M  4.3 17 330   M    M   1 8      20 320
 4  90  40  65   3   0   0 0.00    M    M  3.9 18 330   M    M   1 8      23 330
 5  95  42  69   8   0   4 0.00    M    M  2.3 10 320   M    M   0        14 340
 6  99  46  73  12   0   8 0.00    M    M  3.2 14 290   M    M   1        19 280
 7  93  49  71  10   0   6    T    M    M  6.5 25 210   M    M   1 38     35 230
 8  89  49  69   8   0   4 0.00    M    M  7.0 16 340   M    M   0 8      21 350
 9  89  42  66   6   0   1 0.00    M    M  8.8 15  70   M    M   0 8      20  60
10  92  50  71  11   0   6 0.00    M    M  5.8 15 340   M    M   0        18 330
11  83  46  65   5   0   0 0.00    M    M  2.3 14 330   M    M   1        18 330
12  83  51  67   7   0   2    T    M    M  4.8 16 340   M    M   5 3      20 340
13  80  42  61   2   4   0 0.00    M    M  5.8 18 270   M    M   0 1      26 270
14  75  37  56  -3   9   0 0.00    M    M  4.3 13 280   M    M   0 1      17 210
15  75  34  55  -4  10   0 0.00    M    M  4.8 17 330   M    M   0 12     22 330
16  75  37  56  -2   9   0 0.00    M    M  3.5 20 280   M    M   0 1      24 280
17  70  34  52  -6  13   0    T    M    M  4.6 24 180   M    M   4 138    32 180
18  66  44  55  -3  10   0    T    M    M  5.0 17 140   M    M   9        24 150
19  69  46  58   1   7   0 0.36    M    M  6.2 16 140   M    M   8 1      23 150
20  62  45  54  -3  11   0 0.36    M    M  4.5 13  80   M    M   5 1      18  80
21  63  37  50  -7  15   0    T    M    M  4.9 18 290   M    M   6 13     23 300
22  70  41  56   0   9   0 0.00    M    M  4.3 15 330   M    M   4        17 330
23  76  33  55  -1  10   0 0.00    M    M  2.2  8 330   M    M   0 1      12 210
24  81  34  58   2   7   0 0.00    M    M  2.0 12  20   M    M   0        22  20
25  85  39  62   7   3   0 0.00    M    M  2.7 13 170   M    M   0        18 170
26  86  41  64   9   1   0 0.00    M    M  4.3 14 190   M    M   0        18 190
================================================================================
SM 2124 1088       118  40  0.72    M    117.8          M       46
================================================================================
AV 81.7 41.8                               4.5 FASTST   M    M   2    MAX(MPH)
                                 MISC ---->    26 180                 36 180
================================================================================
NOTES:
# LAST OF SEVERAL OCCURRENCES

COLUMN 17 PEAK WIND IN M.P.H.

PRELIMINARY LOCAL CLIMATOLOGICAL DATA (WS FORM: F-6) , PAGE 2

                                          STATION:   KLAMATH FALLS OR
                                          MONTH:     SEPTEMBER
                                          YEAR:      2022
                                          LATITUDE:   42  9 N
                                          LONGITUDE: 121 44 W

[TEMPERATURE DATA]      [PRECIPITATION DATA]       SYMBOLS USED IN COLUMN 16

AVERAGE MONTHLY: 61.8   TOTAL FOR MONTH:   0.72    1 = FOG OR MIST
DPTR FM NORMAL:   2.8   DPTR FM NORMAL:    0.47    2 = FOG REDUCING VISIBILITY
HIGHEST:    99 ON  6    GRTST 24HR  0.72 ON 19-20      TO 1/4 MILE OR LESS
LOWEST:     33 ON 23                               3 = THUNDER
                        SNOW, ICE PELLETS, HAIL    4 = ICE PELLETS
                        TOTAL MONTH:  M            5 = HAIL
                        GRTST 24HR    M  ON   M    6 = FREEZING RAIN OR DRIZZLE
                        GRTST DEPTH:  M  ON   M    7 = DUSTSTORM OR SANDSTORM:
                                                       VSBY 1/2 MILE OR LESS
                                                   8 = SMOKE OR HAZE
[NO. OF DAYS WITH]      [WEATHER - DAYS WITH]      9 = BLOWING SNOW
                                                   X = TORNADO
MAX 32 OR BELOW:   0    0.01 INCH OR MORE:   2
MAX 90 OR ABOVE:   7    0.10 INCH OR MORE:   2
MIN 32 OR BELOW:   0    0.50 INCH OR MORE:   0
MIN  0 OR BELOW:   0    1.00 INCH OR MORE:   0

[HDD (BASE 65) ]
TOTAL THIS MO.   118    CLEAR  (SCALE 0-3)  19
DPTR FM NORMAL   -54    PTCLDY (SCALE 4-7)   6
TOTAL FM JUL 1   149    CLOUDY (SCALE 8-10)  1
DPTR FM NORMAL  -118

[CDD (BASE 65) ]
TOTAL THIS MO.    40
DPTR FM NORMAL    29    [PRESSURE DATA]
TOTAL FM JAN 1   406    HIGHEST SLP M ON M
DPTR FM NORMAL   193    LOWEST  SLP 29.59 ON 18

[REMARKS]
