000
CXUS55 KRIW 281010
CF6LND
PRELIMINARY LOCAL CLIMATOLOGICAL DATA (WS FORM: F-6)

                                          STATION:   LANDER WY
                                          MONTH:     SEPTEMBER
                                          YEAR:      2022
                                          LATITUDE:   42 49 N
                                          LONGITUDE: 108 44 W

  TEMPERATURE IN F:       :PCPN:    SNOW:  WIND      :SUNSHINE: SKY     :PK WND
================================================================================
1   2   3   4   5  6A  6B    7    8   9   10  11  12  13   14  15   16   17  18
                                     12Z  AVG MX 2MIN
DY MAX MIN AVG DEP HDD CDD  WTR  SNW DPTH SPD SPD DIR MIN PSBL S-S WX    SPD DR
================================================================================

 1  98  58  78  12   0  13 0.00  0.0    0  5.5 28 290   M    M   0        37 290
 2  91  58  75  10   0  10 0.00  0.0    0  7.0 15 250   M    M   0        21  80
 3  95  57  76  11   0  11 0.00  0.0    0  6.6 18 120   M    M   0        22 120
 4  99  58  79  15   0  14 0.00  0.0    0  6.7 22 270   M    M   0        33 270
 5  96  61  79  15   0  14 0.00  0.0    0  4.9 15 240   M    M   0        18 230
 6  94  58  76  12   0  11 0.00  0.0    0  6.3 16 240   M    M   0        21 240
 7  97  57  77  14   0  12 0.00  0.0    0  6.5 16 300   M    M   0        23 330
 8  92  56  74  11   0   9 0.00  0.0    0  8.5 32 240   M    M   2        50 270
 9  56  43  50 -13  15   0 0.17  0.0    0  5.7 13  70   M    M  10 18     16  50
10  67  40  54  -8  11   0 0.00  0.0    0  4.6 10 240   M    M   4        16 160
11  81  40  61  -1   4   0 0.00  0.0    0  3.8 15 240   M    M   0        18 240
12  85  50  68   7   0   3 0.00  0.0    0  4.9 15 240   M    M   0        19 260
13  77  45  61   0   4   0    T  0.0    0  8.7 36 220   M    M   2 8      55 210
14  77  55  66   6   0   1 0.24  0.0    0  5.7 25 320   M    M   8 18     32 320
15  62  51  57  -3   8   0 0.50  0.0    0  4.4 12 250   M    M   8 12     14 120
16  65  47  56  -4   9   0 0.02  0.0    0  4.9 14 270   M    M   4 1      20 270
17  68  41  55  -4  10   0    T  0.0    0  3.9 13 340   M    M   2 38     15 310
18  79  45  62   3   3   0 0.02  0.0    0  6.3 18 220   M    M   2        24 220
19  84  53  69  11   0   4 0.00  0.0    0  8.5 26 220   M    M   0        35 220
20   M  49   M   M   M   M 0.00  0.0    0  7.3 13 320   M    M   0        17 330
21  62  44  53  -4  12   0    T  0.0    0  6.6 16 310   M    M   6        22 320
22  74  49  62   5   3   0 0.00  0.0    0  8.2 37 280   M    M   4        51 270
23  75  43  59   3   6   0 0.00  0.0    0  7.3 22 310   M    M   0        28 320
24  77  42  60   4   5   0 0.00  0.0    0  6.9 15  40   M    M   0        21  20
25  75  42  59   4   6   0 0.00  0.0    0  4.4 15 240   M    M   0        18 240
26   M  45   M   M   M   M 0.00  0.0    0  4.8 16 250   M    M   0        20 250
27   M  49   M   M   M   M 0.00  0.0    0  6.7 14 240   M    M   0        17 240
================================================================================
SM 1926 1336        96 102  0.95  0.0    165.6          M       52
================================================================================
AV 80.3 49.5                               6.1 FASTST   M    M   2    MAX(MPH)
                                 MISC ---->    37 280                 55 210
================================================================================
NOTES:
# LAST OF SEVERAL OCCURRENCES

COLUMN 17 PEAK WIND IN M.P.H.

PRELIMINARY LOCAL CLIMATOLOGICAL DATA (WS FORM: F-6) , PAGE 2

                                          STATION:   LANDER WY
                                          MONTH:     SEPTEMBER
                                          YEAR:      2022
                                          LATITUDE:   42 49 N
                                          LONGITUDE: 108 44 W

[TEMPERATURE DATA]      [PRECIPITATION DATA]       SYMBOLS USED IN COLUMN 16

AVERAGE MONTHLY: 64.9   TOTAL FOR MONTH:   0.95    1 = FOG OR MIST
DPTR FM NORMAL:   4.6   DPTR FM NORMAL:    0.11    2 = FOG REDUCING VISIBILITY
HIGHEST:    99 ON  4    GRTST 24HR  0.72 ON 14-15      TO 1/4 MILE OR LESS
LOWEST:     40 ON 11,10                             3 = THUNDER
                        SNOW, ICE PELLETS, HAIL    4 = ICE PELLETS
                        TOTAL MONTH:   0.0 INCH    5 = HAIL
                        GRTST 24HR  0.0            6 = FREEZING RAIN OR DRIZZLE
                        GRTST DEPTH:  0            7 = DUSTSTORM OR SANDSTORM:
                                                       VSBY 1/2 MILE OR LESS
                                                   8 = SMOKE OR HAZE
[NO. OF DAYS WITH]      [WEATHER - DAYS WITH]      9 = BLOWING SNOW
                                                   X = TORNADO
MAX 32 OR BELOW:   0    0.01 INCH OR MORE:   5
MAX 90 OR ABOVE:   8    0.10 INCH OR MORE:   3
MIN 32 OR BELOW:   0    0.50 INCH OR MORE:   1
MIN  0 OR BELOW:   0    1.00 INCH OR MORE:   0

[HDD (BASE 65) ]
TOTAL THIS MO.    96    CLEAR  (SCALE 0-3)  20
DPTR FM NORMAL   -63    PTCLDY (SCALE 4-7)   6
TOTAL FM JUL 1    97    CLOUDY (SCALE 8-10)  1
DPTR FM NORMAL  -101

[CDD (BASE 65) ]
TOTAL THIS MO.   102
DPTR FM NORMAL    71    [PRESSURE DATA]
TOTAL FM JAN 1   720    HIGHEST SLP M ON M
DPTR FM NORMAL   237    LOWEST  SLP 29.63 ON  8

[REMARKS]
