000
CXUS53 KOAX 280930
CF6LNK
PRELIMINARY LOCAL CLIMATOLOGICAL DATA (WS FORM: F-6)

                                          STATION:   LINCOLN NE
                                          MONTH:     SEPTEMBER
                                          YEAR:      2022
                                          LATITUDE:   40 50 N
                                          LONGITUDE:  96 45 W

  TEMPERATURE IN F:       :PCPN:    SNOW:  WIND      :SUNSHINE: SKY     :PK WND
================================================================================
1   2   3   4   5  6A  6B    7    8   9   10  11  12  13   14  15   16   17  18
                                     12Z  AVG MX 2MIN
DY MAX MIN AVG DEP HDD CDD  WTR  SNW DPTH SPD SPD DIR MIN PSBL S-S WX    SPD DR
================================================================================

 1  93  69  81   9   0  16 0.00  0.0    0  8.1 18 170   M    M   1        24 170
 2  98  65  82  10   0  17    T  0.0    0  8.9 21 220   M    M   0        29 210
 3  85  59  72   0   0   7 0.00  0.0    M 12.5 21  30   M    M   0        31  20
 4  84  50  67  -4   0   2 0.00  0.0    0  7.7 15  60   M    M   1        20  70
 5  88  58  73   2   0   8 0.00  0.0    0  8.1 16 170   M    M   2 1      24 140
 6  95  62  79   8   0  14 0.00  0.0    0 10.2 20 170   M    M   1        26 170
 7  91  63  77   7   0  12 0.00  0.0    0  6.5 14 150   M    M   0        18 130
 8  95  61  78   8   0  13 0.00  0.0    0 12.8 24 160   M    M   0        31 200
 9  84  61  73   3   0   8 0.00  0.0    0 11.1 30 360   M    M   1        38 360
10  70  48  59 -10   6   0 0.80  0.0    0  9.6 25  70   M    M   6 13     33  60
11  80  45  63  -6   2   0 0.00  0.0    0  3.1 16  20   M    M   0        20 330
12  88  46  67  -2   0   2 0.00  0.0    0  2.2 13 300   M    M   0        19 280
13  94  50  72   4   0   7 0.00  0.0    0  6.2 16 140   M    M   0 8      24 140
14  94  61  78  10   0  13 0.00  0.0    0 13.5 25 160   M    M   0        32 170
15  91  65  78  10   0  13    T  0.0    0 15.9 26 180   M    M   0        38 180
16  89  65  77  10   0  12    T  0.0    0 10.3 20 170   M    M   3        26 170
17  87  67  77  10   0  12 0.08  0.0    0  8.3 24 280   M    M   3 13     32 320
18  91  61  76  10   0  11    T  0.0    0  6.8 17  40   M    M   2 12     24  50
19 100  61  81  15   0  16 0.00  0.0    0  9.8 23 190   M    M   0        31 190
20 103  77  90  24   0  25 0.00  0.0    0 12.1 24 260   M    M   0        34 240
21  83  54  69   4   0   4 0.01  0.0    0 13.1 24  40   M    M   4        33  10
22  63  52  58  -7   7   0    T  0.0    0  6.0 13  30   M    M   4        20  90
23  66  53  60  -4   5   0 0.07  0.0    0  9.5 21 190   M    M   7 1      27 200
24  91  50  71   7   0   6 0.00  0.0    0  8.5 23 280   M    M   0 1      35 330
25  81  46  64   0   1   0 0.00  0.0    M 12.0 28 340   M    M   0        37 340
26  79  39  59  -4   6   0 0.00  0.0    0  4.4 15 330   M    M   0        23 320
27  82  43  63   0   2   0 0.00  0.0    0  5.4 16  50   M    M   0        30  50
================================================================================
SM 2345 1531        29 218  0.96  0.0    242.6          M       35
================================================================================
AV 86.9 56.7                               9.0 FASTST   M    M   1    MAX(MPH)
                                 MISC ---->    30 360               # 38 360
================================================================================
NOTES:
# LAST OF SEVERAL OCCURRENCES

COLUMN 17 PEAK WIND IN M.P.H.

PRELIMINARY LOCAL CLIMATOLOGICAL DATA (WS FORM: F-6) , PAGE 2

                                          STATION:   LINCOLN NE
                                          MONTH:     SEPTEMBER
                                          YEAR:      2022
                                          LATITUDE:   40 50 N
                                          LONGITUDE:  96 45 W

[TEMPERATURE DATA]      [PRECIPITATION DATA]       SYMBOLS USED IN COLUMN 16

AVERAGE MONTHLY: 71.8   TOTAL FOR MONTH:   0.96    1 = FOG OR MIST
DPTR FM NORMAL:   4.0   DPTR FM NORMAL:   -1.69    2 = FOG REDUCING VISIBILITY
HIGHEST:   103 ON 20    GRTST 24HR  0.80 ON 10-10      TO 1/4 MILE OR LESS
LOWEST:     39 ON 26                               3 = THUNDER
                        SNOW, ICE PELLETS, HAIL    4 = ICE PELLETS
                        TOTAL MONTH:   0.0 INCH    5 = HAIL
                        GRTST 24HR  0.0            6 = FREEZING RAIN OR DRIZZLE
                        GRTST DEPTH:  0            7 = DUSTSTORM OR SANDSTORM:
                                                       VSBY 1/2 MILE OR LESS
                                                   8 = SMOKE OR HAZE
[NO. OF DAYS WITH]      [WEATHER - DAYS WITH]      9 = BLOWING SNOW
                                                   X = TORNADO
MAX 32 OR BELOW:   0    0.01 INCH OR MORE:   4
MAX 90 OR ABOVE:  12    0.10 INCH OR MORE:   1
MIN 32 OR BELOW:   0    0.50 INCH OR MORE:   1
MIN  0 OR BELOW:   0    1.00 INCH OR MORE:   0

[HDD (BASE 65) ]
TOTAL THIS MO.    29    CLEAR  (SCALE 0-3)  23
DPTR FM NORMAL   -33    PTCLDY (SCALE 4-7)   4
TOTAL FM JUL 1    29    CLOUDY (SCALE 8-10)  0
DPTR FM NORMAL   -37

[CDD (BASE 65) ]
TOTAL THIS MO.   218
DPTR FM NORMAL    81    [PRESSURE DATA]
TOTAL FM JAN 1  1508    HIGHEST SLP M ON M
DPTR FM NORMAL   265    LOWEST  SLP 29.69 ON  8

[REMARKS]
