000
CXUS53 KARX 280900
CF6LSE
PRELIMINARY LOCAL CLIMATOLOGICAL DATA (WS FORM: F-6)

                                          STATION:   LA CROSSE WI
                                          MONTH:     SEPTEMBER
                                          YEAR:      2022
                                          LATITUDE:   43 52 N
                                          LONGITUDE:  91 15 W

  TEMPERATURE IN F:       :PCPN:    SNOW:  WIND      :SUNSHINE: SKY     :PK WND
================================================================================
1   2   3   4   5  6A  6B    7    8   9   10  11  12  13   14  15   16   17  18
                                     12Z  AVG MX 2MIN
DY MAX MIN AVG DEP HDD CDD  WTR  SNW DPTH SPD SPD DIR MIN PSBL S-S WX    SPD DR
================================================================================

 1  88  64  76   6   0  11 0.00  0.0    0  9.3 17 180   M    M   1 1      28 200
 2  87  70  79   9   0  14 0.25  0.0    0 11.5 21 180   M    M   1 138    28 160
 3  80  62  71   2   0   6 0.00  0.0    0  9.1 16  50   M    M   2 3      21  50
 4  75  54  65  -4   0   0 0.00  0.0    0  5.6 13  80   M    M   2        18  80
 5  77  57  67  -2   0   2 0.00  0.0    0  4.7 10 130   M    M   1        15 140
 6  81  60  71   3   0   6 0.00  0.0    0  5.2  8 220   M    M   5        12 190
 7  87  62  75   7   0  10 0.00  0.0    0  3.6 10 310   M    M   3        14 290
 8  85  65  75   7   0  10 0.00  0.0    0 12.0 23 200   M    M   2 1      30 190
 9  84  64  74   6   0   9 0.00  0.0    0    M  M   M   M    M   M         M   M
10  64  55  60  -7   5   0 0.87  0.0    0  5.7 12 330   M    M   5 1      14 330
11  66  55  61  -6   4   0 0.00  0.0    0  7.9 15 320   M    M   2 12     20 330
12  75  52  64  -2   1   0 0.03  0.0    0  5.9 14 340   M    M   6        19 340
13  80  48  64  -2   1   0 0.00  0.0    0  2.9  8 350   M    M   2 12     12 340
14  78  55  67   1   0   2 0.00  0.0    0  6.2 12 140   M    M   2 12     17 110
15  84  61  73   8   0   8 0.00  0.0    0  8.8 17 170   M    M   1        22 170
16  86  65  76  11   0  11 0.00  0.0    0 10.0 22 170   M    M   1        27 180
17  80  65  73   9   0   8 0.01  0.0    0 10.8 20 180   M    M   3        27 170
18  81  60  71   7   0   6 0.01  0.0    0  7.5 15 330   M    M   6 1      20 330
19  81  54  68   4   0   3 0.01  0.0    0  3.0 12  90   M    M   3 128    16  80
20  89  65  77  14   0  12 0.02  0.0    0  7.2 21 190   M    M   2        28 190
21  74  53  64   1   1   0    T  0.0    0 14.2 23 300   M    M   2        31 310
22  67  47  57  -5   8   0 0.00  0.0    0  6.5 15  20   M    M   0        21  30
23  62  45  54  -8  11   0 0.01  0.0    0  9.1 20 160   M    M   5        26 170
24  67  52  60  -2   5   0 0.45  0.0    0  8.9 18 310   M    M   9 1      25 300
25  73  56  65   4   0   0    T  0.0    0 14.2 28 310   M    M   6        38 300
26  64  43  54  -7  11   0 0.00  0.0    0 11.6 22 330   M    M   2        30 320
27  59  38  49 -11  16   0 0.00  0.0    0  7.5 20 340   M    M   1        25 330
================================================================================
SM 2074 1527        63 118  1.66  0.0    208.9          M       75
================================================================================
AV 76.8 56.6                               8.0 FASTST   M    M   3    MAX(MPH)
                                 MISC ---->    28 310                 38 300
================================================================================
NOTES:
# LAST OF SEVERAL OCCURRENCES

COLUMN 17 PEAK WIND IN M.P.H.

PRELIMINARY LOCAL CLIMATOLOGICAL DATA (WS FORM: F-6) , PAGE 2

                                          STATION:   LA CROSSE WI
                                          MONTH:     SEPTEMBER
                                          YEAR:      2022
                                          LATITUDE:   43 52 N
                                          LONGITUDE:  91 15 W

[TEMPERATURE DATA]      [PRECIPITATION DATA]       SYMBOLS USED IN COLUMN 16

AVERAGE MONTHLY: 66.7   TOTAL FOR MONTH:   1.66    1 = FOG OR MIST
DPTR FM NORMAL:   1.2   DPTR FM NORMAL:   -1.66    2 = FOG REDUCING VISIBILITY
HIGHEST:    89 ON 20    GRTST 24HR  0.87 ON 10-10      TO 1/4 MILE OR LESS
LOWEST:     38 ON 27                               3 = THUNDER
                        SNOW, ICE PELLETS, HAIL    4 = ICE PELLETS
                        TOTAL MONTH:   0.0 INCH    5 = HAIL
                        GRTST 24HR  0.0            6 = FREEZING RAIN OR DRIZZLE
                        GRTST DEPTH:  0            7 = DUSTSTORM OR SANDSTORM:
                                                       VSBY 1/2 MILE OR LESS
                                                   8 = SMOKE OR HAZE
[NO. OF DAYS WITH]      [WEATHER - DAYS WITH]      9 = BLOWING SNOW
                                                   X = TORNADO
MAX 32 OR BELOW:   0    0.01 INCH OR MORE:   9
MAX 90 OR ABOVE:   0    0.10 INCH OR MORE:   3
MIN 32 OR BELOW:   0    0.50 INCH OR MORE:   1
MIN  0 OR BELOW:   0    1.00 INCH OR MORE:   0

[HDD (BASE 65) ]
TOTAL THIS MO.    63    CLEAR  (SCALE 0-3)  18
DPTR FM NORMAL   -21    PTCLDY (SCALE 4-7)   7
TOTAL FM JUL 1    63    CLOUDY (SCALE 8-10)  2
DPTR FM NORMAL   -32

[CDD (BASE 65) ]
TOTAL THIS MO.   118
DPTR FM NORMAL    22    [PRESSURE DATA]
TOTAL FM JAN 1  1014    HIGHEST SLP M ON M
DPTR FM NORMAL    87    LOWEST  SLP 29.69 ON 20

[REMARKS]
