000
CXUS54 KMAF 281110
CF6LUV
PRELIMINARY LOCAL CLIMATOLOGICAL DATA (WS FORM: F-6)

                                          STATION:   LAMESA MUNICIPAL AIRPORT
                                          MONTH:     SEPTEMBER
                                          YEAR:      2022
                                          LATITUDE:   32 45 N
                                          LONGITUDE: 101-55 E

  TEMPERATURE IN F:       :PCPN:    SNOW:  WIND      :SUNSHINE: SKY     :PK WND
================================================================================
1   2   3   4   5  6A  6B    7    8   9   10  11  12  13   14  15   16   17  18
                                     12Z  AVG MX 2MIN
DY MAX MIN AVG DEP HDD CDD  WTR  SNW DPTH SPD SPD DIR MIN PSBL S-S WX    SPD DR
================================================================================

 1  81  66  74   M   0   9    M    M    M  5.3 12 250   M    M   7 28      M   M
 2  86  68  77   M   0  12    M    M    M  6.0 13 170   M    M   4 18      M   M
 3  90  68  79   M   0  14    M    M    M  8.4 22  40   M    M   1 8      23  40
 4  90  66  78   M   0  13    M    M    M  5.3  9  90   M    M   0        16  20
 5  91  64  78   M   0  13    M    M    M  8.1 17 170   M    M   1         M   M
 6  93  64  79   M   0  14    M    M    M  7.5 13  60   M    M   1        22  40
 7  90  63  77   M   0  12    M    M    M 10.6 18  70   M    M   0        23  60
 8  90  63  77   M   0  12    M    M    M  5.1  9 130   M    M   0         M   M
 9  91  61  76   M   0  11    M    M    M  6.5 10 120   M    M   0        22 190
10  90  64  77   M   0  12    M    M    M  9.6 16  70   M    M   2        28  60
11  72  57  65   M   0   0 0.83    M    M 10.5 24  20   M    M   5 1      23  30
12  86  63  75   M   0  10    M    M    M  7.6 14 190   M    M   0        17 210
13  90  63  77   M   0  12    M    M    M  9.3 17 150   M    M   1        23 180
14  86  66  76   M   0  11 0.18    M    M 12.7 22 210   M    M   2 1      35 210
15  88  64  76   M   0  11    M    M    M 11.6 18 180   M    M   1 8      24 180
16  91  66  79   M   0  14    M    M    M 12.9 18 170   M    M   2        21 180
17  91  66  79   M   0  14    M    M    M 13.7 18 190   M    M   0        24 160
18  91  64  78   M   0  13    M    M    M 12.3 24 180   M    M   2        30 180
19  90  66  78   M   0  13    M    M    M 11.6 18 160   M    M   2        25 180
20  91  66  79   M   0  14    M    M    M 11.1 17 180   M    M   2        23 190
21  91  64  78   M   0  13    M    M    M 10.1 18 180   M    M   0        24 180
22  88  63  76   M   0  11    M    M    M  7.4 15 360   M    M   1        17 120
23  90  61  76   M   0  11    M    M    M 10.5 20 180   M    M   0        29 180
24  93  61  77   M   0  12    M    M    M  7.8 16 190   M    M   0        20 190
25  88  63  76   M   0  11 0.10    M    M  6.3 10  60   M    M   3        39  70
26  82  57  70   M   0   5    M    M    M  9.2 16 110   M    M   0        20 120
27  86  57  72   M   0   7    M    M    M  7.7 16 220   M    M   1        21 200
================================================================================
SM 2386 1714         0 304  1.11    M    244.7          M       38
================================================================================
AV 88.4 63.5                               9.1 FASTST   M    M   1    MAX(MPH)
                                 MISC ---->  # 24  20                 39  70
================================================================================
NOTES:
# LAST OF SEVERAL OCCURRENCES

COLUMN 17 PEAK WIND IN M.P.H.

PRELIMINARY LOCAL CLIMATOLOGICAL DATA (WS FORM: F-6) , PAGE 2

                                          STATION:   LAMESA MUNICIPAL AIRPORT
                                          MONTH:     SEPTEMBER
                                          YEAR:      2022
                                          LATITUDE:   32 45 N
                                          LONGITUDE: 101-55 E

[TEMPERATURE DATA]      [PRECIPITATION DATA]       SYMBOLS USED IN COLUMN 16

AVERAGE MONTHLY: 75.9   TOTAL FOR MONTH:   1.11    1 = FOG OR MIST
DPTR FM NORMAL:   0.0   DPTR FM NORMAL:    1.11    2 = FOG REDUCING VISIBILITY
HIGHEST:    93 ON 24, 6  GRTST 24HR  0.83 ON 11-11      TO 1/4 MILE OR LESS
LOWEST:     57 ON 27,26                             3 = THUNDER
                        SNOW, ICE PELLETS, HAIL    4 = ICE PELLETS
                        TOTAL MONTH:  M            5 = HAIL
                        GRTST 24HR    M  ON   M    6 = FREEZING RAIN OR DRIZZLE
                        GRTST DEPTH:  M  ON   M    7 = DUSTSTORM OR SANDSTORM:
                                                       VSBY 1/2 MILE OR LESS
                                                   8 = SMOKE OR HAZE
[NO. OF DAYS WITH]      [WEATHER - DAYS WITH]      9 = BLOWING SNOW
                                                   X = TORNADO
MAX 32 OR BELOW:   0    0.01 INCH OR MORE:   3
MAX 90 OR ABOVE:  17    0.10 INCH OR MORE:   2
MIN 32 OR BELOW:   0    0.50 INCH OR MORE:   1
MIN  0 OR BELOW:   0    1.00 INCH OR MORE:   0

[HDD (BASE 65) ]
TOTAL THIS MO.     0    CLEAR  (SCALE 0-3)  24
DPTR FM NORMAL     M    PTCLDY (SCALE 4-7)   3
TOTAL FM JUL 1     0    CLOUDY (SCALE 8-10)  0
DPTR FM NORMAL     M

[CDD (BASE 65) ]
TOTAL THIS MO.   304
DPTR FM NORMAL     M    [PRESSURE DATA]
TOTAL FM JAN 1  2523    HIGHEST SLP M ON M
DPTR FM NORMAL     M    LOWEST  SLP M ON M

[REMARKS]
